{"id":274,"date":"2014-11-06T17:17:20","date_gmt":"2014-11-06T16:17:20","guid":{"rendered":"http:\/\/lausitzer-museenland.de\/?page_id=274"},"modified":"2023-01-02T09:11:06","modified_gmt":"2023-01-02T08:11:06","slug":"aktuell","status":"publish","type":"page","link":"http:\/\/www.lausitzer-museenland.de\/pl\/aktualny\/","title":{"rendered":"Aktualna strona"},"content":{"rendered":"<ul style=\"list-style-type: square;\">\n<li><a href=\"https:\/\/www.lausitzer-museenland.de\/?p=54104\" target=\"_blank\" rel=\"noopener\">S\u0141OWNIK niemiecko-serbski<\/a><\/li>\n<li><a href=\"https:\/\/www.lausitzer-museenland.de\/ausleihbare-ausstellungen-im-Lausitzer-museenland\/\" target=\"_blank\" rel=\"noopener noreferrer\">WYSTAWY HIKULARNE wypo\u017cyczone w Muzeum Ziemi \u0141u\u017cyckiej<\/a><\/li>\n<li><a href=\"https:\/\/www.lausitzer-museenland.de\/antrag-zur-foerderung-musealer-einrichtungen-im-landkreis-spree-neisse\/\">WNIOSEK o promocj\u0119 plac\u00f3wek muzealnych w powiecie Sprewa-Nysa<\/a><\/li>\n<li><a href=\"https:\/\/www.lausitzer-museenland.de\/?p=54029\" target=\"_blank\" rel=\"noopener\">WNIOSEK o przyznanie dotacji na dzia\u0142alno\u015b\u0107 kulturaln\u0105 i artystyczn\u0105<\/a><\/li>\n<li><a href=\"https:\/\/www.lausitzer-museenland.de\/museumsleiterin-zu-gast-beim-bundespraesidenten\/\">Dyrektor muzeum go\u015bciem prezydenta federalnego<\/a><\/li>\n<li><a href=\"https:\/\/www.lausitzer-museenland.de\/wp-content\/uploads\/2022\/09\/Museeumbroschuere-2022_web.pdf\" target=\"_blank\" rel=\"noopener\">BROCHURA \"Muzeum Okna Sklepowego<\/a><\/li>\n<\/ul>","protected":false},"excerpt":{"rendered":"<p>S\u0141OWNIK niemiecko-serbski WYSTAWY \u0141U\u017bYCKIE w \u0141u\u017cyckiej Krainie Muze\u00f3w WNIOSEK o promocj\u0119 plac\u00f3wek muzealnych w powiecie Spree-Nei\u00dfe WNIOSEK o dotacj\u0119 na promocj\u0119 oferty kulturalnej i artystycznej Dyrektor muzeum go\u015bciem prezydenta federalnego BROCHURA \"Schaufenster Museum\" (witryna sklepowa muzeum)<\/p>","protected":false},"author":13,"featured_media":4145,"parent":0,"menu_order":0,"comment_status":"closed","ping_status":"closed","template":"","meta":[],"_links":{"self":[{"href":"http:\/\/www.lausitzer-museenland.de\/pl\/wp-json\/wp\/v2\/pages\/274"}],"collection":[{"href":"http:\/\/www.lausitzer-museenland.de\/pl\/wp-json\/wp\/v2\/pages"}],"about":[{"href":"http:\/\/www.lausitzer-museenland.de\/pl\/wp-json\/wp\/v2\/types\/page"}],"author":[{"embeddable":true,"href":"http:\/\/www.lausitzer-museenland.de\/pl\/wp-json\/wp\/v2\/users\/13"}],"replies":[{"embeddable":true,"href":"http:\/\/www.lausitzer-museenland.de\/pl\/wp-json\/wp\/v2\/comments?post=274"}],"version-history":[{"count":39,"href":"http:\/\/www.lausitzer-museenland.de\/pl\/wp-json\/wp\/v2\/pages\/274\/revisions"}],"predecessor-version":[{"id":54387,"href":"http:\/\/www.lausitzer-museenland.de\/pl\/wp-json\/wp\/v2\/pages\/274\/revisions\/54387"}],"wp:featuredmedia":[{"embeddable":true,"href":"http:\/\/www.lausitzer-museenland.de\/pl\/wp-json\/wp\/v2\/media\/4145"}],"wp:attachment":[{"href":"http:\/\/www.lausitzer-museenland.de\/pl\/wp-json\/wp\/v2\/media?parent=274"}],"curies":[{"name":"wp","href":"https:\/\/api.w.org\/{rel}","templated":true}]}}

<ul style="list-style-type: square;">
<li><a href="https://www.lausitzer-museenland.de/?p=54104" target="_blank" rel="noopener">SŁOWNIK niemiecko-serbski</a></li>
<li><a href="https://www.lausitzer-museenland.de/ausleihbare-ausstellungen-im-Lausitzer-museenland/" target="_blank" rel="noopener noreferrer">WYSTAWY HIKULARNE wypożyczone w Muzeum Ziemi Łużyckiej</a></li>
<li><a href="https://www.lausitzer-museenland.de/antrag-zur-foerderung-musealer-einrichtungen-im-landkreis-spree-neisse/">WNIOSEK o promocję placówek muzealnych w powiecie Sprewa-Nysa</a></li>
<li><a href="https://www.lausitzer-museenland.de/?p=54029" target="_blank" rel="noopener">WNIOSEK o przyznanie dotacji na działalność kulturalną i artystyczną</a></li>
<li><a href="https://www.lausitzer-museenland.de/museumsleiterin-zu-gast-beim-bundespraesidenten/">Dyrektor muzeum gościem prezydenta federalnego</a></li>
<li><a href="https://www.lausitzer-museenland.de/wp-content/uploads/2022/09/Museeumbroschuere-2022_web.pdf" target="_blank" rel="noopener">BROCHURA "Muzeum Okna Sklepowego</a></li>
</ul>

<p>SŁOWNIK niemiecko-serbski WYSTAWY ŁUŻYCKIE w Łużyckiej Krainie Muzeów WNIOSEK o promocję placówek muzealnych w powiecie Spree-Neiße WNIOSEK o dotację na promocję oferty kulturalnej i artystycznej Dyrektor muzeum gościem prezydenta federalnego BROCHURA "Schaufenster Museum" (witryna sklepowa muzeum)</p>
