{"id":394,"date":"2014-11-12T10:36:13","date_gmt":"2014-11-12T09:36:13","guid":{"rendered":"http:\/\/lausitzer-museenland.de\/?page_id=394"},"modified":"2016-06-09T09:53:37","modified_gmt":"2016-06-09T08:53:37","slug":"der-weg-vom-korn-zum-mehl","status":"publish","type":"page","link":"https:\/\/www.lausitzer-museenland.de\/cs\/sluzba\/kobi\/cesta-od-zrna-k-mouce\/","title":{"rendered":"Cesta od zrna k mouce ve vodn\u00edm ml\u00fdn\u011b v No\u00dfdorfu"},"content":{"rendered":"<p>Vodn\u00ed ml\u00fdn v No\u00dfdorfu, kter\u00fd je poprv\u00e9 zmi\u0148ov\u00e1n v roce 1624, je zaj\u00edmav\u00fdm v\u00fdletn\u00edm c\u00edlem. V pr\u016fb\u011bhu stalet\u00ed jej provozovaly r\u016fzn\u00e9 rodiny. V roce 1975 byl provoz ml\u00fdna z ekonomick\u00fdch d\u016fvod\u016f ukon\u010den. V roce 1990 byl ml\u00fdn zaps\u00e1n na seznam historick\u00fdch pam\u00e1tek a v roce 1993 byl otev\u0159en ve\u0159ejnosti jako technick\u00e9 muzeum.<\/p>\n<p>Za\u0159\u00edzen\u00ed ml\u00fdna slou\u017e\u00ed k ilustraci cesty od zrna k jemn\u00e9 mouce a tvrd\u00e9 pr\u00e1ce mlyn\u00e1\u0159e.<br \/>\nNab\u00eddka se kon\u00e1 v interi\u00e9ru i exteri\u00e9ru a je zam\u011b\u0159ena na.<br \/>\n\u017d\u00e1ci 1. a\u017e 10. t\u0159\u00eddy.<br \/>\nTerm\u00edny: dle dohody<br \/>\nP\u0159edb\u011b\u017en\u00e1 registrace: alespo\u0148 2 t\u00fddny p\u0159edem<br \/>\nVstupn\u00e9 na osobu: 1,00 \u20ac<\/p>\n<p><a title=\"Vodn\u00ed ml\u00fdn Lossdorf\" href=\"\/museen\/nossdorfer-wassermuehle\/\">Vodn\u00ed ml\u00fdn Lossdorf<\/a><\/p>","protected":false},"excerpt":{"rendered":"<p>Vodn\u00ed ml\u00fdn v No\u00dfdorfu, o n\u011bm\u017e je prvn\u00ed zm\u00ednka z roku 1624, je zaj\u00edmav\u00fdm v\u00fdletn\u00edm c\u00edlem. V pr\u016fb\u011bhu stalet\u00ed jej provozovaly r\u016fzn\u00e9 rodiny. V roce 1975 byl provoz ml\u00fdna z ekonomick\u00fdch d\u016fvod\u016f ukon\u010den. V roce 1990 byl ml\u00fdn prohl\u00e1\u0161en za pam\u00e1tkov\u011b chr\u00e1n\u011bnou budovu a v roce 1993 byl otev\u0159en ve\u0159ejnosti jako technick\u00e9 muzeum. Pomoc\u00ed za\u0159\u00edzen\u00ed v ml\u00fdn\u011b je mo\u017en\u00e9<\/p>","protected":false},"author":13,"featured_media":0,"parent":380,"menu_order":0,"comment_status":"closed","ping_status":"closed","template":"","meta":[],"_links":{"self":[{"href":"https:\/\/www.lausitzer-museenland.de\/cs\/wp-json\/wp\/v2\/pages\/394"}],"collection":[{"href":"https:\/\/www.lausitzer-museenland.de\/cs\/wp-json\/wp\/v2\/pages"}],"about":[{"href":"https:\/\/www.lausitzer-museenland.de\/cs\/wp-json\/wp\/v2\/types\/page"}],"author":[{"embeddable":true,"href":"https:\/\/www.lausitzer-museenland.de\/cs\/wp-json\/wp\/v2\/users\/13"}],"replies":[{"embeddable":true,"href":"https:\/\/www.lausitzer-museenland.de\/cs\/wp-json\/wp\/v2\/comments?post=394"}],"version-history":[{"count":7,"href":"https:\/\/www.lausitzer-museenland.de\/cs\/wp-json\/wp\/v2\/pages\/394\/revisions"}],"predecessor-version":[{"id":4658,"href":"https:\/\/www.lausitzer-museenland.de\/cs\/wp-json\/wp\/v2\/pages\/394\/revisions\/4658"}],"up":[{"embeddable":true,"href":"https:\/\/www.lausitzer-museenland.de\/cs\/wp-json\/wp\/v2\/pages\/380"}],"wp:attachment":[{"href":"https:\/\/www.lausitzer-museenland.de\/cs\/wp-json\/wp\/v2\/media?parent=394"}],"curies":[{"name":"wp","href":"https:\/\/api.w.org\/{rel}","templated":true}]}}

Cesta od zrna k mouce ve vodním mlýně v Noßdorfu

<p>Vodní mlýn v Noßdorfu, který je poprvé zmiňován v roce 1624, je zajímavým výletním cílem. V průběhu staletí jej provozovaly různé rodiny. V roce 1975 byl provoz mlýna z ekonomických důvodů ukončen. V roce 1990 byl mlýn zapsán na seznam historických památek a v roce 1993 byl otevřen veřejnosti jako technické muzeum.</p>
<p>Zařízení mlýna slouží k ilustraci cesty od zrna k jemné mouce a tvrdé práce mlynáře.<br />
Nabídka se koná v interiéru i exteriéru a je zaměřena na.<br />
Žáci 1. až 10. třídy.<br />
Termíny: dle dohody<br />
Předběžná registrace: alespoň 2 týdny předem<br />
Vstupné na osobu: 1,00 €</p>
<p><a title="Vodní mlýn Lossdorf" href="/museen/nossdorfer-wassermuehle/">Vodní mlýn Lossdorf</a></p>

<p>Vodní mlýn v Noßdorfu, o němž je první zmínka z roku 1624, je zajímavým výletním cílem. V průběhu staletí jej provozovaly různé rodiny. V roce 1975 byl provoz mlýna z ekonomických důvodů ukončen. V roce 1990 byl mlýn prohlášen za památkově chráněnou budovu a v roce 1993 byl otevřen veřejnosti jako technické muzeum. Pomocí zařízení v mlýně je možné</p>
