{"id":4131,"date":"2017-09-28T09:30:28","date_gmt":"2017-09-28T08:30:28","guid":{"rendered":"http:\/\/lausitzer-museenland.de\/?page_id=4131"},"modified":"2026-02-24T09:49:25","modified_gmt":"2026-02-24T08:49:25","slug":"schloss-und-festung-senftenberg","status":"publish","type":"page","link":"https:\/\/www.lausitzer-museenland.de\/cs\/muzea\/zamek-a-tvrz-senftenberg\/","title":{"rendered":"Hrad a pevnost Senftenberg \/ Grod a twardnica Z\u0142y Komorow"},"content":{"rendered":"<p><a href=\"https:\/\/www.lausitzer-museenland.de\/wp-content\/uploads\/2016\/01\/schloss_senftenberg.jpg\"><img loading=\"lazy\" class=\"aligncenter size-full wp-image-4222\" src=\"https:\/\/www.lausitzer-museenland.de\/wp-content\/uploads\/2016\/01\/schloss_senftenberg.jpg\" alt=\"castle_senftenberg\" width=\"708\" height=\"398\" \/><\/a><\/p>\n\n<h3 class=\"tiny_p\"><strong>Dobyt\u00ed sask\u00e9 pevnosti v Braniborsku!<\/strong><\/h3>\n<h3>Situace budovy \/ pozemku<\/h3>\n<div>P\u016fsobiv\u00fd komplex hradu a pevnosti byl postaven v 16. stolet\u00ed k zabezpe\u010den\u00ed sask\u00e9 hranice na z\u00e1kladech st\u0159edov\u011bk\u00e9ho hradu. Dnes je to jedin\u00e9 dochovan\u00e9 opevn\u011bn\u00ed v N\u011bmecku, kter\u00e9 je obehn\u00e1no tak mohutnou hlin\u011bnou zd\u00ed. P\u0159i prohl\u00eddce pevnosti objev\u00edte tajn\u00e9 chodby, prach\u00e1rnu a d\u016fmysln\u011b napl\u00e1novan\u00fd pevnostn\u00ed port\u00e1l, kter\u00fd nebylo mo\u017en\u00e9 tak snadno dob\u00fdt.<\/div>\n<h3>Charakteristika<\/h3>\n<div>Ji\u017e v\u00edce ne\u017e 100 let je hrad s\u00eddlem muzea, jeho\u017e modern\u00ed expozice l\u00e1kaj\u00ed n\u00e1v\u0161t\u011bvn\u00edky na nev\u0161edn\u00ed cestu do regionu. Je zde mnoho zaj\u00edmavost\u00ed od n\u00e1dhery sask\u00fdch \u010das\u016f v dne\u0161n\u00edm Braniborsku a rozkv\u011btu pevnosti, p\u0159es hornick\u00e9 tradice Lu\u017eice nebo historii mal\u00e9ho m\u011bsta a\u017e po modern\u00ed um\u011bn\u00ed. Mezi expon\u00e1ty je nejstar\u0161\u00ed hasi\u010dsk\u00fd sbor v Senftenbergu, lu\u017eickosrbsk\u00e1 selsk\u00e1 sv\u011btnice, vz\u00e1cn\u00fd c\u00edrkevn\u00ed invent\u00e1\u0159 a nejv\u011bt\u0161\u00ed vina\u0159sk\u00fd lis v regionu.<br \/>\nNejneobvyklej\u0161\u00ed m\u00edsto na hrad\u011b Senftenberg vede \"do podzem\u00ed\" do v\u00fdstavn\u00edho dolu. Zde se m\u016f\u017eete pono\u0159it do doby po\u010d\u00e1tk\u016f hornictv\u00ed v Lu\u017eici, kdy byly uvedeny do provozu prvn\u00ed uheln\u00e9 doly a ze zem\u011bd\u011blc\u016f se stali horn\u00edci.<\/div>\n<p>&nbsp;<\/p>\n<h3>Speci\u00e1ln\u00ed v\u00fdstavy \/ doprovodn\u00e9 nab\u00eddky<a id=\"austellungen_am_proschim\"><\/a><\/h3>\n<div>Najdete zde nab\u00eddky pro \u0161kolky, \u0161koly a rodiny. <a href=\"https:\/\/museums-entdecker.de\/home\/fuer-schulen-kindergaerten\/\" target=\"_blank\" rel=\"noopener\">zde<\/a>.<\/div>\n<div>Najdete zde speci\u00e1ln\u00ed v\u00fdstavy <a href=\"https:\/\/museums-entdecker.de\/kalender-museum\/\" target=\"_blank\" rel=\"noopener\">zde<\/a>.<\/div>","protected":false},"excerpt":{"rendered":"<p>Dobyt\u00ed sask\u00e9 pevnosti v Braniborsku! Stavba \/ situace na m\u00edst\u011b P\u016fsobiv\u00fd komplex hradu a pevnosti byl postaven v 16. stolet\u00ed k zabezpe\u010den\u00ed sask\u00e9 hranice na z\u00e1kladech st\u0159edov\u011bk\u00e9ho hradu. Dnes je to jedin\u00e9 dochovan\u00e9 opevn\u011bn\u00ed v N\u011bmecku, kter\u00e9 je obehn\u00e1no tak mohutnou hlin\u011bnou zd\u00ed. P\u0159i prohl\u00eddce pevnosti objev\u00edte tajn\u00e9 chodby, Pra\u0161nou v\u011b\u017e a pevnostn\u00ed v\u011b\u017e.<\/p>","protected":false},"author":13,"featured_media":0,"parent":113,"menu_order":0,"comment_status":"closed","ping_status":"closed","template":"","meta":[],"_links":{"self":[{"href":"https:\/\/www.lausitzer-museenland.de\/cs\/wp-json\/wp\/v2\/pages\/4131"}],"collection":[{"href":"https:\/\/www.lausitzer-museenland.de\/cs\/wp-json\/wp\/v2\/pages"}],"about":[{"href":"https:\/\/www.lausitzer-museenland.de\/cs\/wp-json\/wp\/v2\/types\/page"}],"author":[{"embeddable":true,"href":"https:\/\/www.lausitzer-museenland.de\/cs\/wp-json\/wp\/v2\/users\/13"}],"replies":[{"embeddable":true,"href":"https:\/\/www.lausitzer-museenland.de\/cs\/wp-json\/wp\/v2\/comments?post=4131"}],"version-history":[{"count":13,"href":"https:\/\/www.lausitzer-museenland.de\/cs\/wp-json\/wp\/v2\/pages\/4131\/revisions"}],"predecessor-version":[{"id":55950,"href":"https:\/\/www.lausitzer-museenland.de\/cs\/wp-json\/wp\/v2\/pages\/4131\/revisions\/55950"}],"up":[{"embeddable":true,"href":"https:\/\/www.lausitzer-museenland.de\/cs\/wp-json\/wp\/v2\/pages\/113"}],"wp:attachment":[{"href":"https:\/\/www.lausitzer-museenland.de\/cs\/wp-json\/wp\/v2\/media?parent=4131"}],"curies":[{"name":"wp","href":"https:\/\/api.w.org\/{rel}","templated":true}]}}

Hrad a pevnost Senftenberg / Grod a twardnica Zły Komorow

<p><a href="https://www.lausitzer-museenland.de/wp-content/uploads/2016/01/schloss_senftenberg.jpg"><img loading="lazy" class="aligncenter size-full wp-image-4222" src="https://www.lausitzer-museenland.de/wp-content/uploads/2016/01/schloss_senftenberg.jpg" alt="castle_senftenberg" width="708" height="398" /></a></p>

<h3 class="tiny_p"><strong>Dobytí saské pevnosti v Braniborsku!</strong></h3>
<h3>Situace budovy / pozemku</h3>
<div>Působivý komplex hradu a pevnosti byl postaven v 16. století k zabezpečení saské hranice na základech středověkého hradu. Dnes je to jediné dochované opevnění v Německu, které je obehnáno tak mohutnou hliněnou zdí. Při prohlídce pevnosti objevíte tajné chodby, prachárnu a důmyslně naplánovaný pevnostní portál, který nebylo možné tak snadno dobýt.</div>
<h3>Charakteristika</h3>
<div>Již více než 100 let je hrad sídlem muzea, jehož moderní expozice lákají návštěvníky na nevšední cestu do regionu. Je zde mnoho zajímavostí od nádhery saských časů v dnešním Braniborsku a rozkvětu pevnosti, přes hornické tradice Lužice nebo historii malého města až po moderní umění. Mezi exponáty je nejstarší hasičský sbor v Senftenbergu, lužickosrbská selská světnice, vzácný církevní inventář a největší vinařský lis v regionu.<br />
Nejneobvyklejší místo na hradě Senftenberg vede "do podzemí" do výstavního dolu. Zde se můžete ponořit do doby počátků hornictví v Lužici, kdy byly uvedeny do provozu první uhelné doly a ze zemědělců se stali horníci.</div>
<p>&nbsp;</p>
<h3>Speciální výstavy / doprovodné nabídky<a id="austellungen_am_proschim"></a></h3>
<div>Najdete zde nabídky pro školky, školy a rodiny. <a href="https://museums-entdecker.de/home/fuer-schulen-kindergaerten/" target="_blank" rel="noopener">zde</a>.</div>
<div>Najdete zde speciální výstavy <a href="https://museums-entdecker.de/kalender-museum/" target="_blank" rel="noopener">zde</a>.</div>

<p>Dobytí saské pevnosti v Braniborsku! Stavba / situace na místě Působivý komplex hradu a pevnosti byl postaven v 16. století k zabezpečení saské hranice na základech středověkého hradu. Dnes je to jediné dochované opevnění v Německu, které je obehnáno tak mohutnou hliněnou zdí. Při prohlídce pevnosti objevíte tajné chodby, Prašnou věž a pevnostní věž.</p>
