{"id":432,"date":"2014-11-12T11:14:08","date_gmt":"2014-11-12T10:14:08","guid":{"rendered":"http:\/\/lausitzer-museenland.de\/?page_id=432"},"modified":"2014-12-17T18:00:22","modified_gmt":"2014-12-17T17:00:22","slug":"waschtag","status":"publish","type":"page","link":"https:\/\/www.lausitzer-museenland.de\/cs\/sluzba\/kobi\/washday\/","title":{"rendered":"Den pran\u00ed v Muzeu Dolnolu\u017eick\u00e9ho v\u0159esovi\u0161t\u011b ve Sprembergu"},"content":{"rendered":"<p>D\u00edky zinkov\u00e9 van\u011b, pra\u010dce a pr\u00e1deln\u00ed \u0161\u0148\u016f\u0159e se na zahrad\u011b statku op\u011bt \u010dist\u00ed velk\u00e9 i mal\u00e9 pr\u00e1dlo. Dozv\u00edte se zde mnoho o tom, co musely pradleny d\u011blat a jak n\u00e1ro\u010dn\u00e1 byla p\u00e9\u010de o pr\u00e1dlo.<\/p>\n<p>Program prob\u00edh\u00e1 venku a je ur\u010den pro \u017e\u00e1ky 1. a\u017e 5. t\u0159\u00eddy.<br \/>\nVelikost skupiny: 5 a\u017e 20 osob<br \/>\nTerm\u00edny: dle dohody<br \/>\nP\u0159edb\u011b\u017en\u00e1 registrace: nejpozd\u011bji 5 dn\u00ed p\u0159edem<br \/>\nDoba trv\u00e1n\u00ed: p\u0159ibli\u017en\u011b 1,5 hodiny<br \/>\nVstupn\u00e9 na osobu: 2,00 \u20ac<\/p>\n<p>Pozn\u00e1mky:<br \/>\nV p\u0159\u00edpad\u011b v\u011bt\u0161\u00edho po\u010dtu \u017e\u00e1k\u016f je nutn\u00e9 t\u0159\u00eddu rozd\u011blit. Proto si pros\u00edm vyhra\u010fte o 1\/2 hodiny v\u00edce \u010dasu.<\/p>\n<p><a title=\"Niederlausitzer Heidemuseum Spremberg \/ Dolno\u0142u\u017eyski g\u00f3la\u0144ski muzej Grodk\" href=\"\/museen\/niederlausitzer-heidemuseum-spremberg\/\">Muzeum Dolnolu\u017eick\u00e9ho v\u0159esovi\u0161t\u011b Spremberg<\/a><\/p>","protected":false},"excerpt":{"rendered":"<p>D\u00edky zinkov\u00e9 van\u011b, pra\u010dce a pr\u00e1deln\u00ed \u0161\u0148\u016f\u0159e se na zahrad\u011b statku op\u011bt \u010dist\u00ed velk\u00e9 i mal\u00e9 pr\u00e1dlo. Dozv\u00edte se zde mnoho o tom, co musely pradleny d\u011blat a jak obt\u00ed\u017en\u00e9 bylo starat se o pr\u00e1dlo. Aktivita se kon\u00e1 venku a je ur\u010dena pro \u017e\u00e1ky 1. a\u017e 5. t\u0159\u00eddy. Velikost skupiny: 5 a\u017e 20 osob Term\u00edn: dle dohody<\/p>","protected":false},"author":13,"featured_media":0,"parent":380,"menu_order":0,"comment_status":"closed","ping_status":"closed","template":"","meta":[],"_links":{"self":[{"href":"https:\/\/www.lausitzer-museenland.de\/cs\/wp-json\/wp\/v2\/pages\/432"}],"collection":[{"href":"https:\/\/www.lausitzer-museenland.de\/cs\/wp-json\/wp\/v2\/pages"}],"about":[{"href":"https:\/\/www.lausitzer-museenland.de\/cs\/wp-json\/wp\/v2\/types\/page"}],"author":[{"embeddable":true,"href":"https:\/\/www.lausitzer-museenland.de\/cs\/wp-json\/wp\/v2\/users\/13"}],"replies":[{"embeddable":true,"href":"https:\/\/www.lausitzer-museenland.de\/cs\/wp-json\/wp\/v2\/comments?post=432"}],"version-history":[{"count":6,"href":"https:\/\/www.lausitzer-museenland.de\/cs\/wp-json\/wp\/v2\/pages\/432\/revisions"}],"predecessor-version":[{"id":3669,"href":"https:\/\/www.lausitzer-museenland.de\/cs\/wp-json\/wp\/v2\/pages\/432\/revisions\/3669"}],"up":[{"embeddable":true,"href":"https:\/\/www.lausitzer-museenland.de\/cs\/wp-json\/wp\/v2\/pages\/380"}],"wp:attachment":[{"href":"https:\/\/www.lausitzer-museenland.de\/cs\/wp-json\/wp\/v2\/media?parent=432"}],"curies":[{"name":"wp","href":"https:\/\/api.w.org\/{rel}","templated":true}]}}

Den praní v Muzeu Dolnolužického vřesoviště ve Sprembergu

<p>Díky zinkové vaně, pračce a prádelní šňůře se na zahradě statku opět čistí velké i malé prádlo. Dozvíte se zde mnoho o tom, co musely pradleny dělat a jak náročná byla péče o prádlo.</p>
<p>Program probíhá venku a je určen pro žáky 1. až 5. třídy.<br />
Velikost skupiny: 5 až 20 osob<br />
Termíny: dle dohody<br />
Předběžná registrace: nejpozději 5 dní předem<br />
Doba trvání: přibližně 1,5 hodiny<br />
Vstupné na osobu: 2,00 €</p>
<p>Poznámky:<br />
V případě většího počtu žáků je nutné třídu rozdělit. Proto si prosím vyhraďte o 1/2 hodiny více času.</p>
<p><a title="Niederlausitzer Heidemuseum Spremberg / Dolnołužyski gólański muzej Grodk" href="/museen/niederlausitzer-heidemuseum-spremberg/">Muzeum Dolnolužického vřesoviště Spremberg</a></p>

<p>Díky zinkové vaně, pračce a prádelní šňůře se na zahradě statku opět čistí velké i malé prádlo. Dozvíte se zde mnoho o tom, co musely pradleny dělat a jak obtížné bylo starat se o prádlo. Aktivita se koná venku a je určena pro žáky 1. až 5. třídy. Velikost skupiny: 5 až 20 osob Termín: dle dohody</p>
