{"id":434,"date":"2014-11-12T11:15:49","date_gmt":"2014-11-12T10:15:49","guid":{"rendered":"http:\/\/lausitzer-museenland.de\/?page_id=434"},"modified":"2014-12-17T18:01:42","modified_gmt":"2014-12-17T17:01:42","slug":"industriegeschichte-zwischen-kohle-und-glas","status":"publish","type":"page","link":"https:\/\/www.lausitzer-museenland.de\/cs\/sluzba\/kobi\/prumyslova-historie-mezi-uhlim-a-sklem\/","title":{"rendered":"Pr\u016fmyslov\u00e1 historie mezi uhl\u00edm a sklem ve Welzowsk\u00e9m vlastiv\u011bdn\u00e9m muzeu"},"content":{"rendered":"<p>Heimatverein Welzow e. V. se prost\u0159ednictv\u00edm Heimatstube sna\u017e\u00ed dokumentovat historii m\u011bsta Welzow prost\u0159ednictv\u00edm muzejn\u00edch expon\u00e1t\u016f na r\u016fzn\u00e1 t\u00e9mata. V\u00fdstava je zam\u011b\u0159ena p\u0159edev\u0161\u00edm na uheln\u00fd a skl\u00e1\u0159sk\u00fd pr\u016fmysl, historii \u0161kol a spolk\u016f.<\/p>\n<p>Nab\u00eddka prob\u00edh\u00e1 v interi\u00e9ru a je ur\u010dena d\u011btem p\u0159ed\u0161koln\u00edho v\u011bku a\u017e do 10. t\u0159\u00eddy.<br \/>\nTerm\u00edny: dle dohody<br \/>\nP\u0159edb\u011b\u017en\u00e1 registrace: nejpozd\u011bji dva t\u00fddny p\u0159edem<\/p>\n<p><a title=\"Heimatstube Welzow \/ Domowniska \u015bpa Wjelcej\" href=\"\/museen\/heimatstube-welzow\/\">M\u00edstnost m\u00edstn\u00ed historie Welzow<\/a><\/p>","protected":false},"excerpt":{"rendered":"<p>Heimatverein Welzow e. V. se prost\u0159ednictv\u00edm Heimatstube sna\u017e\u00ed dokumentovat historii m\u011bsta Welzow prost\u0159ednictv\u00edm muzejn\u00edch expon\u00e1t\u016f na r\u016fzn\u00e1 t\u00e9mata. V\u00fdstava je zam\u011b\u0159ena p\u0159edev\u0161\u00edm na uheln\u00fd a skl\u00e1\u0159sk\u00fd pr\u016fmysl, historii \u0161kol a spolk\u016f. Program prob\u00edh\u00e1 v interi\u00e9ru a je ur\u010den pro d\u011bti p\u0159ed\u0161koln\u00edho v\u011bku a\u017e do 10. t\u0159\u00eddy. Term\u00edny: dle dohody P\u0159edb\u011b\u017en\u00e9 p\u0159ihl\u00e1\u0161en\u00ed:<\/p>","protected":false},"author":13,"featured_media":0,"parent":380,"menu_order":0,"comment_status":"closed","ping_status":"closed","template":"","meta":[],"_links":{"self":[{"href":"https:\/\/www.lausitzer-museenland.de\/cs\/wp-json\/wp\/v2\/pages\/434"}],"collection":[{"href":"https:\/\/www.lausitzer-museenland.de\/cs\/wp-json\/wp\/v2\/pages"}],"about":[{"href":"https:\/\/www.lausitzer-museenland.de\/cs\/wp-json\/wp\/v2\/types\/page"}],"author":[{"embeddable":true,"href":"https:\/\/www.lausitzer-museenland.de\/cs\/wp-json\/wp\/v2\/users\/13"}],"replies":[{"embeddable":true,"href":"https:\/\/www.lausitzer-museenland.de\/cs\/wp-json\/wp\/v2\/comments?post=434"}],"version-history":[{"count":7,"href":"https:\/\/www.lausitzer-museenland.de\/cs\/wp-json\/wp\/v2\/pages\/434\/revisions"}],"predecessor-version":[{"id":3671,"href":"https:\/\/www.lausitzer-museenland.de\/cs\/wp-json\/wp\/v2\/pages\/434\/revisions\/3671"}],"up":[{"embeddable":true,"href":"https:\/\/www.lausitzer-museenland.de\/cs\/wp-json\/wp\/v2\/pages\/380"}],"wp:attachment":[{"href":"https:\/\/www.lausitzer-museenland.de\/cs\/wp-json\/wp\/v2\/media?parent=434"}],"curies":[{"name":"wp","href":"https:\/\/api.w.org\/{rel}","templated":true}]}}

Průmyslová historie mezi uhlím a sklem ve Welzowském vlastivědném muzeu

<p>Heimatverein Welzow e. V. se prostřednictvím Heimatstube snaží dokumentovat historii města Welzow prostřednictvím muzejních exponátů na různá témata. Výstava je zaměřena především na uhelný a sklářský průmysl, historii škol a spolků.</p>
<p>Nabídka probíhá v interiéru a je určena dětem předškolního věku až do 10. třídy.<br />
Termíny: dle dohody<br />
Předběžná registrace: nejpozději dva týdny předem</p>
<p><a title="Heimatstube Welzow / Domowniska śpa Wjelcej" href="/museen/heimatstube-welzow/">Místnost místní historie Welzow</a></p>

<p>Heimatverein Welzow e. V. se prostřednictvím Heimatstube snaží dokumentovat historii města Welzow prostřednictvím muzejních exponátů na různá témata. Výstava je zaměřena především na uhelný a sklářský průmysl, historii škol a spolků. Program probíhá v interiéru a je určen pro děti předškolního věku až do 10. třídy. Termíny: dle dohody Předběžné přihlášení:</p>
