{"id":449,"date":"2014-11-12T11:24:15","date_gmt":"2014-11-12T10:24:15","guid":{"rendered":"http:\/\/lausitzer-museenland.de\/?page_id=449"},"modified":"2014-12-17T18:06:48","modified_gmt":"2014-12-17T17:06:48","slug":"aus-dem-tagebuch-der-erde","status":"publish","type":"page","link":"https:\/\/www.lausitzer-museenland.de\/cs\/sluzba\/kobi\/denik-ze-zeme\/","title":{"rendered":"Z den\u00edku Zem\u011b - Historick\u00fd v\u00fdvoj na\u0161\u00ed domovsk\u00e9 krajiny v Muzeu historie Gro\u00df K\u00f6lzig"},"content":{"rendered":"<p>P\u0159i prohl\u00eddce star\u00fdch dol\u016f se \u017e\u00e1ci dozv\u011bd\u00ed, jak uhl\u00ed vznikalo, za jak\u00fdch okolnost\u00ed se v minulosti t\u011b\u017eilo a pot\u00e9 dopravovalo do pr\u016fmyslov\u00fdch z\u00e1vod\u016f. Projekt je nab\u00edzen jako p\u011b\u0161\u00ed nebo cyklistick\u00fd v\u00fdlet.<\/p>\n<p>Program prob\u00edh\u00e1 venku a je ur\u010den pro \u017e\u00e1ky 7. a\u017e 10. t\u0159\u00eddy.<br \/>\nTerm\u00edny: dle dohody<br \/>\nP\u0159edb\u011b\u017en\u00e1 registrace: nejpozd\u011bji 5 dn\u00ed p\u0159edem<br \/>\nVstupn\u00e9 na osobu: po dohod\u011b<\/p>\n<p><a title=\"Heimatstube Gro\u00df K\u00f6lzig \/ Domowniska \u015bpa Wjeliki K\u00f3lsk\" href=\"\/museen\/heimatstube-gross-koelzig\/\">M\u00edstnost m\u00edstn\u00ed historie Gro\u00df K\u00f6lzig<\/a><\/p>","protected":false},"excerpt":{"rendered":"<p>P\u0159i prohl\u00eddce star\u00fdch dol\u016f se \u017e\u00e1ci dozv\u011bd\u00ed, jak uhl\u00ed vznikalo, za jak\u00fdch okolnost\u00ed se v minulosti t\u011b\u017eilo a pot\u00e9 dopravovalo do pr\u016fmyslov\u00fdch z\u00e1vod\u016f. Projekt je nab\u00edzen jako p\u011b\u0161\u00ed nebo cyklistick\u00fd v\u00fdlet. Nab\u00eddka se kon\u00e1 venku a je ur\u010dena \u017e\u00e1k\u016fm 7. a\u017e 10. t\u0159\u00edd. Term\u00edny: dle dohody P\u0159edb\u011b\u017en\u00e1 registrace: nejpozd\u011bji 5 dn\u00ed p\u0159edem.<\/p>","protected":false},"author":13,"featured_media":0,"parent":380,"menu_order":0,"comment_status":"closed","ping_status":"closed","template":"","meta":[],"_links":{"self":[{"href":"https:\/\/www.lausitzer-museenland.de\/cs\/wp-json\/wp\/v2\/pages\/449"}],"collection":[{"href":"https:\/\/www.lausitzer-museenland.de\/cs\/wp-json\/wp\/v2\/pages"}],"about":[{"href":"https:\/\/www.lausitzer-museenland.de\/cs\/wp-json\/wp\/v2\/types\/page"}],"author":[{"embeddable":true,"href":"https:\/\/www.lausitzer-museenland.de\/cs\/wp-json\/wp\/v2\/users\/13"}],"replies":[{"embeddable":true,"href":"https:\/\/www.lausitzer-museenland.de\/cs\/wp-json\/wp\/v2\/comments?post=449"}],"version-history":[{"count":7,"href":"https:\/\/www.lausitzer-museenland.de\/cs\/wp-json\/wp\/v2\/pages\/449\/revisions"}],"predecessor-version":[{"id":3675,"href":"https:\/\/www.lausitzer-museenland.de\/cs\/wp-json\/wp\/v2\/pages\/449\/revisions\/3675"}],"up":[{"embeddable":true,"href":"https:\/\/www.lausitzer-museenland.de\/cs\/wp-json\/wp\/v2\/pages\/380"}],"wp:attachment":[{"href":"https:\/\/www.lausitzer-museenland.de\/cs\/wp-json\/wp\/v2\/media?parent=449"}],"curies":[{"name":"wp","href":"https:\/\/api.w.org\/{rel}","templated":true}]}}

Z deníku Země - Historický vývoj naší domovské krajiny v Muzeu historie Groß Kölzig

<p>Při prohlídce starých dolů se žáci dozvědí, jak uhlí vznikalo, za jakých okolností se v minulosti těžilo a poté dopravovalo do průmyslových závodů. Projekt je nabízen jako pěší nebo cyklistický výlet.</p>
<p>Program probíhá venku a je určen pro žáky 7. až 10. třídy.<br />
Termíny: dle dohody<br />
Předběžná registrace: nejpozději 5 dní předem<br />
Vstupné na osobu: po dohodě</p>
<p><a title="Heimatstube Groß Kölzig / Domowniska śpa Wjeliki Kólsk" href="/museen/heimatstube-gross-koelzig/">Místnost místní historie Groß Kölzig</a></p>

<p>Při prohlídce starých dolů se žáci dozvědí, jak uhlí vznikalo, za jakých okolností se v minulosti těžilo a poté dopravovalo do průmyslových závodů. Projekt je nabízen jako pěší nebo cyklistický výlet. Nabídka se koná venku a je určena žákům 7. až 10. tříd. Termíny: dle dohody Předběžná registrace: nejpozději 5 dní předem.</p>
