{"id":454,"date":"2014-11-12T11:26:19","date_gmt":"2014-11-12T10:26:19","guid":{"rendered":"http:\/\/lausitzer-museenland.de\/?page_id=454"},"modified":"2014-12-17T18:08:38","modified_gmt":"2014-12-17T17:08:38","slug":"aus-alter-zeit-heimatsagen-und-spukgeschichten","status":"publish","type":"page","link":"https:\/\/www.lausitzer-museenland.de\/cs\/sluzba\/kobi\/old-time-homeland-saga-and-spook-stories\/","title":{"rendered":"Z d\u00e1vn\u00fdch \u010das\u016f - m\u00edstn\u00ed pov\u011bsti a stra\u0161ideln\u00e9 p\u0159\u00edb\u011bhy v m\u00edstnosti historie obce Gro\u00df K\u00f6lzig"},"content":{"rendered":"<p>V okol\u00ed Gro\u00df K\u00f6lzigu, stejn\u011b jako v cel\u00e9 Doln\u00ed Lu\u017eici, se odjak\u017eiva vypr\u00e1v\u011bj\u00ed legendy a p\u0159\u00edb\u011bhy. N\u011bkter\u00e1 m\u00edsta jsou toho dodnes sv\u011bdkem a \u017e\u00e1ci si je mohou prohl\u00e9dnout.<\/p>\n<p>Program prob\u00edh\u00e1 v interi\u00e9ru i exteri\u00e9ru a je ur\u010den pro \u017e\u00e1ky 1. a\u017e 7. t\u0159\u00eddy.<br \/>\nTerm\u00edny: dle dohody<br \/>\nP\u0159edb\u011b\u017en\u00e1 registrace: nejpozd\u011bji 5 dn\u00ed p\u0159edem<br \/>\nVelikost skupiny: 5 a\u017e 30 osob<br \/>\nVstupn\u00e9 na osobu: po dohod\u011b<\/p>\n<p><a title=\"Heimatstube Gro\u00df K\u00f6lzig \/ Domowniska \u015bpa Wjeliki K\u00f3lsk\" href=\"\/museen\/heimatstube-gross-koelzig\/\">M\u00edstnost m\u00edstn\u00ed historie Gro\u00df K\u00f6lzig<\/a><\/p>","protected":false},"excerpt":{"rendered":"<p>V okol\u00ed Gro\u00df K\u00f6lzigu, stejn\u011b jako v cel\u00e9 Doln\u00ed Lu\u017eici, se odjak\u017eiva vypr\u00e1v\u011bj\u00ed legendy a p\u0159\u00edb\u011bhy. N\u011bkter\u00e1 m\u00edsta jsou toho dodnes sv\u011bdkem a \u017e\u00e1ci si je mohou prohl\u00e9dnout. Program prob\u00edh\u00e1 v interi\u00e9ru i exteri\u00e9ru a je ur\u010den pro \u017e\u00e1ky 1. a\u017e 7. t\u0159\u00eddy. Term\u00edny: dle domluvy P\u0159edb\u011b\u017en\u00e1 registrace: alespo\u0148 5 dn\u00ed p\u0159edem Velikost skupiny:<\/p>","protected":false},"author":13,"featured_media":0,"parent":380,"menu_order":0,"comment_status":"closed","ping_status":"closed","template":"","meta":[],"_links":{"self":[{"href":"https:\/\/www.lausitzer-museenland.de\/cs\/wp-json\/wp\/v2\/pages\/454"}],"collection":[{"href":"https:\/\/www.lausitzer-museenland.de\/cs\/wp-json\/wp\/v2\/pages"}],"about":[{"href":"https:\/\/www.lausitzer-museenland.de\/cs\/wp-json\/wp\/v2\/types\/page"}],"author":[{"embeddable":true,"href":"https:\/\/www.lausitzer-museenland.de\/cs\/wp-json\/wp\/v2\/users\/13"}],"replies":[{"embeddable":true,"href":"https:\/\/www.lausitzer-museenland.de\/cs\/wp-json\/wp\/v2\/comments?post=454"}],"version-history":[{"count":7,"href":"https:\/\/www.lausitzer-museenland.de\/cs\/wp-json\/wp\/v2\/pages\/454\/revisions"}],"predecessor-version":[{"id":3677,"href":"https:\/\/www.lausitzer-museenland.de\/cs\/wp-json\/wp\/v2\/pages\/454\/revisions\/3677"}],"up":[{"embeddable":true,"href":"https:\/\/www.lausitzer-museenland.de\/cs\/wp-json\/wp\/v2\/pages\/380"}],"wp:attachment":[{"href":"https:\/\/www.lausitzer-museenland.de\/cs\/wp-json\/wp\/v2\/media?parent=454"}],"curies":[{"name":"wp","href":"https:\/\/api.w.org\/{rel}","templated":true}]}}

Z dávných časů - místní pověsti a strašidelné příběhy v místnosti historie obce Groß Kölzig

<p>V okolí Groß Kölzigu, stejně jako v celé Dolní Lužici, se odjakživa vyprávějí legendy a příběhy. Některá místa jsou toho dodnes svědkem a žáci si je mohou prohlédnout.</p>
<p>Program probíhá v interiéru i exteriéru a je určen pro žáky 1. až 7. třídy.<br />
Termíny: dle dohody<br />
Předběžná registrace: nejpozději 5 dní předem<br />
Velikost skupiny: 5 až 30 osob<br />
Vstupné na osobu: po dohodě</p>
<p><a title="Heimatstube Groß Kölzig / Domowniska śpa Wjeliki Kólsk" href="/museen/heimatstube-gross-koelzig/">Místnost místní historie Groß Kölzig</a></p>

<p>V okolí Groß Kölzigu, stejně jako v celé Dolní Lužici, se odjakživa vyprávějí legendy a příběhy. Některá místa jsou toho dodnes svědkem a žáci si je mohou prohlédnout. Program probíhá v interiéru i exteriéru a je určen pro žáky 1. až 7. třídy. Termíny: dle domluvy Předběžná registrace: alespoň 5 dní předem Velikost skupiny:</p>
