{"id":460,"date":"2014-11-12T11:28:15","date_gmt":"2014-11-12T10:28:15","guid":{"rendered":"http:\/\/lausitzer-museenland.de\/?page_id=460"},"modified":"2014-12-17T18:10:27","modified_gmt":"2014-12-17T17:10:27","slug":"wie-die-menschen-frueher-lebten","status":"publish","type":"page","link":"https:\/\/www.lausitzer-museenland.de\/cs\/sluzba\/kobi\/how-people-used-to-live\/","title":{"rendered":"Jak se d\u0159\u00edve \u017eilo a pracovalo - zem\u011bd\u011blstv\u00ed a hornictv\u00ed - v muzeu historie obce Gro\u00df K\u00f6lzig"},"content":{"rendered":"<p>V m\u00edstnosti m\u00edstn\u00ed historie jsou vystaveny dom\u00e1c\u00ed, zem\u011bd\u011blsk\u00e9 a hornick\u00e9 p\u0159edm\u011bty a skl\u00e1\u0159sk\u00e9 vybaven\u00ed. Dokumentuj\u00ed \u017eivot a tvrdou pr\u00e1ci d\u0159\u00edv\u011bj\u0161\u00edch dob.<\/p>\n<p>Program prob\u00edh\u00e1 v interi\u00e9ru i exteri\u00e9ru a je ur\u010den pro \u017e\u00e1ky 4. a\u017e 7. t\u0159\u00eddy.<br \/>\nTerm\u00edny: dle dohody<br \/>\nP\u0159edb\u011b\u017en\u00e1 registrace: nejpozd\u011bji 5 dn\u00ed p\u0159edem<br \/>\nVelikost skupiny: 5 a\u017e 30 osob<br \/>\nVstupn\u00e9 na osobu: po dohod\u011b<\/p>\n<p><a title=\"Heimatstube Gro\u00df K\u00f6lzig \/ Domowniska \u015bpa Wjeliki K\u00f3lsk\" href=\"\/museen\/heimatstube-gross-koelzig\/\">M\u00edstnost m\u00edstn\u00ed historie Gro\u00df K\u00f6lzig<\/a><\/p>","protected":false},"excerpt":{"rendered":"<p>V m\u00edstnosti m\u00edstn\u00ed historie jsou vystaveny dom\u00e1c\u00ed, zem\u011bd\u011blsk\u00e9 a hornick\u00e9 p\u0159edm\u011bty a skl\u00e1\u0159sk\u00e9 vybaven\u00ed. Dokumentuj\u00ed \u017eivot a tvrdou pr\u00e1ci d\u0159\u00edv\u011bj\u0161\u00edch dob. Program prob\u00edh\u00e1 v interi\u00e9ru i exteri\u00e9ru a je ur\u010den pro \u017e\u00e1ky 4. a\u017e 7. t\u0159\u00edd. Term\u00edny: dle dohody P\u0159edb\u011b\u017en\u00e1 rezervace: alespo\u0148 5 dn\u00ed p\u0159edem Velikost skupiny: 5 a\u017e 30 osob Vstupn\u00e9<\/p>","protected":false},"author":13,"featured_media":0,"parent":380,"menu_order":0,"comment_status":"closed","ping_status":"closed","template":"","meta":[],"_links":{"self":[{"href":"https:\/\/www.lausitzer-museenland.de\/cs\/wp-json\/wp\/v2\/pages\/460"}],"collection":[{"href":"https:\/\/www.lausitzer-museenland.de\/cs\/wp-json\/wp\/v2\/pages"}],"about":[{"href":"https:\/\/www.lausitzer-museenland.de\/cs\/wp-json\/wp\/v2\/types\/page"}],"author":[{"embeddable":true,"href":"https:\/\/www.lausitzer-museenland.de\/cs\/wp-json\/wp\/v2\/users\/13"}],"replies":[{"embeddable":true,"href":"https:\/\/www.lausitzer-museenland.de\/cs\/wp-json\/wp\/v2\/comments?post=460"}],"version-history":[{"count":7,"href":"https:\/\/www.lausitzer-museenland.de\/cs\/wp-json\/wp\/v2\/pages\/460\/revisions"}],"predecessor-version":[{"id":3679,"href":"https:\/\/www.lausitzer-museenland.de\/cs\/wp-json\/wp\/v2\/pages\/460\/revisions\/3679"}],"up":[{"embeddable":true,"href":"https:\/\/www.lausitzer-museenland.de\/cs\/wp-json\/wp\/v2\/pages\/380"}],"wp:attachment":[{"href":"https:\/\/www.lausitzer-museenland.de\/cs\/wp-json\/wp\/v2\/media?parent=460"}],"curies":[{"name":"wp","href":"https:\/\/api.w.org\/{rel}","templated":true}]}}

Jak se dříve žilo a pracovalo - zemědělství a hornictví - v muzeu historie obce Groß Kölzig

<p>V místnosti místní historie jsou vystaveny domácí, zemědělské a hornické předměty a sklářské vybavení. Dokumentují život a tvrdou práci dřívějších dob.</p>
<p>Program probíhá v interiéru i exteriéru a je určen pro žáky 4. až 7. třídy.<br />
Termíny: dle dohody<br />
Předběžná registrace: nejpozději 5 dní předem<br />
Velikost skupiny: 5 až 30 osob<br />
Vstupné na osobu: po dohodě</p>
<p><a title="Heimatstube Groß Kölzig / Domowniska śpa Wjeliki Kólsk" href="/museen/heimatstube-gross-koelzig/">Místnost místní historie Groß Kölzig</a></p>

<p>V místnosti místní historie jsou vystaveny domácí, zemědělské a hornické předměty a sklářské vybavení. Dokumentují život a tvrdou práci dřívějších dob. Program probíhá v interiéru i exteriéru a je určen pro žáky 4. až 7. tříd. Termíny: dle dohody Předběžná rezervace: alespoň 5 dní předem Velikost skupiny: 5 až 30 osob Vstupné</p>
