{"id":466,"date":"2014-11-12T11:36:40","date_gmt":"2014-11-12T10:36:40","guid":{"rendered":"http:\/\/lausitzer-museenland.de\/?page_id=466"},"modified":"2014-12-17T18:12:16","modified_gmt":"2014-12-17T17:12:16","slug":"erinnerungen-an-eine-schreckliche-zeit","status":"publish","type":"page","link":"https:\/\/www.lausitzer-museenland.de\/cs\/sluzba\/kobi\/vzpominky-na-hrozne-casy\/","title":{"rendered":"Vzpom\u00ednky na stra\u0161nou dobu - Na\u0161e vlast na konci druh\u00e9 sv\u011btov\u00e9 v\u00e1lky - v Heimatstube Gro\u00df K\u00f6lzig"},"content":{"rendered":"<p>Sou\u010dasn\u00ed pam\u011btn\u00edci vypr\u00e1v\u011bj\u00ed p\u0159\u00edb\u011bhy z v\u00e1le\u010dn\u00e9ho a pov\u00e1le\u010dn\u00e9ho obdob\u00ed.<\/p>\n<p>Program prob\u00edh\u00e1 v interi\u00e9ru i exteri\u00e9ru a je ur\u010den pro \u017e\u00e1ky 7. a\u017e 10. t\u0159\u00eddy.<br \/>\nTerm\u00edny: dle dohody<br \/>\nP\u0159edb\u011b\u017en\u00e1 registrace: nejpozd\u011bji 5 dn\u00ed p\u0159edem<br \/>\nVelikost skupiny: 5 a\u017e 30 osob<br \/>\nVstupn\u00e9 na osobu: po dohod\u011b<\/p>\n<p><a title=\"Heimatstube Gro\u00df K\u00f6lzig \/ Domowniska \u015bpa Wjeliki K\u00f3lsk\" href=\"\/museen\/heimatstube-gross-koelzig\/\">M\u00edstnost m\u00edstn\u00ed historie Gro\u00df K\u00f6lzig<\/a><\/p>","protected":false},"excerpt":{"rendered":"<p>Sou\u010dasn\u00ed pam\u011btn\u00edci hovo\u0159\u00ed o v\u00e1le\u010dn\u00e9m a pov\u00e1le\u010dn\u00e9m obdob\u00ed. Program prob\u00edh\u00e1 v interi\u00e9ru i exteri\u00e9ru a je ur\u010den pro \u017e\u00e1ky 7. a\u017e 10. t\u0159\u00edd. Term\u00edny: dle dohody P\u0159edb\u011b\u017en\u00e9 p\u0159ihl\u00e1\u0161en\u00ed: alespo\u0148 5 dn\u00ed p\u0159edem Velikost skupiny: 5 a\u017e 30 osob Vstupn\u00e9 za osobu: dle dohody Heimatstube Gro\u00df K\u00f6lzig<\/p>","protected":false},"author":13,"featured_media":0,"parent":380,"menu_order":0,"comment_status":"closed","ping_status":"closed","template":"","meta":[],"_links":{"self":[{"href":"https:\/\/www.lausitzer-museenland.de\/cs\/wp-json\/wp\/v2\/pages\/466"}],"collection":[{"href":"https:\/\/www.lausitzer-museenland.de\/cs\/wp-json\/wp\/v2\/pages"}],"about":[{"href":"https:\/\/www.lausitzer-museenland.de\/cs\/wp-json\/wp\/v2\/types\/page"}],"author":[{"embeddable":true,"href":"https:\/\/www.lausitzer-museenland.de\/cs\/wp-json\/wp\/v2\/users\/13"}],"replies":[{"embeddable":true,"href":"https:\/\/www.lausitzer-museenland.de\/cs\/wp-json\/wp\/v2\/comments?post=466"}],"version-history":[{"count":6,"href":"https:\/\/www.lausitzer-museenland.de\/cs\/wp-json\/wp\/v2\/pages\/466\/revisions"}],"predecessor-version":[{"id":3681,"href":"https:\/\/www.lausitzer-museenland.de\/cs\/wp-json\/wp\/v2\/pages\/466\/revisions\/3681"}],"up":[{"embeddable":true,"href":"https:\/\/www.lausitzer-museenland.de\/cs\/wp-json\/wp\/v2\/pages\/380"}],"wp:attachment":[{"href":"https:\/\/www.lausitzer-museenland.de\/cs\/wp-json\/wp\/v2\/media?parent=466"}],"curies":[{"name":"wp","href":"https:\/\/api.w.org\/{rel}","templated":true}]}}

Vzpomínky na strašnou dobu - Naše vlast na konci druhé světové války - v Heimatstube Groß Kölzig

<p>Současní pamětníci vyprávějí příběhy z válečného a poválečného období.</p>
<p>Program probíhá v interiéru i exteriéru a je určen pro žáky 7. až 10. třídy.<br />
Termíny: dle dohody<br />
Předběžná registrace: nejpozději 5 dní předem<br />
Velikost skupiny: 5 až 30 osob<br />
Vstupné na osobu: po dohodě</p>
<p><a title="Heimatstube Groß Kölzig / Domowniska śpa Wjeliki Kólsk" href="/museen/heimatstube-gross-koelzig/">Místnost místní historie Groß Kölzig</a></p>

<p>Současní pamětníci hovoří o válečném a poválečném období. Program probíhá v interiéru i exteriéru a je určen pro žáky 7. až 10. tříd. Termíny: dle dohody Předběžné přihlášení: alespoň 5 dní předem Velikost skupiny: 5 až 30 osob Vstupné za osobu: dle dohody Heimatstube Groß Kölzig</p>
