{"id":477,"date":"2014-11-12T11:43:04","date_gmt":"2014-11-12T10:43:04","guid":{"rendered":"http:\/\/lausitzer-museenland.de\/?page_id=477"},"modified":"2018-08-16T09:19:29","modified_gmt":"2018-08-16T08:19:29","slug":"ueber-die-vorratshaltung-und-speisenfolge","status":"publish","type":"page","link":"https:\/\/www.lausitzer-museenland.de\/cs\/sluzba\/kobi\/o-objednavce-zasob-a-potravin\/","title":{"rendered":"J\u00eddlo a pit\u00ed udr\u017euje t\u011blo i du\u0161i pohromad\u011b - o z\u00e1sob\u00e1ch a posloupnosti j\u00eddel v Muzeu m\u00edstn\u00ed historie v Dissenu"},"content":{"rendered":"<p>D\u011bti si prohl\u00e9dnou muzeum s pr\u016fvodcem na t\u00e9ma \"V\u00fd\u017eiva v d\u0159\u00edv\u011bj\u0161\u00edch dob\u00e1ch\". D\u011bti se sezn\u00e1m\u00ed s pokrmy a sekvencemi j\u00eddel na festivalech a mohou si samy vyrobit m\u00e1slo a bylinkov\u00fd tvaroh. D\u011bti sb\u00edraj\u00ed bylinky a zpracov\u00e1vaj\u00ed je na bylinkov\u00fd tvaroh. Mohou si sami stloukat m\u00e1slo a j\u00edst ho s \u010derstv\u00fdm chlebem.<\/p>\n<p>Program prob\u00edh\u00e1 v interi\u00e9ru i exteri\u00e9ru a je ur\u010den pro d\u011bti od p\u0159ed\u0161koln\u00edho v\u011bku a\u017e do 12. t\u0159\u00eddy.<br \/>\nTerm\u00edny: dle dohody<br \/>\nP\u0159edb\u011b\u017en\u00e1 registrace: nejpozd\u011bji 2 t\u00fddny p\u0159edem<br \/>\nVelikost skupiny: 6 a\u017e 30 osob<\/p>\n<p>Po dohod\u011b lze r\u016fzn\u00e9 nab\u00eddky m\u00edstn\u00edho historick\u00e9ho muzea vz\u00e1jemn\u011b kombinovat.<\/p>\n<p><a title=\"Heimatmuseum Dissen \/ Domowniski muzej De\u0161no\" href=\"\/museen\/heimatmuseum-dissen\/\">Muzeum m\u00edstn\u00ed historie Dissen<\/a><\/p>","protected":false},"excerpt":{"rendered":"<p>D\u011bti si prohl\u00e9dnou muzeum s pr\u016fvodcem na t\u00e9ma \"V\u00fd\u017eiva v d\u0159\u00edv\u011bj\u0161\u00edch dob\u00e1ch\". D\u011bti se sezn\u00e1m\u00ed s pokrmy a sekvencemi j\u00eddel na festivalech a mohou si samy vyrobit m\u00e1slo a bylinkov\u00fd tvaroh. D\u011bti sb\u00edraj\u00ed bylinky a zpracov\u00e1vaj\u00ed je na bylinkov\u00fd tvaroh. Mohou si sami stloukat m\u00e1slo a j\u00edst ho s \u010derstv\u00fdm chlebem. Program prob\u00edh\u00e1 v interi\u00e9ru i exteri\u00e9ru.<\/p>","protected":false},"author":13,"featured_media":0,"parent":380,"menu_order":0,"comment_status":"closed","ping_status":"closed","template":"","meta":[],"_links":{"self":[{"href":"https:\/\/www.lausitzer-museenland.de\/cs\/wp-json\/wp\/v2\/pages\/477"}],"collection":[{"href":"https:\/\/www.lausitzer-museenland.de\/cs\/wp-json\/wp\/v2\/pages"}],"about":[{"href":"https:\/\/www.lausitzer-museenland.de\/cs\/wp-json\/wp\/v2\/types\/page"}],"author":[{"embeddable":true,"href":"https:\/\/www.lausitzer-museenland.de\/cs\/wp-json\/wp\/v2\/users\/13"}],"replies":[{"embeddable":true,"href":"https:\/\/www.lausitzer-museenland.de\/cs\/wp-json\/wp\/v2\/comments?post=477"}],"version-history":[{"count":9,"href":"https:\/\/www.lausitzer-museenland.de\/cs\/wp-json\/wp\/v2\/pages\/477\/revisions"}],"predecessor-version":[{"id":24685,"href":"https:\/\/www.lausitzer-museenland.de\/cs\/wp-json\/wp\/v2\/pages\/477\/revisions\/24685"}],"up":[{"embeddable":true,"href":"https:\/\/www.lausitzer-museenland.de\/cs\/wp-json\/wp\/v2\/pages\/380"}],"wp:attachment":[{"href":"https:\/\/www.lausitzer-museenland.de\/cs\/wp-json\/wp\/v2\/media?parent=477"}],"curies":[{"name":"wp","href":"https:\/\/api.w.org\/{rel}","templated":true}]}}

Jídlo a pití udržuje tělo i duši pohromadě - o zásobách a posloupnosti jídel v Muzeu místní historie v Dissenu

<p>Děti si prohlédnou muzeum s průvodcem na téma "Výživa v dřívějších dobách". Děti se seznámí s pokrmy a sekvencemi jídel na festivalech a mohou si samy vyrobit máslo a bylinkový tvaroh. Děti sbírají bylinky a zpracovávají je na bylinkový tvaroh. Mohou si sami stloukat máslo a jíst ho s čerstvým chlebem.</p>
<p>Program probíhá v interiéru i exteriéru a je určen pro děti od předškolního věku až do 12. třídy.<br />
Termíny: dle dohody<br />
Předběžná registrace: nejpozději 2 týdny předem<br />
Velikost skupiny: 6 až 30 osob</p>
<p>Po dohodě lze různé nabídky místního historického muzea vzájemně kombinovat.</p>
<p><a title="Heimatmuseum Dissen / Domowniski muzej Dešno" href="/museen/heimatmuseum-dissen/">Muzeum místní historie Dissen</a></p>

<p>Děti si prohlédnou muzeum s průvodcem na téma "Výživa v dřívějších dobách". Děti se seznámí s pokrmy a sekvencemi jídel na festivalech a mohou si samy vyrobit máslo a bylinkový tvaroh. Děti sbírají bylinky a zpracovávají je na bylinkový tvaroh. Mohou si sami stloukat máslo a jíst ho s čerstvým chlebem. Program probíhá v interiéru i exteriéru.</p>
