{"id":484,"date":"2014-11-12T11:50:20","date_gmt":"2014-11-12T10:50:20","guid":{"rendered":"http:\/\/lausitzer-museenland.de\/?page_id=484"},"modified":"2020-07-17T10:52:00","modified_gmt":"2020-07-17T08:52:00","slug":"keramikanhaenger-mit-ton-basteln","status":"publish","type":"page","link":"https:\/\/www.lausitzer-museenland.de\/cs\/sluzba\/kobi\/keramicke-kouzlo-s-hlinenym-ramcem\/","title":{"rendered":"Keramick\u00e9 p\u0159\u00edv\u011bsky pro velikono\u010dn\u00ed a v\u00e1no\u010dn\u00ed obdob\u00ed - ru\u010dn\u00ed pr\u00e1ce s hl\u00ednou v m\u00edstn\u00edm historick\u00e9m muzeu v Dissenu"},"content":{"rendered":"<p>Vzory se vtla\u010duj\u00ed do p\u0159ipraven\u00fdch velikono\u010dn\u00edch visa\u010dek nebo poinsetti\u00ed ve vlhk\u00e9 hl\u00edn\u011b. Ty se pozd\u011bji vypaluj\u00ed a jsou kr\u00e1sn\u00fdm d\u00e1rkem nebo ozdobou jarn\u00ed \u010di v\u00e1no\u010dn\u00ed kytice.<\/p>\n<p>Nab\u00eddka prob\u00edh\u00e1 v interi\u00e9ru a je ur\u010dena \u017e\u00e1k\u016fm 1. a\u017e 12. t\u0159\u00edd.<br \/>\nTerm\u00edny: dle dohody<br \/>\nP\u0159edb\u011b\u017en\u00e1 registrace: nejpozd\u011bji 2 t\u00fddny p\u0159edem<br \/>\nVelikost skupiny: 6 a\u017e 30 osob<\/p>\n<p>Po dohod\u011b lze r\u016fzn\u00e9 nab\u00eddky m\u00edstn\u00edho historick\u00e9ho muzea vz\u00e1jemn\u011b kombinovat.<\/p>\n<p><a title=\"Heimatmuseum Dissen \/ Domowniski muzej De\u0161no\" href=\"\/museen\/heimatmuseum-dissen\/\">Muzeum m\u00edstn\u00ed historie Dissen<\/a><\/p>","protected":false},"excerpt":{"rendered":"<p>Vzory se vtla\u010duj\u00ed do p\u0159ipraven\u00fdch velikono\u010dn\u00edch visa\u010dek nebo poinsetti\u00ed ve vlhk\u00e9 hl\u00edn\u011b. Ty se pozd\u011bji vypaluj\u00ed a jsou n\u00e1dhern\u00fdm d\u00e1rkem nebo ozdobou jarn\u00ed \u010di v\u00e1no\u010dn\u00ed kytice. Program se kon\u00e1 v interi\u00e9ru a je ur\u010den pro \u017e\u00e1ky 1. a\u017e 12. t\u0159\u00eddy. Term\u00edny: dle dohody P\u0159edb\u011b\u017en\u00e1 registrace: alespo\u0148 2 t\u00fddny p\u0159edem Velikost skupiny: 6 a\u017e 30 osob Podle<\/p>","protected":false},"author":13,"featured_media":0,"parent":380,"menu_order":0,"comment_status":"closed","ping_status":"closed","template":"","meta":[],"_links":{"self":[{"href":"https:\/\/www.lausitzer-museenland.de\/cs\/wp-json\/wp\/v2\/pages\/484"}],"collection":[{"href":"https:\/\/www.lausitzer-museenland.de\/cs\/wp-json\/wp\/v2\/pages"}],"about":[{"href":"https:\/\/www.lausitzer-museenland.de\/cs\/wp-json\/wp\/v2\/types\/page"}],"author":[{"embeddable":true,"href":"https:\/\/www.lausitzer-museenland.de\/cs\/wp-json\/wp\/v2\/users\/13"}],"replies":[{"embeddable":true,"href":"https:\/\/www.lausitzer-museenland.de\/cs\/wp-json\/wp\/v2\/comments?post=484"}],"version-history":[{"count":10,"href":"https:\/\/www.lausitzer-museenland.de\/cs\/wp-json\/wp\/v2\/pages\/484\/revisions"}],"predecessor-version":[{"id":52952,"href":"https:\/\/www.lausitzer-museenland.de\/cs\/wp-json\/wp\/v2\/pages\/484\/revisions\/52952"}],"up":[{"embeddable":true,"href":"https:\/\/www.lausitzer-museenland.de\/cs\/wp-json\/wp\/v2\/pages\/380"}],"wp:attachment":[{"href":"https:\/\/www.lausitzer-museenland.de\/cs\/wp-json\/wp\/v2\/media?parent=484"}],"curies":[{"name":"wp","href":"https:\/\/api.w.org\/{rel}","templated":true}]}}

Keramické přívěsky pro velikonoční a vánoční období - ruční práce s hlínou v místním historickém muzeu v Dissenu

<p>Vzory se vtlačují do připravených velikonočních visaček nebo poinsettií ve vlhké hlíně. Ty se později vypalují a jsou krásným dárkem nebo ozdobou jarní či vánoční kytice.</p>
<p>Nabídka probíhá v interiéru a je určena žákům 1. až 12. tříd.<br />
Termíny: dle dohody<br />
Předběžná registrace: nejpozději 2 týdny předem<br />
Velikost skupiny: 6 až 30 osob</p>
<p>Po dohodě lze různé nabídky místního historického muzea vzájemně kombinovat.</p>
<p><a title="Heimatmuseum Dissen / Domowniski muzej Dešno" href="/museen/heimatmuseum-dissen/">Muzeum místní historie Dissen</a></p>

<p>Vzory se vtlačují do připravených velikonočních visaček nebo poinsettií ve vlhké hlíně. Ty se později vypalují a jsou nádherným dárkem nebo ozdobou jarní či vánoční kytice. Program se koná v interiéru a je určen pro žáky 1. až 12. třídy. Termíny: dle dohody Předběžná registrace: alespoň 2 týdny předem Velikost skupiny: 6 až 30 osob Podle</p>
