{"id":498,"date":"2014-11-12T12:05:04","date_gmt":"2014-11-12T11:05:04","guid":{"rendered":"http:\/\/lausitzer-museenland.de\/?page_id=498"},"modified":"2018-08-16T09:29:11","modified_gmt":"2018-08-16T08:29:11","slug":"weihnachtssterne-und-herzen-aus-gebranntem-ton","status":"publish","type":"page","link":"https:\/\/www.lausitzer-museenland.de\/cs\/sluzba\/kobi\/vanocni-hvezdy-a-srdce-z-palene-hliny\/","title":{"rendered":"Poinsettie a srdce z p\u00e1len\u00e9 hl\u00edny v Muzeu m\u00edstn\u00ed historie v Dissenu"},"content":{"rendered":"<p>Ti, kte\u0159\u00ed si cht\u011bj\u00ed vyrobit vlastn\u00ed trvanliv\u00e9 v\u00e1no\u010dn\u00ed hv\u011bzdi\u010dky nebo srd\u00ed\u010dka, si mohou vylisovat vlastn\u00ed vzory z vlhk\u00e9 hl\u00edny v r\u00e1mci samostatn\u00e9 akce. Ty se pozd\u011bji vyp\u00e1l\u00ed a ka\u017ed\u00e9 d\u00edt\u011b dostane po t\u00fddnu sv\u00e9 vlastn\u00ed kr\u00e1sn\u00e9 hv\u011bzdy nebo srdce na v\u00e1no\u010dn\u00ed strome\u010dek.<\/p>\n<p>Nab\u00eddka prob\u00edh\u00e1 v interi\u00e9ru a je ur\u010dena d\u011btem od p\u0159ed\u0161koln\u00edho v\u011bku a\u017e do 12. t\u0159\u00eddy.<br \/>\nTerm\u00edny: \u0159\u00edjen a\u017e prosinec od pond\u011bl\u00ed do p\u00e1tku dle dohody<br \/>\nP\u0159edb\u011b\u017en\u00e1 registrace: nejpozd\u011bji 2 t\u00fddny p\u0159edem<br \/>\nDoba trv\u00e1n\u00ed: p\u0159ibli\u017en\u011b 1 hodina<br \/>\nVelikost skupiny: 6 a\u017e 30 osob<\/p>\n<p>Po dohod\u011b lze r\u016fzn\u00e9 nab\u00eddky m\u00edstn\u00edho historick\u00e9ho muzea vz\u00e1jemn\u011b kombinovat.<\/p>\n<p><a title=\"Heimatmuseum Dissen \/ Domowniski muzej De\u0161no\" href=\"\/museen\/heimatmuseum-dissen\/\">Muzeum m\u00edstn\u00ed historie Dissen<\/a><\/p>","protected":false},"excerpt":{"rendered":"<p>Ti, kte\u0159\u00ed si cht\u011bj\u00ed vyrobit vlastn\u00ed trvanliv\u00e9 v\u00e1no\u010dn\u00ed hv\u011bzdi\u010dky nebo srd\u00ed\u010dka, si mohou vylisovat vlastn\u00ed vzory z vlhk\u00e9 hl\u00edny v r\u00e1mci samostatn\u00e9 akce. Ty se pozd\u011bji vyp\u00e1l\u00ed a ka\u017ed\u00e9 d\u00edt\u011b dostane po t\u00fddnu sv\u00e9 vlastn\u00ed kr\u00e1sn\u00e9 hv\u011bzdy nebo srdce na v\u00e1no\u010dn\u00ed strome\u010dek. Nab\u00eddka se kon\u00e1 v interi\u00e9ru a je ur\u010dena pro p\u0159ed\u0161koln\u00ed d\u011bti a\u017e do t\u0159\u00edd.<\/p>","protected":false},"author":13,"featured_media":0,"parent":380,"menu_order":0,"comment_status":"closed","ping_status":"closed","template":"","meta":[],"_links":{"self":[{"href":"https:\/\/www.lausitzer-museenland.de\/cs\/wp-json\/wp\/v2\/pages\/498"}],"collection":[{"href":"https:\/\/www.lausitzer-museenland.de\/cs\/wp-json\/wp\/v2\/pages"}],"about":[{"href":"https:\/\/www.lausitzer-museenland.de\/cs\/wp-json\/wp\/v2\/types\/page"}],"author":[{"embeddable":true,"href":"https:\/\/www.lausitzer-museenland.de\/cs\/wp-json\/wp\/v2\/users\/13"}],"replies":[{"embeddable":true,"href":"https:\/\/www.lausitzer-museenland.de\/cs\/wp-json\/wp\/v2\/comments?post=498"}],"version-history":[{"count":7,"href":"https:\/\/www.lausitzer-museenland.de\/cs\/wp-json\/wp\/v2\/pages\/498\/revisions"}],"predecessor-version":[{"id":25857,"href":"https:\/\/www.lausitzer-museenland.de\/cs\/wp-json\/wp\/v2\/pages\/498\/revisions\/25857"}],"up":[{"embeddable":true,"href":"https:\/\/www.lausitzer-museenland.de\/cs\/wp-json\/wp\/v2\/pages\/380"}],"wp:attachment":[{"href":"https:\/\/www.lausitzer-museenland.de\/cs\/wp-json\/wp\/v2\/media?parent=498"}],"curies":[{"name":"wp","href":"https:\/\/api.w.org\/{rel}","templated":true}]}}

Poinsettie a srdce z pálené hlíny v Muzeu místní historie v Dissenu

<p>Ti, kteří si chtějí vyrobit vlastní trvanlivé vánoční hvězdičky nebo srdíčka, si mohou vylisovat vlastní vzory z vlhké hlíny v rámci samostatné akce. Ty se později vypálí a každé dítě dostane po týdnu své vlastní krásné hvězdy nebo srdce na vánoční stromeček.</p>
<p>Nabídka probíhá v interiéru a je určena dětem od předškolního věku až do 12. třídy.<br />
Termíny: říjen až prosinec od pondělí do pátku dle dohody<br />
Předběžná registrace: nejpozději 2 týdny předem<br />
Doba trvání: přibližně 1 hodina<br />
Velikost skupiny: 6 až 30 osob</p>
<p>Po dohodě lze různé nabídky místního historického muzea vzájemně kombinovat.</p>
<p><a title="Heimatmuseum Dissen / Domowniski muzej Dešno" href="/museen/heimatmuseum-dissen/">Muzeum místní historie Dissen</a></p>

<p>Ti, kteří si chtějí vyrobit vlastní trvanlivé vánoční hvězdičky nebo srdíčka, si mohou vylisovat vlastní vzory z vlhké hlíny v rámci samostatné akce. Ty se později vypálí a každé dítě dostane po týdnu své vlastní krásné hvězdy nebo srdce na vánoční stromeček. Nabídka se koná v interiéru a je určena pro předškolní děti až do tříd.</p>
