{"id":502,"date":"2014-11-12T13:48:26","date_gmt":"2014-11-12T12:48:26","guid":{"rendered":"http:\/\/lausitzer-museenland.de\/?page_id=502"},"modified":"2014-12-17T18:25:48","modified_gmt":"2014-12-17T17:25:48","slug":"backofen-brauchtum-und-landestypischer-bauerngarten","status":"publish","type":"page","link":"https:\/\/www.lausitzer-museenland.de\/cs\/sluzba\/kobi\/oven-customs-and-country-typical-farm-garden\/","title":{"rendered":"Peka\u0159sk\u00e1 pec, celnice a typick\u00e1 zem\u011bd\u011blsk\u00e1 zahrada v Tauerov\u011b muzeu m\u00edstn\u00ed historie"},"content":{"rendered":"<p>S l\u00e1skou za\u0159\u00edzen\u00e9 muzeum se nach\u00e1z\u00ed v b\u00fdval\u00e9 vesnick\u00e9 pek\u00e1rn\u011b. V origin\u00e1ln\u00edm prost\u0159ed\u00ed jsou zde vystaveny expon\u00e1ty a expozice o \u017eivot\u011b venkovsk\u00e9ho obyvatelstva, lu\u017eickosrbsk\u00fdch\/vendsk\u00fdch zvyc\u00edch a podrobnostech \u017eivota od 18. stolet\u00ed. Zvl\u00e1\u0161tn\u00ed atrakc\u00ed jsou dolnolu\u017eickosrbsk\u00e9 tradi\u010dn\u00ed kroje, od selsk\u00fdch pracovn\u00edch kroj\u016f a\u017e po slo\u017eit\u011b vy\u0161\u00edvan\u00e9 sv\u00e1te\u010dn\u00ed kroje. Nefal\u0161ovan\u00fd dv\u016fr s hospod\u00e1\u0159sk\u00fdmi budovami a tradi\u010dn\u00ed farm\u00e1\u0159skou a bylinkovou zahradou p\u016fsob\u00ed idylicky.<\/p>\n<p>Nab\u00eddka prob\u00edh\u00e1 v interi\u00e9ru a je ur\u010dena \u017e\u00e1k\u016fm 1. a\u017e 10. t\u0159\u00eddy.<br \/>\nTerm\u00edny: dle dohody<br \/>\nP\u0159edb\u011b\u017en\u00e1 registrace: nejpozd\u011bji 2 t\u00fddny p\u0159edem<br \/>\nVstupn\u00e9 na osobu: 0,50 \u20ac<\/p>\n<p><a title=\"Muzeum m\u00edstn\u00ed historie Tauer \/ Domowniski muzej Turjej\" href=\"\/museen\/heimatmuseum-tauer\/\">Muzeum m\u00edstn\u00ed historie Tauer<\/a><\/p>","protected":false},"excerpt":{"rendered":"<p>S l\u00e1skou za\u0159\u00edzen\u00e9 muzeum se nach\u00e1z\u00ed v b\u00fdval\u00e9 vesnick\u00e9 pek\u00e1rn\u011b. V origin\u00e1ln\u00edm prost\u0159ed\u00ed jsou zde vystaveny expon\u00e1ty a expozice o \u017eivot\u011b venkovsk\u00e9ho obyvatelstva, lu\u017eickosrbsk\u00fdch\/vendsk\u00fdch zvyc\u00edch a podrobnostech \u017eivota od 18. stolet\u00ed. Zvl\u00e1\u0161tn\u00ed atrakc\u00ed jsou dolnolu\u017eickosrbsk\u00e9 tradi\u010dn\u00ed kroje, od selsk\u00fdch pracovn\u00edch kroj\u016f a\u017e po slo\u017eit\u011b vy\u0161\u00edvan\u00e9 sv\u00e1te\u010dn\u00ed kroje. Idylick\u00fd<\/p>","protected":false},"author":13,"featured_media":0,"parent":380,"menu_order":0,"comment_status":"closed","ping_status":"closed","template":"","meta":[],"_links":{"self":[{"href":"https:\/\/www.lausitzer-museenland.de\/cs\/wp-json\/wp\/v2\/pages\/502"}],"collection":[{"href":"https:\/\/www.lausitzer-museenland.de\/cs\/wp-json\/wp\/v2\/pages"}],"about":[{"href":"https:\/\/www.lausitzer-museenland.de\/cs\/wp-json\/wp\/v2\/types\/page"}],"author":[{"embeddable":true,"href":"https:\/\/www.lausitzer-museenland.de\/cs\/wp-json\/wp\/v2\/users\/13"}],"replies":[{"embeddable":true,"href":"https:\/\/www.lausitzer-museenland.de\/cs\/wp-json\/wp\/v2\/comments?post=502"}],"version-history":[{"count":7,"href":"https:\/\/www.lausitzer-museenland.de\/cs\/wp-json\/wp\/v2\/pages\/502\/revisions"}],"predecessor-version":[{"id":3695,"href":"https:\/\/www.lausitzer-museenland.de\/cs\/wp-json\/wp\/v2\/pages\/502\/revisions\/3695"}],"up":[{"embeddable":true,"href":"https:\/\/www.lausitzer-museenland.de\/cs\/wp-json\/wp\/v2\/pages\/380"}],"wp:attachment":[{"href":"https:\/\/www.lausitzer-museenland.de\/cs\/wp-json\/wp\/v2\/media?parent=502"}],"curies":[{"name":"wp","href":"https:\/\/api.w.org\/{rel}","templated":true}]}}

Pekařská pec, celnice a typická zemědělská zahrada v Tauerově muzeu místní historie

<p>S láskou zařízené muzeum se nachází v bývalé vesnické pekárně. V originálním prostředí jsou zde vystaveny exponáty a expozice o životě venkovského obyvatelstva, lužickosrbských/vendských zvycích a podrobnostech života od 18. století. Zvláštní atrakcí jsou dolnolužickosrbské tradiční kroje, od selských pracovních krojů až po složitě vyšívané sváteční kroje. Nefalšovaný dvůr s hospodářskými budovami a tradiční farmářskou a bylinkovou zahradou působí idylicky.</p>
<p>Nabídka probíhá v interiéru a je určena žákům 1. až 10. třídy.<br />
Termíny: dle dohody<br />
Předběžná registrace: nejpozději 2 týdny předem<br />
Vstupné na osobu: 0,50 €</p>
<p><a title="Muzeum místní historie Tauer / Domowniski muzej Turjej" href="/museen/heimatmuseum-tauer/">Muzeum místní historie Tauer</a></p>

<p>S láskou zařízené muzeum se nachází v bývalé vesnické pekárně. V originálním prostředí jsou zde vystaveny exponáty a expozice o životě venkovského obyvatelstva, lužickosrbských/vendských zvycích a podrobnostech života od 18. století. Zvláštní atrakcí jsou dolnolužickosrbské tradiční kroje, od selských pracovních krojů až po složitě vyšívané sváteční kroje. Idylický</p>
