{"id":507,"date":"2014-11-12T13:51:29","date_gmt":"2014-11-12T12:51:29","guid":{"rendered":"http:\/\/lausitzer-museenland.de\/?page_id=507"},"modified":"2018-08-16T09:32:43","modified_gmt":"2018-08-16T08:32:43","slug":"kurzer-abriss-ueber-die-sorbischewendische-geschichte","status":"publish","type":"page","link":"https:\/\/www.lausitzer-museenland.de\/cs\/sluzba\/kobi\/kratky-abstrakt-o-srbske-vendske-historii\/","title":{"rendered":"Stru\u010dn\u00fd n\u00e1stin lu\u017eickosrbsk\u00fdch\/vendsk\u00fdch d\u011bjin v m\u00edstn\u00edm muzeu v Dissenu"},"content":{"rendered":"<p>P\u0159i prohl\u00eddce muzea se \u017e\u00e1ci sezn\u00e1m\u00ed s histori\u00ed Lu\u017eick\u00fdch Srb\u016f\/Wend\u016f od jejich os\u00eddlen\u00ed a\u017e po sou\u010dasnost. Vypr\u00e1v\u00ed se o t\u011b\u017ek\u00e9 pr\u00e1ci na poli a na statku, ale tak\u00e9 o sv\u00e1tc\u00edch a zvyc\u00edch. Tyto v\u00fdlety jsou koncipov\u00e1ny podle v\u011bkov\u00e9 skupiny.<\/p>\n<p>Program prob\u00edh\u00e1 venku a je ur\u010den pro \u017e\u00e1ky 1. a\u017e 12. t\u0159\u00eddy.<br \/>\nNezapome\u0148te si vz\u00edt vhodn\u00e9 oble\u010den\u00ed!<br \/>\nTerm\u00edny: kdykoli dle dohody<br \/>\nP\u0159edb\u011b\u017en\u00e1 registrace: mo\u017en\u00e1 v kr\u00e1tk\u00e9m term\u00ednu<br \/>\nDoba trv\u00e1n\u00ed: 45 minut na jeden projektov\u00fd k\u00e1men<br \/>\nVelikost skupiny: 6 a\u017e 30 osob<\/p>\n<p>R\u016fzn\u00e9 nab\u00eddky lze po dohod\u011b vz\u00e1jemn\u011b kombinovat.<\/p>\n<p><a title=\"Heimatmuseum Dissen \/ Domowniski muzej De\u0161no\" href=\"\/museen\/heimatmuseum-dissen\/\">Muzeum m\u00edstn\u00ed historie Dissen<\/a><\/p>","protected":false},"excerpt":{"rendered":"<p>P\u0159i prohl\u00eddce muzea se \u017e\u00e1ci sezn\u00e1m\u00ed s histori\u00ed Lu\u017eick\u00fdch Srb\u016f\/Wend\u016f od jejich os\u00eddlen\u00ed a\u017e po sou\u010dasnost. Vypr\u00e1v\u00ed se o t\u011b\u017ek\u00e9 pr\u00e1ci na poli a na statku, ale tak\u00e9 o sv\u00e1tc\u00edch a zvyc\u00edch. Tyto v\u00fdlety jsou koncipov\u00e1ny podle v\u011bkov\u00e9 skupiny. Nab\u00eddka se kon\u00e1 venku a<\/p>","protected":false},"author":13,"featured_media":0,"parent":380,"menu_order":0,"comment_status":"closed","ping_status":"closed","template":"","meta":[],"_links":{"self":[{"href":"https:\/\/www.lausitzer-museenland.de\/cs\/wp-json\/wp\/v2\/pages\/507"}],"collection":[{"href":"https:\/\/www.lausitzer-museenland.de\/cs\/wp-json\/wp\/v2\/pages"}],"about":[{"href":"https:\/\/www.lausitzer-museenland.de\/cs\/wp-json\/wp\/v2\/types\/page"}],"author":[{"embeddable":true,"href":"https:\/\/www.lausitzer-museenland.de\/cs\/wp-json\/wp\/v2\/users\/13"}],"replies":[{"embeddable":true,"href":"https:\/\/www.lausitzer-museenland.de\/cs\/wp-json\/wp\/v2\/comments?post=507"}],"version-history":[{"count":6,"href":"https:\/\/www.lausitzer-museenland.de\/cs\/wp-json\/wp\/v2\/pages\/507\/revisions"}],"predecessor-version":[{"id":26190,"href":"https:\/\/www.lausitzer-museenland.de\/cs\/wp-json\/wp\/v2\/pages\/507\/revisions\/26190"}],"up":[{"embeddable":true,"href":"https:\/\/www.lausitzer-museenland.de\/cs\/wp-json\/wp\/v2\/pages\/380"}],"wp:attachment":[{"href":"https:\/\/www.lausitzer-museenland.de\/cs\/wp-json\/wp\/v2\/media?parent=507"}],"curies":[{"name":"wp","href":"https:\/\/api.w.org\/{rel}","templated":true}]}}

Stručný nástin lužickosrbských/vendských dějin v místním muzeu v Dissenu

<p>Při prohlídce muzea se žáci seznámí s historií Lužických Srbů/Wendů od jejich osídlení až po současnost. Vypráví se o těžké práci na poli a na statku, ale také o svátcích a zvycích. Tyto výlety jsou koncipovány podle věkové skupiny.</p>
<p>Program probíhá venku a je určen pro žáky 1. až 12. třídy.<br />
Nezapomeňte si vzít vhodné oblečení!<br />
Termíny: kdykoli dle dohody<br />
Předběžná registrace: možná v krátkém termínu<br />
Doba trvání: 45 minut na jeden projektový kámen<br />
Velikost skupiny: 6 až 30 osob</p>
<p>Různé nabídky lze po dohodě vzájemně kombinovat.</p>
<p><a title="Heimatmuseum Dissen / Domowniski muzej Dešno" href="/museen/heimatmuseum-dissen/">Muzeum místní historie Dissen</a></p>

<p>Při prohlídce muzea se žáci seznámí s historií Lužických Srbů/Wendů od jejich osídlení až po současnost. Vypráví se o těžké práci na poli a na statku, ale také o svátcích a zvycích. Tyto výlety jsou koncipovány podle věkové skupiny. Nabídka se koná venku a</p>
