{"id":509,"date":"2014-11-12T13:52:25","date_gmt":"2014-11-12T12:52:25","guid":{"rendered":"http:\/\/lausitzer-museenland.de\/?page_id=509"},"modified":"2018-08-16T09:34:19","modified_gmt":"2018-08-16T08:34:19","slug":"das-kirchenjahr-ler-projekt","status":"publish","type":"page","link":"https:\/\/www.lausitzer-museenland.de\/cs\/sluzba\/kobi\/projekt-cirkevniho-roku\/","title":{"rendered":"C\u00edrkevn\u00ed rok - projekt LER v kostele v Dissenu"},"content":{"rendered":"<p>V tomto projektu LER Bernd Pittkunings jako vy\u0161kolen\u00fd katecheta prov\u00e1d\u00ed \u017e\u00e1ky kr\u00e1sn\u011b vyzdoben\u00fdm kostelem v Dissenu. \u017d\u00e1ci se p\u0159i prohl\u00eddce malovan\u00fdch galeri\u00ed dozv\u00eddaj\u00ed o v\u0161ech c\u00edrkevn\u00edch sv\u00e1tc\u00edch a mohou kl\u00e1st ot\u00e1zky t\u00fdkaj\u00edc\u00ed se kostela a bohoslu\u017eeb.<\/p>\n<p>Nab\u00eddka prob\u00edh\u00e1 v interi\u00e9ru a je ur\u010dena pro p\u0159ed\u0161koln\u00ed d\u011bti a \u017e\u00e1ky do 7. t\u0159\u00eddy.<br \/>\nTerm\u00edny: dle dohody<br \/>\nP\u0159edb\u011b\u017en\u00e1 registrace: alespo\u0148 2 t\u00fddny p\u0159edem<br \/>\nDoba trv\u00e1n\u00ed: 45 minut<br \/>\nVelikost skupiny: 6 a\u017e 30 osob<\/p>\n<p>Po dohod\u011b lze vyu\u017e\u00edt i dal\u0161\u00ed nab\u00eddky m\u00edstn\u00edho historick\u00e9ho muzea.<\/p>\n<p><a title=\"Heimatmuseum Dissen \/ Domowniski muzej De\u0161no\" href=\"\/museen\/heimatmuseum-dissen\/\">Muzeum m\u00edstn\u00ed historie Dissen<\/a><\/p>","protected":false},"excerpt":{"rendered":"<p>V tomto projektu LER Bernd Pittkunings jako vy\u0161kolen\u00fd katecheta prov\u00e1d\u00ed \u017e\u00e1ky kr\u00e1sn\u011b vyzdoben\u00fdm kostelem v Dissenu. \u017d\u00e1ci se p\u0159i prohl\u00eddce malovan\u00fdch galeri\u00ed dozv\u00eddaj\u00ed o v\u0161ech c\u00edrkevn\u00edch sv\u00e1tc\u00edch a mohou kl\u00e1st ot\u00e1zky t\u00fdkaj\u00edc\u00ed se kostela a bohoslu\u017eeb. Nab\u00eddka prob\u00edh\u00e1 v interi\u00e9ru a je ur\u010dena p\u0159ed\u0161koln\u00edm d\u011btem a \u017e\u00e1k\u016fm do 7. t\u0159\u00eddy. Term\u00edny: dle dohody P\u0159edb\u011b\u017en\u00e9 p\u0159ihl\u00e1\u0161en\u00ed:<\/p>","protected":false},"author":13,"featured_media":0,"parent":380,"menu_order":0,"comment_status":"closed","ping_status":"closed","template":"","meta":[],"_links":{"self":[{"href":"https:\/\/www.lausitzer-museenland.de\/cs\/wp-json\/wp\/v2\/pages\/509"}],"collection":[{"href":"https:\/\/www.lausitzer-museenland.de\/cs\/wp-json\/wp\/v2\/pages"}],"about":[{"href":"https:\/\/www.lausitzer-museenland.de\/cs\/wp-json\/wp\/v2\/types\/page"}],"author":[{"embeddable":true,"href":"https:\/\/www.lausitzer-museenland.de\/cs\/wp-json\/wp\/v2\/users\/13"}],"replies":[{"embeddable":true,"href":"https:\/\/www.lausitzer-museenland.de\/cs\/wp-json\/wp\/v2\/comments?post=509"}],"version-history":[{"count":7,"href":"https:\/\/www.lausitzer-museenland.de\/cs\/wp-json\/wp\/v2\/pages\/509\/revisions"}],"predecessor-version":[{"id":26358,"href":"https:\/\/www.lausitzer-museenland.de\/cs\/wp-json\/wp\/v2\/pages\/509\/revisions\/26358"}],"up":[{"embeddable":true,"href":"https:\/\/www.lausitzer-museenland.de\/cs\/wp-json\/wp\/v2\/pages\/380"}],"wp:attachment":[{"href":"https:\/\/www.lausitzer-museenland.de\/cs\/wp-json\/wp\/v2\/media?parent=509"}],"curies":[{"name":"wp","href":"https:\/\/api.w.org\/{rel}","templated":true}]}}

Církevní rok - projekt LER v kostele v Dissenu

<p>V tomto projektu LER Bernd Pittkunings jako vyškolený katecheta provádí žáky krásně vyzdobeným kostelem v Dissenu. Žáci se při prohlídce malovaných galerií dozvídají o všech církevních svátcích a mohou klást otázky týkající se kostela a bohoslužeb.</p>
<p>Nabídka probíhá v interiéru a je určena pro předškolní děti a žáky do 7. třídy.<br />
Termíny: dle dohody<br />
Předběžná registrace: alespoň 2 týdny předem<br />
Doba trvání: 45 minut<br />
Velikost skupiny: 6 až 30 osob</p>
<p>Po dohodě lze využít i další nabídky místního historického muzea.</p>
<p><a title="Heimatmuseum Dissen / Domowniski muzej Dešno" href="/museen/heimatmuseum-dissen/">Muzeum místní historie Dissen</a></p>

<p>V tomto projektu LER Bernd Pittkunings jako vyškolený katecheta provádí žáky krásně vyzdobeným kostelem v Dissenu. Žáci se při prohlídce malovaných galerií dozvídají o všech církevních svátcích a mohou klást otázky týkající se kostela a bohoslužeb. Nabídka probíhá v interiéru a je určena předškolním dětem a žákům do 7. třídy. Termíny: dle dohody Předběžné přihlášení:</p>
