{"id":546,"date":"2014-11-14T15:27:10","date_gmt":"2014-11-14T14:27:10","guid":{"rendered":"http:\/\/lausitzer-museenland.de\/?page_id=546"},"modified":"2014-12-17T16:33:16","modified_gmt":"2014-12-17T15:33:16","slug":"projekttag-im-stadt-und-industriemuseum-guben","status":"publish","type":"page","link":"https:\/\/www.lausitzer-museenland.de\/cs\/sluzba\/kobi\/projektovy-den-ve-mestskem-a-prumyslovem-muzeu-guben\/","title":{"rendered":"Slavnostn\u00ed p\u0159ed\u00e1v\u00e1n\u00ed certifik\u00e1t\u016f v M\u011bstsk\u00e9m a pr\u016fmyslov\u00e9m muzeu v Gubenu"},"content":{"rendered":"<p>\u017d\u00e1ky p\u0159iv\u00edt\u00e1 pracovn\u00edk muzea a kr\u00e1tce je p\u0159edstav\u00ed. Pot\u00e9 t\u0159\u00eddn\u00ed u\u010ditel p\u0159evezme t\u0159\u00eddu a p\u0159ed\u00e1 vysv\u011bd\u010den\u00ed. Pot\u00e9 si \u017e\u00e1ci mohou vyzkou\u0161et r\u016fzn\u00e9 klobouky a pokr\u00fdvky hlavy na \"Opravdov\u00e9 kloboukov\u00e9 zku\u0161ebn\u011b\" (mo\u017enost fotografov\u00e1n\u00ed doprovodem).<\/p>\n<p>Dal\u0161\u00ed\/dopl\u0148kov\u00e9 nab\u00eddky lze vyu\u017e\u00edt na vy\u017e\u00e1d\u00e1n\u00ed.<\/p>\n<p>Nab\u00eddka prob\u00edh\u00e1 v interi\u00e9ru a je ur\u010dena \u0161kol\u00e1k\u016fm.<br \/>\nt\u0159\u00edd 1 a\u017e 10.<br \/>\nTerm\u00edny: po dohod\u011b v den vyd\u00e1n\u00ed zpr\u00e1vy<br \/>\nP\u0159edb\u011b\u017en\u00e1 registrace: alespo\u0148 2 m\u011bs\u00edce p\u0159edem<br \/>\nDoba trv\u00e1n\u00ed: p\u0159ibli\u017en\u011b 45 minut<br \/>\nVelikost skupiny: a\u017e 30 osob<br \/>\nVstupn\u00e9 na osobu: 1,50 \u20ac (\u0161koly v Gubenu maj\u00ed vstup zdarma)<\/p>\n<p><a title=\"Gubensk\u00e9 m\u011bstsk\u00e9 a pr\u016fmyslov\u00e9 muzeum \/ M\u011bs\u0107a\u0144ski a industrijowy muzej Gubin\" href=\"\/museen\/stadt-und-industriemuseum-guben\/\">M\u011bstsk\u00e9 a pr\u016fmyslov\u00e9 muzeum Guben<\/a><\/p>","protected":false},"excerpt":{"rendered":"<p>\u017d\u00e1ky p\u0159iv\u00edt\u00e1 pracovn\u00edk muzea a kr\u00e1tce je p\u0159edstav\u00ed. Pot\u00e9 t\u0159\u00eddn\u00ed u\u010ditel p\u0159evezme t\u0159\u00eddu a p\u0159ed\u00e1 vysv\u011bd\u010den\u00ed. Pot\u00e9 si \u017e\u00e1ci mohou vyzkou\u0161et r\u016fzn\u00e9 klobouky a pokr\u00fdvky hlavy na \"Opravdov\u00e9 kloboukov\u00e9 zku\u0161ebn\u011b\" (mo\u017enost fotografov\u00e1n\u00ed doprovodem). Dal\u0161\u00ed\/dopl\u0148kov\u00e9 aktivity jsou k dispozici na vy\u017e\u00e1d\u00e1n\u00ed. Nab\u00eddka prob\u00edh\u00e1 v interi\u00e9ru<\/p>","protected":false},"author":13,"featured_media":0,"parent":380,"menu_order":0,"comment_status":"closed","ping_status":"closed","template":"","meta":[],"_links":{"self":[{"href":"https:\/\/www.lausitzer-museenland.de\/cs\/wp-json\/wp\/v2\/pages\/546"}],"collection":[{"href":"https:\/\/www.lausitzer-museenland.de\/cs\/wp-json\/wp\/v2\/pages"}],"about":[{"href":"https:\/\/www.lausitzer-museenland.de\/cs\/wp-json\/wp\/v2\/types\/page"}],"author":[{"embeddable":true,"href":"https:\/\/www.lausitzer-museenland.de\/cs\/wp-json\/wp\/v2\/users\/13"}],"replies":[{"embeddable":true,"href":"https:\/\/www.lausitzer-museenland.de\/cs\/wp-json\/wp\/v2\/comments?post=546"}],"version-history":[{"count":7,"href":"https:\/\/www.lausitzer-museenland.de\/cs\/wp-json\/wp\/v2\/pages\/546\/revisions"}],"predecessor-version":[{"id":3581,"href":"https:\/\/www.lausitzer-museenland.de\/cs\/wp-json\/wp\/v2\/pages\/546\/revisions\/3581"}],"up":[{"embeddable":true,"href":"https:\/\/www.lausitzer-museenland.de\/cs\/wp-json\/wp\/v2\/pages\/380"}],"wp:attachment":[{"href":"https:\/\/www.lausitzer-museenland.de\/cs\/wp-json\/wp\/v2\/media?parent=546"}],"curies":[{"name":"wp","href":"https:\/\/api.w.org\/{rel}","templated":true}]}}

Slavnostní předávání certifikátů v Městském a průmyslovém muzeu v Gubenu

<p>Žáky přivítá pracovník muzea a krátce je představí. Poté třídní učitel převezme třídu a předá vysvědčení. Poté si žáci mohou vyzkoušet různé klobouky a pokrývky hlavy na "Opravdové kloboukové zkušebně" (možnost fotografování doprovodem).</p>
<p>Další/doplňkové nabídky lze využít na vyžádání.</p>
<p>Nabídka probíhá v interiéru a je určena školákům.<br />
tříd 1 až 10.<br />
Termíny: po dohodě v den vydání zprávy<br />
Předběžná registrace: alespoň 2 měsíce předem<br />
Doba trvání: přibližně 45 minut<br />
Velikost skupiny: až 30 osob<br />
Vstupné na osobu: 1,50 € (školy v Gubenu mají vstup zdarma)</p>
<p><a title="Gubenské městské a průmyslové muzeum / Měsćański a industrijowy muzej Gubin" href="/museen/stadt-und-industriemuseum-guben/">Městské a průmyslové muzeum Guben</a></p>

<p>Žáky přivítá pracovník muzea a krátce je představí. Poté třídní učitel převezme třídu a předá vysvědčení. Poté si žáci mohou vyzkoušet různé klobouky a pokrývky hlavy na "Opravdové kloboukové zkušebně" (možnost fotografování doprovodem). Další/doplňkové aktivity jsou k dispozici na vyžádání. Nabídka probíhá v interiéru</p>
