{"id":548,"date":"2014-11-14T15:29:07","date_gmt":"2014-11-14T14:29:07","guid":{"rendered":"http:\/\/lausitzer-museenland.de\/?page_id=548"},"modified":"2014-12-17T16:21:20","modified_gmt":"2014-12-17T15:21:20","slug":"projekttag-im-heimatmuseum-guben","status":"publish","type":"page","link":"https:\/\/www.lausitzer-museenland.de\/cs\/sluzba\/kobi\/projektovy-den-domaci-muzeum-guben\/","title":{"rendered":"Vyd\u00e1n\u00ed vysv\u011bd\u010den\u00ed - projektov\u00fd den v m\u00edstn\u00edm historick\u00e9m muzeu \"Sprucker M\u00fchle\" Guben"},"content":{"rendered":"<p>Projektov\u00fd den v m\u00edstn\u00edm historick\u00e9m muzeu \"Sprucker M\u00fchle\" Guben<\/p>\n<p>T\u0159\u00eddn\u00ed u\u010ditelka p\u0159ed\u00e1v\u00e1 vysv\u011bd\u010den\u00ed v historick\u00e9 u\u010debn\u011b m\u00edstn\u00edho historick\u00e9ho muzea \"Sprucker M\u00fchle\". B\u011bhem prohl\u00eddky m\u00edstn\u00edho historick\u00e9ho muzea se \u017e\u00e1ci dozv\u011bd\u00ed mnoho zaj\u00edmavost\u00ed.<\/p>\n<p>Nab\u00eddka prob\u00edh\u00e1 v interi\u00e9ru a je ur\u010dena \u0161kol\u00e1k\u016fm.<br \/>\nt\u0159\u00edd 1 a\u017e 10.<br \/>\nTerm\u00edny: po dohod\u011b v den vyd\u00e1n\u00ed zpr\u00e1vy<br \/>\nP\u0159edb\u011b\u017en\u00e1 registrace: alespo\u0148 2 t\u00fddny p\u0159edem<br \/>\nDoba trv\u00e1n\u00ed: p\u0159ibli\u017en\u011b 45 minut<br \/>\nVelikost skupiny: a\u017e 25 osob<br \/>\nVstupn\u00e9 na osobu: 1,00 a\u017e 2,00 \u20ac (\u0161koly v Gubenu maj\u00ed vstup zdarma).<br \/>\nZa prohl\u00eddku s pr\u016fvodcem se \u00fa\u010dtuje poplatek 20,00 \u20ac za skupinu.<\/p>\n<p><a title=\"&quot;Sprucker M\u00fchle&quot; Guben \/ &quot;Sprukojski m\u0142yn&quot; Gubin\" href=\"\/museen\/sprucker-muehle-guben\/\">Muzeum m\u00edstn\u00ed historie \"Sprucker M\u00fchle<\/a><\/p>","protected":false},"excerpt":{"rendered":"<p>Projektov\u00fd den v m\u00edstn\u00edm historick\u00e9m muzeu \"Sprucker M\u00fchle\" Guben T\u0159\u00eddn\u00ed u\u010ditelka p\u0159ed\u00e1v\u00e1 vysv\u011bd\u010den\u00ed v historick\u00e9 u\u010debn\u011b m\u00edstn\u00edho historick\u00e9ho muzea \"Sprucker M\u00fchle\". B\u011bhem prohl\u00eddky m\u00edstn\u00edho historick\u00e9ho muzea se \u017e\u00e1ci dozv\u011bd\u00ed mnoho zaj\u00edmav\u00e9ho. Nab\u00eddka se kon\u00e1 v interi\u00e9ru a je ur\u010dena \u017e\u00e1k\u016fm 1. a\u017e 10. t\u0159\u00edd. Term\u00edny: po domluv\u011b v den p\u0159ed\u00e1n\u00ed vysv\u011bd\u010den\u00ed P\u0159edb\u011b\u017en\u00e1 registrace: min.<\/p>","protected":false},"author":13,"featured_media":0,"parent":380,"menu_order":0,"comment_status":"closed","ping_status":"closed","template":"","meta":[],"_links":{"self":[{"href":"https:\/\/www.lausitzer-museenland.de\/cs\/wp-json\/wp\/v2\/pages\/548"}],"collection":[{"href":"https:\/\/www.lausitzer-museenland.de\/cs\/wp-json\/wp\/v2\/pages"}],"about":[{"href":"https:\/\/www.lausitzer-museenland.de\/cs\/wp-json\/wp\/v2\/types\/page"}],"author":[{"embeddable":true,"href":"https:\/\/www.lausitzer-museenland.de\/cs\/wp-json\/wp\/v2\/users\/13"}],"replies":[{"embeddable":true,"href":"https:\/\/www.lausitzer-museenland.de\/cs\/wp-json\/wp\/v2\/comments?post=548"}],"version-history":[{"count":7,"href":"https:\/\/www.lausitzer-museenland.de\/cs\/wp-json\/wp\/v2\/pages\/548\/revisions"}],"predecessor-version":[{"id":3575,"href":"https:\/\/www.lausitzer-museenland.de\/cs\/wp-json\/wp\/v2\/pages\/548\/revisions\/3575"}],"up":[{"embeddable":true,"href":"https:\/\/www.lausitzer-museenland.de\/cs\/wp-json\/wp\/v2\/pages\/380"}],"wp:attachment":[{"href":"https:\/\/www.lausitzer-museenland.de\/cs\/wp-json\/wp\/v2\/media?parent=548"}],"curies":[{"name":"wp","href":"https:\/\/api.w.org\/{rel}","templated":true}]}}

Vydání vysvědčení - projektový den v místním historickém muzeu "Sprucker Mühle" Guben

<p>Projektový den v místním historickém muzeu "Sprucker Mühle" Guben</p>
<p>Třídní učitelka předává vysvědčení v historické učebně místního historického muzea "Sprucker Mühle". Během prohlídky místního historického muzea se žáci dozvědí mnoho zajímavostí.</p>
<p>Nabídka probíhá v interiéru a je určena školákům.<br />
tříd 1 až 10.<br />
Termíny: po dohodě v den vydání zprávy<br />
Předběžná registrace: alespoň 2 týdny předem<br />
Doba trvání: přibližně 45 minut<br />
Velikost skupiny: až 25 osob<br />
Vstupné na osobu: 1,00 až 2,00 € (školy v Gubenu mají vstup zdarma).<br />
Za prohlídku s průvodcem se účtuje poplatek 20,00 € za skupinu.</p>
<p><a title="&quot;Sprucker Mühle&quot; Guben / &quot;Sprukojski młyn&quot; Gubin" href="/museen/sprucker-muehle-guben/">Muzeum místní historie "Sprucker Mühle</a></p>

<p>Projektový den v místním historickém muzeu "Sprucker Mühle" Guben Třídní učitelka předává vysvědčení v historické učebně místního historického muzea "Sprucker Mühle". Během prohlídky místního historického muzea se žáci dozvědí mnoho zajímavého. Nabídka se koná v interiéru a je určena žákům 1. až 10. tříd. Termíny: po domluvě v den předání vysvědčení Předběžná registrace: min.</p>
