{"id":555,"date":"2014-11-14T16:05:34","date_gmt":"2014-11-14T15:05:34","guid":{"rendered":"http:\/\/lausitzer-museenland.de\/?page_id=555"},"modified":"2014-12-17T16:34:24","modified_gmt":"2014-12-17T15:34:24","slug":"das-leben-der-menschen-von-damals","status":"publish","type":"page","link":"https:\/\/www.lausitzer-museenland.de\/cs\/sluzba\/kobi\/zivoty-lidi-tedy\/","title":{"rendered":"\u017divot tehdej\u0161\u00edch lid\u00ed ve \"Sprucker M\u00fchle\" Guben"},"content":{"rendered":"<p>V historick\u00e9 u\u010debn\u011b a ve \"star\u00e9 kuchyni\" m\u00edstn\u00edho historick\u00e9ho muzea \"Sprucker M\u00fchle\" je \u017e\u00e1k\u016fm vysv\u011btleno a uk\u00e1z\u00e1no, jak a za jak\u00fdch podm\u00ednek se u\u010dilo a \u017eilo v d\u0159\u00edv\u011bj\u0161\u00edch dob\u00e1ch. Z\u00e1rove\u0148 je vytvo\u0159en odkaz na \"tady a te\u010f\".<\/p>\n<p>Program prob\u00edh\u00e1 v interi\u00e9ru a je ur\u010den pro p\u0159ed\u0161koln\u00ed d\u011bti a \u017e\u00e1ky 1. a\u017e 6. t\u0159\u00eddy.<br \/>\nTerm\u00edny: dle dohody<br \/>\nP\u0159edb\u011b\u017en\u00e1 registrace: alespo\u0148 2 t\u00fddny p\u0159edem<br \/>\nDoba trv\u00e1n\u00ed: p\u0159ibli\u017en\u011b 45 minut<br \/>\nVelikost skupiny: a\u017e 25 osob<br \/>\nVstupn\u00e9 na osobu: 1,00 a\u017e 2,00 \u20ac (\u0161kolky a \u0161koly v Gubenu maj\u00ed vstup zdarma).<br \/>\nZa prohl\u00eddku s pr\u016fvodcem se \u00fa\u010dtuje poplatek 20,00 \u20ac za skupinu.<\/p>\n<p><a title=\"&quot;Sprucker M\u00fchle&quot; Guben \/ &quot;Sprukojski m\u0142yn&quot; Gubin\" href=\"\/museen\/sprucker-muehle-guben\/\">Muzeum m\u00edstn\u00ed historie \"Sprucker M\u00fchle<\/a><\/p>","protected":false},"excerpt":{"rendered":"<p>V historick\u00e9 u\u010debn\u011b a ve \"star\u00e9 kuchyni\" m\u00edstn\u00edho historick\u00e9ho muzea \"Sprucker M\u00fchle\" je \u017e\u00e1k\u016fm vysv\u011btleno a uk\u00e1z\u00e1no, jak a za jak\u00fdch podm\u00ednek prob\u00edhalo u\u010den\u00ed a \u017eivot v d\u0159\u00edv\u011bj\u0161\u00edch dob\u00e1ch. Sou\u010dasn\u011b je vytvo\u0159en odkaz na \"tady a te\u010f\". Program prob\u00edh\u00e1 v interi\u00e9ru a je ur\u010den pro p\u0159ed\u0161koln\u00ed d\u011bti a \u017e\u00e1ky 1. a\u017e 6. t\u0159\u00eddy. Term\u00edny: po<\/p>","protected":false},"author":13,"featured_media":0,"parent":380,"menu_order":0,"comment_status":"closed","ping_status":"closed","template":"","meta":[],"_links":{"self":[{"href":"https:\/\/www.lausitzer-museenland.de\/cs\/wp-json\/wp\/v2\/pages\/555"}],"collection":[{"href":"https:\/\/www.lausitzer-museenland.de\/cs\/wp-json\/wp\/v2\/pages"}],"about":[{"href":"https:\/\/www.lausitzer-museenland.de\/cs\/wp-json\/wp\/v2\/types\/page"}],"author":[{"embeddable":true,"href":"https:\/\/www.lausitzer-museenland.de\/cs\/wp-json\/wp\/v2\/users\/13"}],"replies":[{"embeddable":true,"href":"https:\/\/www.lausitzer-museenland.de\/cs\/wp-json\/wp\/v2\/comments?post=555"}],"version-history":[{"count":3,"href":"https:\/\/www.lausitzer-museenland.de\/cs\/wp-json\/wp\/v2\/pages\/555\/revisions"}],"predecessor-version":[{"id":3583,"href":"https:\/\/www.lausitzer-museenland.de\/cs\/wp-json\/wp\/v2\/pages\/555\/revisions\/3583"}],"up":[{"embeddable":true,"href":"https:\/\/www.lausitzer-museenland.de\/cs\/wp-json\/wp\/v2\/pages\/380"}],"wp:attachment":[{"href":"https:\/\/www.lausitzer-museenland.de\/cs\/wp-json\/wp\/v2\/media?parent=555"}],"curies":[{"name":"wp","href":"https:\/\/api.w.org\/{rel}","templated":true}]}}

Život tehdejších lidí ve "Sprucker Mühle" Guben

<p>V historické učebně a ve "staré kuchyni" místního historického muzea "Sprucker Mühle" je žákům vysvětleno a ukázáno, jak a za jakých podmínek se učilo a žilo v dřívějších dobách. Zároveň je vytvořen odkaz na "tady a teď".</p>
<p>Program probíhá v interiéru a je určen pro předškolní děti a žáky 1. až 6. třídy.<br />
Termíny: dle dohody<br />
Předběžná registrace: alespoň 2 týdny předem<br />
Doba trvání: přibližně 45 minut<br />
Velikost skupiny: až 25 osob<br />
Vstupné na osobu: 1,00 až 2,00 € (školky a školy v Gubenu mají vstup zdarma).<br />
Za prohlídku s průvodcem se účtuje poplatek 20,00 € za skupinu.</p>
<p><a title="&quot;Sprucker Mühle&quot; Guben / &quot;Sprukojski młyn&quot; Gubin" href="/museen/sprucker-muehle-guben/">Muzeum místní historie "Sprucker Mühle</a></p>

<p>V historické učebně a ve "staré kuchyni" místního historického muzea "Sprucker Mühle" je žákům vysvětleno a ukázáno, jak a za jakých podmínek probíhalo učení a život v dřívějších dobách. Současně je vytvořen odkaz na "tady a teď". Program probíhá v interiéru a je určen pro předškolní děti a žáky 1. až 6. třídy. Termíny: po</p>
