{"id":557,"date":"2014-11-14T16:30:23","date_gmt":"2014-11-14T15:30:23","guid":{"rendered":"http:\/\/lausitzer-museenland.de\/?page_id=557"},"modified":"2014-12-17T16:34:56","modified_gmt":"2014-12-17T15:34:56","slug":"vom-korn-zum-mehl","status":"publish","type":"page","link":"https:\/\/www.lausitzer-museenland.de\/cs\/sluzba\/kobi\/od-zrna-k-mouce\/","title":{"rendered":"Od obil\u00ed k mouce ve \"Sprucker M\u00fchle\" Guben"},"content":{"rendered":"<p>V historick\u00e9m vodn\u00edm ml\u00fdn\u011b m\u00edstn\u00edho historick\u00e9ho muzea \"Sprucker M\u00fchle\" se vysv\u011btluje a p\u0159edv\u00e1d\u00ed mlet\u00ed obil\u00ed (kuku\u0159ice) na mouku. Po prohl\u00eddce s pr\u016fvodcem maj\u00ed \u017e\u00e1ci mo\u017enost sami si v historick\u00e9m od\u011bvu uml\u00edt obil\u00ed na mouku na star\u00e9m ml\u00fdn\u011b (ru\u010dn\u00ed pr\u00e1ce).<\/p>\n<p>Program prob\u00edh\u00e1 v interi\u00e9ru a je ur\u010den pro p\u0159ed\u0161koln\u00ed d\u011bti a \u017e\u00e1ky 1. a\u017e 5. t\u0159\u00eddy.<br \/>\nTerm\u00edny: dle dohody<br \/>\nP\u0159edb\u011b\u017en\u00e1 registrace: alespo\u0148 2 t\u00fddny p\u0159edem<br \/>\nDoba trv\u00e1n\u00ed: p\u0159ibli\u017en\u011b 45 minut<br \/>\nVelikost skupiny: 6 a\u017e 25 osob<br \/>\nVstupn\u00e9 na osobu: 1,00 a\u017e 2,00 \u20ac (\u0161kolky a \u0161koly v Gubenu maj\u00ed vstup zdarma).<br \/>\nZa prohl\u00eddku s pr\u016fvodcem se \u00fa\u010dtuje poplatek 20,00 \u20ac za skupinu.<\/p>\n<p><a title=\"&quot;Sprucker M\u00fchle&quot; Guben \/ &quot;Sprukojski m\u0142yn&quot; Gubin\" href=\"\/museen\/sprucker-muehle-guben\/\">Muzeum m\u00edstn\u00ed historie \"Sprucker M\u00fchle<\/a><\/p>","protected":false},"excerpt":{"rendered":"<p>V historick\u00e9m vodn\u00edm ml\u00fdn\u011b m\u00edstn\u00edho historick\u00e9ho muzea \"Sprucker M\u00fchle\" se vysv\u011btluje a p\u0159edv\u00e1d\u00ed mlet\u00ed obil\u00ed (kuku\u0159ice) na mouku. Po prohl\u00eddce s pr\u016fvodcem maj\u00ed \u017e\u00e1ci mo\u017enost sami si v historick\u00e9m od\u011bvu uml\u00edt obil\u00ed na mouku na star\u00e9m ml\u00fdn\u011b (ru\u010dn\u00ed pr\u00e1ce). Nab\u00eddka se kon\u00e1 v interi\u00e9ru a je ur\u010dena p\u0159ed\u0161koln\u00edm d\u011btem i d\u011btem z mate\u0159sk\u00fdch \u0161kol.<\/p>","protected":false},"author":13,"featured_media":0,"parent":380,"menu_order":0,"comment_status":"closed","ping_status":"closed","template":"","meta":[],"_links":{"self":[{"href":"https:\/\/www.lausitzer-museenland.de\/cs\/wp-json\/wp\/v2\/pages\/557"}],"collection":[{"href":"https:\/\/www.lausitzer-museenland.de\/cs\/wp-json\/wp\/v2\/pages"}],"about":[{"href":"https:\/\/www.lausitzer-museenland.de\/cs\/wp-json\/wp\/v2\/types\/page"}],"author":[{"embeddable":true,"href":"https:\/\/www.lausitzer-museenland.de\/cs\/wp-json\/wp\/v2\/users\/13"}],"replies":[{"embeddable":true,"href":"https:\/\/www.lausitzer-museenland.de\/cs\/wp-json\/wp\/v2\/comments?post=557"}],"version-history":[{"count":3,"href":"https:\/\/www.lausitzer-museenland.de\/cs\/wp-json\/wp\/v2\/pages\/557\/revisions"}],"predecessor-version":[{"id":3584,"href":"https:\/\/www.lausitzer-museenland.de\/cs\/wp-json\/wp\/v2\/pages\/557\/revisions\/3584"}],"up":[{"embeddable":true,"href":"https:\/\/www.lausitzer-museenland.de\/cs\/wp-json\/wp\/v2\/pages\/380"}],"wp:attachment":[{"href":"https:\/\/www.lausitzer-museenland.de\/cs\/wp-json\/wp\/v2\/media?parent=557"}],"curies":[{"name":"wp","href":"https:\/\/api.w.org\/{rel}","templated":true}]}}

Od obilí k mouce ve "Sprucker Mühle" Guben

<p>V historickém vodním mlýně místního historického muzea "Sprucker Mühle" se vysvětluje a předvádí mletí obilí (kukuřice) na mouku. Po prohlídce s průvodcem mají žáci možnost sami si v historickém oděvu umlít obilí na mouku na starém mlýně (ruční práce).</p>
<p>Program probíhá v interiéru a je určen pro předškolní děti a žáky 1. až 5. třídy.<br />
Termíny: dle dohody<br />
Předběžná registrace: alespoň 2 týdny předem<br />
Doba trvání: přibližně 45 minut<br />
Velikost skupiny: 6 až 25 osob<br />
Vstupné na osobu: 1,00 až 2,00 € (školky a školy v Gubenu mají vstup zdarma).<br />
Za prohlídku s průvodcem se účtuje poplatek 20,00 € za skupinu.</p>
<p><a title="&quot;Sprucker Mühle&quot; Guben / &quot;Sprukojski młyn&quot; Gubin" href="/museen/sprucker-muehle-guben/">Muzeum místní historie "Sprucker Mühle</a></p>

<p>V historickém vodním mlýně místního historického muzea "Sprucker Mühle" se vysvětluje a předvádí mletí obilí (kukuřice) na mouku. Po prohlídce s průvodcem mají žáci možnost sami si v historickém oděvu umlít obilí na mouku na starém mlýně (ruční práce). Nabídka se koná v interiéru a je určena předškolním dětem i dětem z mateřských škol.</p>
