{"id":561,"date":"2014-11-14T16:33:55","date_gmt":"2014-11-14T15:33:55","guid":{"rendered":"http:\/\/lausitzer-museenland.de\/?page_id=561"},"modified":"2014-12-17T16:36:32","modified_gmt":"2014-12-17T15:36:32","slug":"ostereier-selbst-gestaltet","status":"publish","type":"page","link":"https:\/\/www.lausitzer-museenland.de\/cs\/sluzba\/kobi\/velikonocni-vajicka-samozrejme\/","title":{"rendered":"Velikono\u010dn\u00ed vaj\u00ed\u010dka vlastnoru\u010dn\u011b navr\u017een\u00e1 ve \"Sprucker M\u00fchle\" Guben"},"content":{"rendered":"<p>Pomoc\u00ed r\u016fzn\u00fdch technik se pod dohledem vytv\u00e1\u0159ej\u00ed barevn\u00e1 velikono\u010dn\u00ed vaj\u00ed\u010dka.<\/p>\n<p>Tyto pracovn\u00ed materi\u00e1ly je t\u0159eba si vz\u00edt s sebou:<strong><em><br \/>\n<\/em><\/strong>Vejce natvrdo (po dohod\u011b)<\/p>\n<p>Program prob\u00edh\u00e1 v interi\u00e9ru i exteri\u00e9ru a je ur\u010den pro \u017e\u00e1ky 1. a\u017e 7. t\u0159\u00eddy.<br \/>\nTerm\u00edny: dle dohody<br \/>\nP\u0159edb\u011b\u017en\u00e1 registrace: alespo\u0148 1 m\u011bs\u00edc p\u0159edem (dlouhodob\u00e1 registrace, proto\u017ee nab\u00eddku provozuj\u00ed t\u0159et\u00ed strany).<br \/>\nDoba trv\u00e1n\u00ed: p\u0159ibli\u017en\u011b 45 a\u017e 90 minut (v z\u00e1vislosti na v\u011bku a velikosti skupiny)<br \/>\nVelikost skupiny: 6 a\u017e 25 osob<br \/>\nVstupn\u00e9 na osobu: 1,00 a\u017e 2,00 \u20ac (\u0161koly v Gubenu maj\u00ed vstup zdarma).<br \/>\nP\u0159\u00edsp\u011bvek na n\u00e1klady na osobu (na materi\u00e1l nebo podobn\u00e9 n\u00e1klady): 2,00 a\u017e 4,00 EUR<\/p>\n<p><a title=\"&quot;Sprucker M\u00fchle&quot; Guben \/ &quot;Sprukojski m\u0142yn&quot; Gubin\" href=\"\/museen\/sprucker-muehle-guben\/\">Muzeum m\u00edstn\u00ed historie \"Sprucker M\u00fchle<\/a><\/p>","protected":false},"excerpt":{"rendered":"<p>Pomoc\u00ed r\u016fzn\u00fdch technik se pod dohledem vyr\u00e1b\u00ed barevn\u00e1 velikono\u010dn\u00ed vaj\u00ed\u010dka. Tyto materi\u00e1ly je t\u0159eba si p\u0159in\u00e9st s sebou: vejce natvrdo (po dohod\u011b) Nab\u00eddka prob\u00edh\u00e1 uvnit\u0159 i venku a je ur\u010dena \u017e\u00e1k\u016fm 1. a\u017e 7. t\u0159\u00edd. Term\u00edny: po dohod\u011b P\u0159edb\u011b\u017en\u00e1 registrace: minim\u00e1ln\u011b 1 m\u011bs\u00edc p\u0159edem (dlouhodob\u00e1 registrace, proto\u017ee nab\u00eddka je realizov\u00e1na t\u0159et\u00edmi stranami) Doba trv\u00e1n\u00ed:<\/p>","protected":false},"author":13,"featured_media":0,"parent":380,"menu_order":0,"comment_status":"closed","ping_status":"closed","template":"","meta":[],"_links":{"self":[{"href":"https:\/\/www.lausitzer-museenland.de\/cs\/wp-json\/wp\/v2\/pages\/561"}],"collection":[{"href":"https:\/\/www.lausitzer-museenland.de\/cs\/wp-json\/wp\/v2\/pages"}],"about":[{"href":"https:\/\/www.lausitzer-museenland.de\/cs\/wp-json\/wp\/v2\/types\/page"}],"author":[{"embeddable":true,"href":"https:\/\/www.lausitzer-museenland.de\/cs\/wp-json\/wp\/v2\/users\/13"}],"replies":[{"embeddable":true,"href":"https:\/\/www.lausitzer-museenland.de\/cs\/wp-json\/wp\/v2\/comments?post=561"}],"version-history":[{"count":4,"href":"https:\/\/www.lausitzer-museenland.de\/cs\/wp-json\/wp\/v2\/pages\/561\/revisions"}],"predecessor-version":[{"id":3586,"href":"https:\/\/www.lausitzer-museenland.de\/cs\/wp-json\/wp\/v2\/pages\/561\/revisions\/3586"}],"up":[{"embeddable":true,"href":"https:\/\/www.lausitzer-museenland.de\/cs\/wp-json\/wp\/v2\/pages\/380"}],"wp:attachment":[{"href":"https:\/\/www.lausitzer-museenland.de\/cs\/wp-json\/wp\/v2\/media?parent=561"}],"curies":[{"name":"wp","href":"https:\/\/api.w.org\/{rel}","templated":true}]}}

Velikonoční vajíčka vlastnoručně navržená ve "Sprucker Mühle" Guben

<p>Pomocí různých technik se pod dohledem vytvářejí barevná velikonoční vajíčka.</p>
<p>Tyto pracovní materiály je třeba si vzít s sebou:<strong><em><br />
</em></strong>Vejce natvrdo (po dohodě)</p>
<p>Program probíhá v interiéru i exteriéru a je určen pro žáky 1. až 7. třídy.<br />
Termíny: dle dohody<br />
Předběžná registrace: alespoň 1 měsíc předem (dlouhodobá registrace, protože nabídku provozují třetí strany).<br />
Doba trvání: přibližně 45 až 90 minut (v závislosti na věku a velikosti skupiny)<br />
Velikost skupiny: 6 až 25 osob<br />
Vstupné na osobu: 1,00 až 2,00 € (školy v Gubenu mají vstup zdarma).<br />
Příspěvek na náklady na osobu (na materiál nebo podobné náklady): 2,00 až 4,00 EUR</p>
<p><a title="&quot;Sprucker Mühle&quot; Guben / &quot;Sprukojski młyn&quot; Gubin" href="/museen/sprucker-muehle-guben/">Muzeum místní historie "Sprucker Mühle</a></p>

<p>Pomocí různých technik se pod dohledem vyrábí barevná velikonoční vajíčka. Tyto materiály je třeba si přinést s sebou: vejce natvrdo (po dohodě) Nabídka probíhá uvnitř i venku a je určena žákům 1. až 7. tříd. Termíny: po dohodě Předběžná registrace: minimálně 1 měsíc předem (dlouhodobá registrace, protože nabídka je realizována třetími stranami) Doba trvání:</p>
