{"id":583,"date":"2014-11-14T16:56:48","date_gmt":"2014-11-14T15:56:48","guid":{"rendered":"http:\/\/lausitzer-museenland.de\/?page_id=583"},"modified":"2014-12-17T17:08:50","modified_gmt":"2014-12-17T16:08:50","slug":"wie-ein-hut-entsteht","status":"publish","type":"page","link":"https:\/\/www.lausitzer-museenland.de\/cs\/sluzba\/kobi\/how-a-hat-emerges\/","title":{"rendered":"\"Jak se d\u011bl\u00e1 klobouk\" - prom\u00edt\u00e1n\u00ed filmu o v\u00fdrob\u011b klobouku v M\u011bstsk\u00e9m a pr\u016fmyslov\u00e9m muzeu Guben"},"content":{"rendered":"<p>V r\u00e1mci n\u00e1v\u0161t\u011bvy muzea je d\u011btem a ml\u00e1de\u017ei prom\u00edt\u00e1n film (DVD) o v\u00fdrob\u011b klobouk\u016f v b\u00fdval\u00e9m z\u00e1vod\u011b VEB Hutwerke Guben. Film dopl\u0148uje v\u00fdstavu t\u00edm, \u017ee ilustruje n\u00e1ro\u010dnou pr\u00e1ci p\u0159i v\u00fdrob\u011b klobouk\u016f (d\u00e9lka filmu cca 20 minut).<\/p>\n<p>Nab\u00eddka se kon\u00e1 v interi\u00e9ru a je zam\u011b\u0159ena na<br \/>\nP\u0159ed\u0161koln\u00ed d\u011bti a \u017e\u00e1ci do 10. t\u0159\u00eddy.<br \/>\nTerm\u00edny: dle dohody<br \/>\nP\u0159edb\u011b\u017en\u00e1 registrace: alespo\u0148 2 dny p\u0159edem<br \/>\nDoba trv\u00e1n\u00ed: 1 a\u017e 2,5 hodiny<br \/>\nVelikost skupiny: 5 a\u017e 30 osob<br \/>\nVstupn\u00e9 na osobu: 1,50 \u20ac (\u0161koly a \u0161kolky v Gubenu maj\u00ed vstup zdarma).<br \/>\nZa prom\u00edt\u00e1n\u00ed filmu bude vyb\u00edr\u00e1n p\u0159\u00edsp\u011bvek na n\u00e1klady ve v\u00fd\u0161i 15,00 \u20ac.<\/p>\n<p><a title=\"Gubensk\u00e9 m\u011bstsk\u00e9 a pr\u016fmyslov\u00e9 muzeum \/ M\u011bs\u0107a\u0144ski a industrijowy muzej Gubin\" href=\"\/museen\/stadt-und-industriemuseum-guben\/\">M\u011bstsk\u00e9 a pr\u016fmyslov\u00e9 muzeum Guben<\/a><\/p>","protected":false},"excerpt":{"rendered":"<p>V r\u00e1mci n\u00e1v\u0161t\u011bvy muzea je d\u011btem a ml\u00e1de\u017ei prom\u00edt\u00e1n film (DVD) o v\u00fdrob\u011b klobouk\u016f v b\u00fdval\u00e9m z\u00e1vod\u011b VEB Hutwerke Guben. Krom\u011b v\u00fdstavy film ilustruje n\u00e1ro\u010dnou pr\u00e1ci p\u0159i v\u00fdrob\u011b klobouk\u016f (d\u00e9lka cca 20 minut). Film se prom\u00edt\u00e1 v interi\u00e9ru a je ur\u010den d\u011btem p\u0159ed\u0161koln\u00edho v\u011bku a \u017e\u00e1k\u016fm do 10. t\u0159\u00eddy.<\/p>","protected":false},"author":13,"featured_media":0,"parent":380,"menu_order":0,"comment_status":"closed","ping_status":"closed","template":"","meta":[],"_links":{"self":[{"href":"https:\/\/www.lausitzer-museenland.de\/cs\/wp-json\/wp\/v2\/pages\/583"}],"collection":[{"href":"https:\/\/www.lausitzer-museenland.de\/cs\/wp-json\/wp\/v2\/pages"}],"about":[{"href":"https:\/\/www.lausitzer-museenland.de\/cs\/wp-json\/wp\/v2\/types\/page"}],"author":[{"embeddable":true,"href":"https:\/\/www.lausitzer-museenland.de\/cs\/wp-json\/wp\/v2\/users\/13"}],"replies":[{"embeddable":true,"href":"https:\/\/www.lausitzer-museenland.de\/cs\/wp-json\/wp\/v2\/comments?post=583"}],"version-history":[{"count":3,"href":"https:\/\/www.lausitzer-museenland.de\/cs\/wp-json\/wp\/v2\/pages\/583\/revisions"}],"predecessor-version":[{"id":3599,"href":"https:\/\/www.lausitzer-museenland.de\/cs\/wp-json\/wp\/v2\/pages\/583\/revisions\/3599"}],"up":[{"embeddable":true,"href":"https:\/\/www.lausitzer-museenland.de\/cs\/wp-json\/wp\/v2\/pages\/380"}],"wp:attachment":[{"href":"https:\/\/www.lausitzer-museenland.de\/cs\/wp-json\/wp\/v2\/media?parent=583"}],"curies":[{"name":"wp","href":"https:\/\/api.w.org\/{rel}","templated":true}]}}

"Jak se dělá klobouk" - promítání filmu o výrobě klobouku v Městském a průmyslovém muzeu Guben

<p>V rámci návštěvy muzea je dětem a mládeži promítán film (DVD) o výrobě klobouků v bývalém závodě VEB Hutwerke Guben. Film doplňuje výstavu tím, že ilustruje náročnou práci při výrobě klobouků (délka filmu cca 20 minut).</p>
<p>Nabídka se koná v interiéru a je zaměřena na<br />
Předškolní děti a žáci do 10. třídy.<br />
Termíny: dle dohody<br />
Předběžná registrace: alespoň 2 dny předem<br />
Doba trvání: 1 až 2,5 hodiny<br />
Velikost skupiny: 5 až 30 osob<br />
Vstupné na osobu: 1,50 € (školy a školky v Gubenu mají vstup zdarma).<br />
Za promítání filmu bude vybírán příspěvek na náklady ve výši 15,00 €.</p>
<p><a title="Gubenské městské a průmyslové muzeum / Měsćański a industrijowy muzej Gubin" href="/museen/stadt-und-industriemuseum-guben/">Městské a průmyslové muzeum Guben</a></p>

<p>V rámci návštěvy muzea je dětem a mládeži promítán film (DVD) o výrobě klobouků v bývalém závodě VEB Hutwerke Guben. Kromě výstavy film ilustruje náročnou práci při výrobě klobouků (délka cca 20 minut). Film se promítá v interiéru a je určen dětem předškolního věku a žákům do 10. třídy.</p>
