{"id":601,"date":"2014-11-14T17:08:58","date_gmt":"2014-11-14T16:08:58","guid":{"rendered":"http:\/\/lausitzer-museenland.de\/?page_id=601"},"modified":"2017-04-05T12:39:21","modified_gmt":"2017-04-05T11:39:21","slug":"serviettentechnik","status":"publish","type":"page","link":"https:\/\/www.lausitzer-museenland.de\/cs\/sluzba\/kobi\/ubrouskova-technologie\/","title":{"rendered":"Ubrouskov\u00e1 technika v Braniborsk\u00e9m textiln\u00edm muzeu Forst"},"content":{"rendered":"<p>\u017d\u00e1ci absolvuj\u00ed prohl\u00eddku soukenick\u00e9 d\u00edlny na t\u00e9ma \"Od vlny k l\u00e1tce\". Dozv\u011bd\u00ed se mnoho zaj\u00edmavost\u00ed o historick\u00fdch stroj\u00edch, kter\u00e9 jsou nutn\u00e9 ke zpracov\u00e1n\u00ed vlny na l\u00e1tku.<\/p>\n<p>Nab\u00eddka prob\u00edh\u00e1 v interi\u00e9ru a je ur\u010dena \u0161kol\u00e1k\u016fm.<br \/>\nt\u0159\u00edd 3 a\u017e 6.<br \/>\nTerm\u00edny: dle dohody<br \/>\nP\u0159edb\u011b\u017en\u00e1 registrace alespo\u0148 1 t\u00fdden p\u0159edem<br \/>\nDoba trv\u00e1n\u00ed: p\u0159ibli\u017en\u011b 1 a\u017e 1,5 hodiny<br \/>\nVelikost skupiny: 5 a\u017e 30 osob<br \/>\nVstupn\u00e9 na osobu: 3,50 \u20ac<\/p>\n<p><a title=\"Braniborsk\u00e9 textiln\u00ed muzeum Forst (Lu\u017eice) \/ Bramborski tekstilny muzej Bar\u0161\u0107 (\u0141u\u017eyca)\" href=\"\/museen\/brandenburgisches-textilmuseum-forst\/\">Braniborsk\u00e9 textiln\u00ed muzeum Forst<\/a><\/p>","protected":false},"excerpt":{"rendered":"<p>\u017d\u00e1ci absolvuj\u00ed prohl\u00eddku soukenick\u00e9 d\u00edlny na t\u00e9ma \"Od vlny k l\u00e1tce\". Dozv\u00ed se mnoho zaj\u00edmavost\u00ed o historick\u00fdch stroj\u00edch, kter\u00e9 jsou pot\u0159eba ke zpracov\u00e1n\u00ed vlny a v\u00fdrob\u011b l\u00e1tky. Nab\u00eddka se kon\u00e1 v interi\u00e9ru a je ur\u010dena \u017e\u00e1k\u016fm 3. a\u017e 6. t\u0159\u00edd. Term\u00edny: po p\u0159edchoz\u00ed domluv\u011b.<\/p>","protected":false},"author":13,"featured_media":0,"parent":380,"menu_order":0,"comment_status":"closed","ping_status":"closed","template":"","meta":[],"_links":{"self":[{"href":"https:\/\/www.lausitzer-museenland.de\/cs\/wp-json\/wp\/v2\/pages\/601"}],"collection":[{"href":"https:\/\/www.lausitzer-museenland.de\/cs\/wp-json\/wp\/v2\/pages"}],"about":[{"href":"https:\/\/www.lausitzer-museenland.de\/cs\/wp-json\/wp\/v2\/types\/page"}],"author":[{"embeddable":true,"href":"https:\/\/www.lausitzer-museenland.de\/cs\/wp-json\/wp\/v2\/users\/13"}],"replies":[{"embeddable":true,"href":"https:\/\/www.lausitzer-museenland.de\/cs\/wp-json\/wp\/v2\/comments?post=601"}],"version-history":[{"count":4,"href":"https:\/\/www.lausitzer-museenland.de\/cs\/wp-json\/wp\/v2\/pages\/601\/revisions"}],"predecessor-version":[{"id":7873,"href":"https:\/\/www.lausitzer-museenland.de\/cs\/wp-json\/wp\/v2\/pages\/601\/revisions\/7873"}],"up":[{"embeddable":true,"href":"https:\/\/www.lausitzer-museenland.de\/cs\/wp-json\/wp\/v2\/pages\/380"}],"wp:attachment":[{"href":"https:\/\/www.lausitzer-museenland.de\/cs\/wp-json\/wp\/v2\/media?parent=601"}],"curies":[{"name":"wp","href":"https:\/\/api.w.org\/{rel}","templated":true}]}}

Ubrousková technika v Braniborském textilním muzeu Forst

<p>Žáci absolvují prohlídku soukenické dílny na téma "Od vlny k látce". Dozvědí se mnoho zajímavostí o historických strojích, které jsou nutné ke zpracování vlny na látku.</p>
<p>Nabídka probíhá v interiéru a je určena školákům.<br />
tříd 3 až 6.<br />
Termíny: dle dohody<br />
Předběžná registrace alespoň 1 týden předem<br />
Doba trvání: přibližně 1 až 1,5 hodiny<br />
Velikost skupiny: 5 až 30 osob<br />
Vstupné na osobu: 3,50 €</p>
<p><a title="Braniborské textilní muzeum Forst (Lužice) / Bramborski tekstilny muzej Baršć (Łužyca)" href="/museen/brandenburgisches-textilmuseum-forst/">Braniborské textilní muzeum Forst</a></p>

<p>Žáci absolvují prohlídku soukenické dílny na téma "Od vlny k látce". Dozví se mnoho zajímavostí o historických strojích, které jsou potřeba ke zpracování vlny a výrobě látky. Nabídka se koná v interiéru a je určena žákům 3. až 6. tříd. Termíny: po předchozí domluvě.</p>
