{"id":607,"date":"2014-11-14T17:12:55","date_gmt":"2014-11-14T16:12:55","guid":{"rendered":"http:\/\/lausitzer-museenland.de\/?page_id=607"},"modified":"2017-04-05T12:49:27","modified_gmt":"2017-04-05T11:49:27","slug":"wie-der-maulwurf-zu-einer-hose-kam","status":"publish","type":"page","link":"https:\/\/www.lausitzer-museenland.de\/cs\/sluzba\/kobi\/jak-mole-prisel-do-kalhot\/","title":{"rendered":"Jak krtek z\u00edskal kalhoty v Braniborsk\u00e9m textiln\u00edm muzeu Forst"},"content":{"rendered":"<p>\u010cte se obr\u00e1zkov\u00fd p\u0159\u00edb\u011bh o krtkovi Paul\u00edkovi, kter\u00fd chce kalhoty s velk\u00fdmi kapsami. D\u011bti v p\u0159\u00edb\u011bhu sly\u0161\u00ed a vid\u00ed mnoho r\u016fzn\u00fdch zv\u00ed\u0159at. Ka\u017ed\u00e9 zv\u00ed\u0159e ovl\u00e1d\u00e1 jin\u00e9 \u0159emeslo. Nap\u0159\u00edklad pavouci sp\u0159\u00e1daj\u00ed nit\u011b pro Pavla Krtka, aby utkal kalhoty. Piln\u00ed mravenci klad\u00edvkem, pilou a tesa\u0159em opracov\u00e1vaj\u00ed tkalcovsk\u00fd stav. Tkanina se tk\u00e1 na tkalcovsk\u00e9m stavu. Krtek Pauli a mnoho dal\u0161\u00edch zv\u00ed\u0159\u00e1tek dok\u00e1\u017eou spole\u010dn\u00fdmi silami vyrobit kalhoty s velk\u00fdmi kapsami. V p\u0159edv\u00e1d\u011bc\u00ed soukenick\u00e9 d\u00edln\u011b si d\u011bti vyzkou\u0161\u00ed v\u00fdrobu l\u00e1tky p\u0159i uk\u00e1zce stroj\u016f.<\/p>\n<p>Akce: Obl\u00e9k\u00e1n\u00ed postavy krtka<\/p>\n<p>Nab\u00eddka prob\u00edh\u00e1 v interi\u00e9ru a je ur\u010dena \u0161kol\u00e1k\u016fm.<br \/>\nt\u0159\u00edd 1 a\u017e 2.<br \/>\nTerm\u00edny: dle dohody<br \/>\nP\u0159edb\u011b\u017en\u00e1 registrace: alespo\u0148 1 t\u00fdden p\u0159edem<br \/>\nDoba trv\u00e1n\u00ed: p\u0159ibli\u017en\u011b 1,5 hodiny<br \/>\nVelikost skupiny: 5 a\u017e 30 osob<br \/>\nVstupn\u00e9 na osobu: 3,50 \u20ac<\/p>\n<p><a title=\"Braniborsk\u00e9 textiln\u00ed muzeum Forst (Lu\u017eice) \/ Bramborski tekstilny muzej Bar\u0161\u0107 (\u0141u\u017eyca)\" href=\"\/museen\/brandenburgisches-textilmuseum-forst\/\">Braniborsk\u00e9 textiln\u00ed muzeum Forst<\/a><\/p>","protected":false},"excerpt":{"rendered":"<p>\u010cte se obr\u00e1zkov\u00fd p\u0159\u00edb\u011bh o krtkovi Paul\u00edkovi, kter\u00fd chce kalhoty s velk\u00fdmi kapsami. D\u011bti v p\u0159\u00edb\u011bhu sly\u0161\u00ed a vid\u00ed mnoho r\u016fzn\u00fdch zv\u00ed\u0159at. Ka\u017ed\u00e9 zv\u00ed\u0159e ovl\u00e1d\u00e1 jin\u00e9 \u0159emeslo. Nap\u0159\u00edklad pavouci sp\u0159\u00e1daj\u00ed nit\u011b pro Pavla Krtka, aby utkal kalhoty. Pracovit\u00ed mravenci klad\u00edvkem, pilou a tesa\u0159em.<\/p>","protected":false},"author":13,"featured_media":0,"parent":380,"menu_order":0,"comment_status":"closed","ping_status":"closed","template":"","meta":[],"_links":{"self":[{"href":"https:\/\/www.lausitzer-museenland.de\/cs\/wp-json\/wp\/v2\/pages\/607"}],"collection":[{"href":"https:\/\/www.lausitzer-museenland.de\/cs\/wp-json\/wp\/v2\/pages"}],"about":[{"href":"https:\/\/www.lausitzer-museenland.de\/cs\/wp-json\/wp\/v2\/types\/page"}],"author":[{"embeddable":true,"href":"https:\/\/www.lausitzer-museenland.de\/cs\/wp-json\/wp\/v2\/users\/13"}],"replies":[{"embeddable":true,"href":"https:\/\/www.lausitzer-museenland.de\/cs\/wp-json\/wp\/v2\/comments?post=607"}],"version-history":[{"count":4,"href":"https:\/\/www.lausitzer-museenland.de\/cs\/wp-json\/wp\/v2\/pages\/607\/revisions"}],"predecessor-version":[{"id":8697,"href":"https:\/\/www.lausitzer-museenland.de\/cs\/wp-json\/wp\/v2\/pages\/607\/revisions\/8697"}],"up":[{"embeddable":true,"href":"https:\/\/www.lausitzer-museenland.de\/cs\/wp-json\/wp\/v2\/pages\/380"}],"wp:attachment":[{"href":"https:\/\/www.lausitzer-museenland.de\/cs\/wp-json\/wp\/v2\/media?parent=607"}],"curies":[{"name":"wp","href":"https:\/\/api.w.org\/{rel}","templated":true}]}}

Jak krtek získal kalhoty v Braniborském textilním muzeu Forst

<p>Čte se obrázkový příběh o krtkovi Paulíkovi, který chce kalhoty s velkými kapsami. Děti v příběhu slyší a vidí mnoho různých zvířat. Každé zvíře ovládá jiné řemeslo. Například pavouci spřádají nitě pro Pavla Krtka, aby utkal kalhoty. Pilní mravenci kladívkem, pilou a tesařem opracovávají tkalcovský stav. Tkanina se tká na tkalcovském stavu. Krtek Pauli a mnoho dalších zvířátek dokážou společnými silami vyrobit kalhoty s velkými kapsami. V předváděcí soukenické dílně si děti vyzkouší výrobu látky při ukázce strojů.</p>
<p>Akce: Oblékání postavy krtka</p>
<p>Nabídka probíhá v interiéru a je určena školákům.<br />
tříd 1 až 2.<br />
Termíny: dle dohody<br />
Předběžná registrace: alespoň 1 týden předem<br />
Doba trvání: přibližně 1,5 hodiny<br />
Velikost skupiny: 5 až 30 osob<br />
Vstupné na osobu: 3,50 €</p>
<p><a title="Braniborské textilní muzeum Forst (Lužice) / Bramborski tekstilny muzej Baršć (Łužyca)" href="/museen/brandenburgisches-textilmuseum-forst/">Braniborské textilní muzeum Forst</a></p>

<p>Čte se obrázkový příběh o krtkovi Paulíkovi, který chce kalhoty s velkými kapsami. Děti v příběhu slyší a vidí mnoho různých zvířat. Každé zvíře ovládá jiné řemeslo. Například pavouci spřádají nitě pro Pavla Krtka, aby utkal kalhoty. Pracovití mravenci kladívkem, pilou a tesařem.</p>
