{"id":609,"date":"2014-11-14T17:14:41","date_gmt":"2014-11-14T16:14:41","guid":{"rendered":"http:\/\/lausitzer-museenland.de\/?page_id=609"},"modified":"2017-04-05T12:50:17","modified_gmt":"2017-04-05T11:50:17","slug":"wie-die-schule-frueher-war","status":"publish","type":"page","link":"https:\/\/www.lausitzer-museenland.de\/cs\/sluzba\/kobi\/jak-skola-byla\/","title":{"rendered":"Jak se d\u0159\u00edve chodilo do \u0161koly v Braniborsk\u00e9m textiln\u00edm muzeu ve Forstu"},"content":{"rendered":"<p>\u017d\u00e1ci se sezn\u00e1m\u00ed s v\u00fdvojem \u0161koly ve m\u011bst\u011b Forst (Lu\u017eice). Vid\u00ed a sly\u0161\u00ed o prvn\u00ed \u0161koln\u00ed budov\u011b, prvn\u00edch vyu\u010dovac\u00edch p\u0159edm\u011btech a p\u0159\u00edsn\u00fdch u\u010ditel\u00edch. Program obohacuj\u00ed p\u0159\u00edb\u011bhy a report\u00e1\u017ee ze \u0161koln\u00edho \u017eivota a psan\u00ed hus\u00edm brkem a inkoustem.<br \/>\nAkce: Sed\u00ed ve star\u00e9 \u0161koln\u00ed lavici, p\u00ed\u0161e staron\u011bmeckou abecedu, h\u016fl na zkou\u0161ku.<\/p>\n<p>Nab\u00eddka prob\u00edh\u00e1 v interi\u00e9ru a je ur\u010dena \u0161kol\u00e1k\u016fm.<br \/>\nt\u0159\u00edd 3 a\u017e 6.<br \/>\nTerm\u00edny: dle dohody<br \/>\nP\u0159edb\u011b\u017en\u00e1 registrace: alespo\u0148 1 t\u00fdden p\u0159edem<br \/>\nDoba trv\u00e1n\u00ed: p\u0159ibli\u017en\u011b 2 a\u017e 3 hodiny<br \/>\nVelikost skupiny: 5 a\u017e 30 osob<br \/>\nVstupn\u00e9 na osobu: 3,50 \u20ac<\/p>\n<p><a title=\"Braniborsk\u00e9 textiln\u00ed muzeum Forst (Lu\u017eice) \/ Bramborski tekstilny muzej Bar\u0161\u0107 (\u0141u\u017eyca)\" href=\"\/museen\/brandenburgisches-textilmuseum-forst\/\">Braniborsk\u00e9 textiln\u00ed muzeum Forst<\/a><\/p>","protected":false},"excerpt":{"rendered":"<p>\u017d\u00e1ci se sezn\u00e1m\u00ed s v\u00fdvojem \u0161koly ve m\u011bst\u011b Forst (Lu\u017eice). Vid\u00ed a sly\u0161\u00ed o prvn\u00ed \u0161koln\u00ed budov\u011b, prvn\u00edch vyu\u010dovac\u00edch p\u0159edm\u011btech a p\u0159\u00edsn\u00fdch u\u010ditel\u00edch. Program obohacuj\u00ed p\u0159\u00edb\u011bhy a report\u00e1\u017ee ze \u0161koln\u00edho \u017eivota a psan\u00ed hus\u00edm brkem a inkoustem. D\u011bj: Sed\u00ed na star\u00e9 \u0161koln\u00ed lavici, p\u00ed\u0161e staron\u011bmeckou abecedu, h\u016fl na<\/p>","protected":false},"author":13,"featured_media":0,"parent":380,"menu_order":0,"comment_status":"closed","ping_status":"closed","template":"","meta":[],"_links":{"self":[{"href":"https:\/\/www.lausitzer-museenland.de\/cs\/wp-json\/wp\/v2\/pages\/609"}],"collection":[{"href":"https:\/\/www.lausitzer-museenland.de\/cs\/wp-json\/wp\/v2\/pages"}],"about":[{"href":"https:\/\/www.lausitzer-museenland.de\/cs\/wp-json\/wp\/v2\/types\/page"}],"author":[{"embeddable":true,"href":"https:\/\/www.lausitzer-museenland.de\/cs\/wp-json\/wp\/v2\/users\/13"}],"replies":[{"embeddable":true,"href":"https:\/\/www.lausitzer-museenland.de\/cs\/wp-json\/wp\/v2\/comments?post=609"}],"version-history":[{"count":4,"href":"https:\/\/www.lausitzer-museenland.de\/cs\/wp-json\/wp\/v2\/pages\/609\/revisions"}],"predecessor-version":[{"id":8862,"href":"https:\/\/www.lausitzer-museenland.de\/cs\/wp-json\/wp\/v2\/pages\/609\/revisions\/8862"}],"up":[{"embeddable":true,"href":"https:\/\/www.lausitzer-museenland.de\/cs\/wp-json\/wp\/v2\/pages\/380"}],"wp:attachment":[{"href":"https:\/\/www.lausitzer-museenland.de\/cs\/wp-json\/wp\/v2\/media?parent=609"}],"curies":[{"name":"wp","href":"https:\/\/api.w.org\/{rel}","templated":true}]}}

Jak se dříve chodilo do školy v Braniborském textilním muzeu ve Forstu

<p>Žáci se seznámí s vývojem školy ve městě Forst (Lužice). Vidí a slyší o první školní budově, prvních vyučovacích předmětech a přísných učitelích. Program obohacují příběhy a reportáže ze školního života a psaní husím brkem a inkoustem.<br />
Akce: Sedí ve staré školní lavici, píše staroněmeckou abecedu, hůl na zkoušku.</p>
<p>Nabídka probíhá v interiéru a je určena školákům.<br />
tříd 3 až 6.<br />
Termíny: dle dohody<br />
Předběžná registrace: alespoň 1 týden předem<br />
Doba trvání: přibližně 2 až 3 hodiny<br />
Velikost skupiny: 5 až 30 osob<br />
Vstupné na osobu: 3,50 €</p>
<p><a title="Braniborské textilní muzeum Forst (Lužice) / Bramborski tekstilny muzej Baršć (Łužyca)" href="/museen/brandenburgisches-textilmuseum-forst/">Braniborské textilní muzeum Forst</a></p>

<p>Žáci se seznámí s vývojem školy ve městě Forst (Lužice). Vidí a slyší o první školní budově, prvních vyučovacích předmětech a přísných učitelích. Program obohacují příběhy a reportáže ze školního života a psaní husím brkem a inkoustem. Děj: Sedí na staré školní lavici, píše staroněmeckou abecedu, hůl na</p>
