{"id":611,"date":"2014-11-14T17:16:21","date_gmt":"2014-11-14T16:16:21","guid":{"rendered":"http:\/\/lausitzer-museenland.de\/?page_id=611"},"modified":"2017-04-05T12:52:09","modified_gmt":"2017-04-05T11:52:09","slug":"wie-wurde-frueher-gewaschen","status":"publish","type":"page","link":"https:\/\/www.lausitzer-museenland.de\/cs\/sluzba\/kobi\/jak-bylo-pred-predchozimi\/","title":{"rendered":"Jak se pralo v minulosti? v Braniborsk\u00e9m textiln\u00edm muzeu Forst"},"content":{"rendered":"<p>Na n\u00e1dvo\u0159\u00ed muzea \u017e\u00e1ci nav\u0161t\u00edv\u00ed v\u00fdstavu pod \u0161ir\u00fdm nebem na t\u00e9ma \"Pran\u00ed od\u011bv\u016f\". Pot\u00e9 si mohou sami vyzkou\u0161et, jak pracn\u00e9 bylo pran\u00ed pro \u017eeny v minulosti. Zam\u011b\u0159uje se na pran\u00ed na pra\u010dce, v\u011b\u0161en\u00ed pr\u00e1dla a v\u00e1len\u00ed pr\u00e1dla ru\u010dn\u00edm v\u00e1lcem.<\/p>\n<p><em>N\u00e1pov\u011bda:<\/em><br \/>\nZvl\u00e1\u0161t\u011b vhodn\u00e9 jsou p\u0159edm\u011bty na pran\u00ed, jako jsou vlastn\u00ed pono\u017eky a ut\u011brky.<\/p>\n<p>Program prob\u00edh\u00e1 v interi\u00e9ru i exteri\u00e9ru a je ur\u010den pro \u017e\u00e1ky 2. a\u017e 6. t\u0159\u00eddy.<br \/>\nTerm\u00edny: dle dohody<br \/>\nP\u0159edb\u011b\u017en\u00e1 registrace: alespo\u0148 1 t\u00fdden p\u0159edem<br \/>\nDoba trv\u00e1n\u00ed: p\u0159ibli\u017en\u011b 2,5 a\u017e 3 hodiny<br \/>\nVelikost skupiny: 10 a\u017e 30 osob<br \/>\nVstupn\u00e9 na osobu: 3,50 \u20ac<\/p>\n<p><a title=\"Braniborsk\u00e9 textiln\u00ed muzeum Forst (Lu\u017eice) \/ Bramborski tekstilny muzej Bar\u0161\u0107 (\u0141u\u017eyca)\" href=\"\/museen\/brandenburgisches-textilmuseum-forst\/\">Braniborsk\u00e9 textiln\u00ed muzeum Forst<\/a><\/p>","protected":false},"excerpt":{"rendered":"<p>Na n\u00e1dvo\u0159\u00ed muzea \u017e\u00e1ci nav\u0161t\u00edv\u00ed v\u00fdstavu pod \u0161ir\u00fdm nebem na t\u00e9ma \"Pran\u00ed od\u011bv\u016f\". Pot\u00e9 si mohou sami vyzkou\u0161et, jak pracn\u00e9 bylo pran\u00ed pro \u017eeny v minulosti. Zam\u011b\u0159\u00ed se na pran\u00ed na pran\u00fd\u0159i, v\u011b\u0161en\u00ed pr\u00e1dla a v\u00e1len\u00ed pr\u00e1dla ru\u010dn\u00edm v\u00e1lcem. Pozn\u00e1mka: K pran\u00ed lze obzvl\u00e1\u0161t\u011b dob\u0159e vyu\u017e\u00edt p\u0159edm\u011bty z pr\u00e1dla, jako jsou vlastn\u00ed pono\u017eky a ut\u011brky.<\/p>","protected":false},"author":13,"featured_media":0,"parent":380,"menu_order":0,"comment_status":"closed","ping_status":"closed","template":"","meta":[],"_links":{"self":[{"href":"https:\/\/www.lausitzer-museenland.de\/cs\/wp-json\/wp\/v2\/pages\/611"}],"collection":[{"href":"https:\/\/www.lausitzer-museenland.de\/cs\/wp-json\/wp\/v2\/pages"}],"about":[{"href":"https:\/\/www.lausitzer-museenland.de\/cs\/wp-json\/wp\/v2\/types\/page"}],"author":[{"embeddable":true,"href":"https:\/\/www.lausitzer-museenland.de\/cs\/wp-json\/wp\/v2\/users\/13"}],"replies":[{"embeddable":true,"href":"https:\/\/www.lausitzer-museenland.de\/cs\/wp-json\/wp\/v2\/comments?post=611"}],"version-history":[{"count":4,"href":"https:\/\/www.lausitzer-museenland.de\/cs\/wp-json\/wp\/v2\/pages\/611\/revisions"}],"predecessor-version":[{"id":9027,"href":"https:\/\/www.lausitzer-museenland.de\/cs\/wp-json\/wp\/v2\/pages\/611\/revisions\/9027"}],"up":[{"embeddable":true,"href":"https:\/\/www.lausitzer-museenland.de\/cs\/wp-json\/wp\/v2\/pages\/380"}],"wp:attachment":[{"href":"https:\/\/www.lausitzer-museenland.de\/cs\/wp-json\/wp\/v2\/media?parent=611"}],"curies":[{"name":"wp","href":"https:\/\/api.w.org\/{rel}","templated":true}]}}

Jak se pralo v minulosti? v Braniborském textilním muzeu Forst

<p>Na nádvoří muzea žáci navštíví výstavu pod širým nebem na téma "Praní oděvů". Poté si mohou sami vyzkoušet, jak pracné bylo praní pro ženy v minulosti. Zaměřuje se na praní na pračce, věšení prádla a válení prádla ručním válcem.</p>
<p><em>Nápověda:</em><br />
Zvláště vhodné jsou předměty na praní, jako jsou vlastní ponožky a utěrky.</p>
<p>Program probíhá v interiéru i exteriéru a je určen pro žáky 2. až 6. třídy.<br />
Termíny: dle dohody<br />
Předběžná registrace: alespoň 1 týden předem<br />
Doba trvání: přibližně 2,5 až 3 hodiny<br />
Velikost skupiny: 10 až 30 osob<br />
Vstupné na osobu: 3,50 €</p>
<p><a title="Braniborské textilní muzeum Forst (Lužice) / Bramborski tekstilny muzej Baršć (Łužyca)" href="/museen/brandenburgisches-textilmuseum-forst/">Braniborské textilní muzeum Forst</a></p>

<p>Na nádvoří muzea žáci navštíví výstavu pod širým nebem na téma "Praní oděvů". Poté si mohou sami vyzkoušet, jak pracné bylo praní pro ženy v minulosti. Zaměří se na praní na pranýři, věšení prádla a válení prádla ručním válcem. Poznámka: K praní lze obzvláště dobře využít předměty z prádla, jako jsou vlastní ponožky a utěrky.</p>
