{"id":617,"date":"2014-11-14T17:24:35","date_gmt":"2014-11-14T16:24:35","guid":{"rendered":"http:\/\/lausitzer-museenland.de\/?page_id=617"},"modified":"2014-12-17T17:17:31","modified_gmt":"2014-12-17T16:17:31","slug":"auf-den-spuren-erwin-strittmatters-in-bohsdorf","status":"publish","type":"page","link":"https:\/\/www.lausitzer-museenland.de\/cs\/sluzba\/kobi\/na-stopach-erwin-strittmatters-v-bohsdorfu\/","title":{"rendered":"Po stop\u00e1ch Erwina Strittmattera v Bohsdorfu"},"content":{"rendered":"<p>D\u011bti a ml\u00e1de\u017e se na autentick\u00fdch m\u00edstech v Bohsdorfu sezn\u00e1m\u00ed s \u017eivotem a d\u00edlem b\u00e1sn\u00edka Erwina Strittmattera, z\u00edskaj\u00ed prvn\u00ed p\u0159edstavy o kr\u00e1se jeho jazyka a budou povzbuzeni k \u010detb\u011b jeho d\u011bl.<\/p>\n<ul>\n<li>Prohl\u00eddka obchodu s pr\u016fvodcem<\/li>\n<li>Dokument\u00e1rn\u00ed filmy o \u017eivot\u011b a d\u00edle spisovatele Erwina Strittmattera<\/li>\n<li>Kv\u00edz s cenami<\/li>\n<li>Malov\u00e1n\u00ed\/kreslen\u00ed na n\u00e1dvo\u0159\u00ed nebo na m\u00edst\u011b setk\u00e1v\u00e1n\u00ed \"Unter Eechen\".<\/li>\n<\/ul>\n<p>Program prob\u00edh\u00e1 v interi\u00e9ru i exteri\u00e9ru a je ur\u010den pro \u017e\u00e1ky 5. a\u017e 12. t\u0159\u00edd.<br \/>\nTerm\u00edny: dle dohody<br \/>\nP\u0159edb\u011b\u017en\u00e1 registrace: alespo\u0148 2 t\u00fddny p\u0159edem<\/p>\n<p>Doba trv\u00e1n\u00ed:<\/p>\n<ul>\n<li>Prohl\u00eddka obchodu s pr\u016fvodcem cca 45 minut<\/li>\n<li>Dokument\u00e1rn\u00ed filmy o \u017eivot\u011b a d\u00edle spisovatele Erwina Strittmattera cca 1 hod.<\/li>\n<li>Malov\u00e1n\u00ed\/kreslen\u00ed na n\u00e1dvo\u0159\u00ed nebo na m\u00edst\u011b setk\u00e1v\u00e1n\u00ed \"Unter Eechen\".<\/li>\n<li>p\u0159ibli\u017en\u011b 2 a\u017e 3 hodiny<\/li>\n<\/ul>\n<p>Velikost skupiny: a\u017e 30 osob<br \/>\nVstupn\u00e9 na osobu: 2,50 \u20ac<br \/>\nD\u011bti a ml\u00e1de\u017e: 0,50 \u20ac<\/p>\n<p><strong>Pozn\u00e1mka<\/strong>Nab\u00eddka p\u0159ich\u00e1z\u00ed na vy\u017e\u00e1d\u00e1n\u00ed tak\u00e9 do \u0161koly.<br \/>\nP\u0159edpoklad: k dispozici by m\u011bl b\u00fdt p\u0159ehr\u00e1va\u010d DVD<\/p>\n<p><a title=\"Pam\u00e1tn\u00edk Erwina Strittmattera &quot;The Shop&quot; Bohsdorf \/ Wopomni\u0161\u0107o Erwina Strittmattera &quot;Loda&quot; B\u00f3\u0161ojc\" href=\"\/museen\/erwin-strittmatter-gedenkstaette-der-laden-bohsdorf\/\">Pam\u00e1tn\u00edk Erwina Strittmattera Bohsdorf<\/a><\/p>","protected":false},"excerpt":{"rendered":"<p>D\u011bti a ml\u00e1de\u017e se na autentick\u00fdch m\u00edstech v Bohsdorfu sezn\u00e1m\u00ed s \u017eivotem a d\u00edlem b\u00e1sn\u00edka Erwina Strittmattera, z\u00edskaj\u00ed prvn\u00ed p\u0159edstavy o kr\u00e1se jeho jazyka a budou povzbuzeni k \u010detb\u011b jeho d\u011bl. Komentovan\u00e1 prohl\u00eddka prodejny Dokument\u00e1rn\u00ed filmy o \u017eivot\u011b a d\u00edle spisovatele Erwina Strittmattera Kv\u00edz o ceny Malov\u00e1n\u00ed\/kreslen\u00ed v prodejn\u011b<\/p>","protected":false},"author":13,"featured_media":0,"parent":380,"menu_order":0,"comment_status":"closed","ping_status":"closed","template":"","meta":[],"_links":{"self":[{"href":"https:\/\/www.lausitzer-museenland.de\/cs\/wp-json\/wp\/v2\/pages\/617"}],"collection":[{"href":"https:\/\/www.lausitzer-museenland.de\/cs\/wp-json\/wp\/v2\/pages"}],"about":[{"href":"https:\/\/www.lausitzer-museenland.de\/cs\/wp-json\/wp\/v2\/types\/page"}],"author":[{"embeddable":true,"href":"https:\/\/www.lausitzer-museenland.de\/cs\/wp-json\/wp\/v2\/users\/13"}],"replies":[{"embeddable":true,"href":"https:\/\/www.lausitzer-museenland.de\/cs\/wp-json\/wp\/v2\/comments?post=617"}],"version-history":[{"count":4,"href":"https:\/\/www.lausitzer-museenland.de\/cs\/wp-json\/wp\/v2\/pages\/617\/revisions"}],"predecessor-version":[{"id":3613,"href":"https:\/\/www.lausitzer-museenland.de\/cs\/wp-json\/wp\/v2\/pages\/617\/revisions\/3613"}],"up":[{"embeddable":true,"href":"https:\/\/www.lausitzer-museenland.de\/cs\/wp-json\/wp\/v2\/pages\/380"}],"wp:attachment":[{"href":"https:\/\/www.lausitzer-museenland.de\/cs\/wp-json\/wp\/v2\/media?parent=617"}],"curies":[{"name":"wp","href":"https:\/\/api.w.org\/{rel}","templated":true}]}}

Po stopách Erwina Strittmattera v Bohsdorfu

<p>Děti a mládež se na autentických místech v Bohsdorfu seznámí s životem a dílem básníka Erwina Strittmattera, získají první představy o kráse jeho jazyka a budou povzbuzeni k četbě jeho děl.</p>
<ul>
<li>Prohlídka obchodu s průvodcem</li>
<li>Dokumentární filmy o životě a díle spisovatele Erwina Strittmattera</li>
<li>Kvíz s cenami</li>
<li>Malování/kreslení na nádvoří nebo na místě setkávání "Unter Eechen".</li>
</ul>
<p>Program probíhá v interiéru i exteriéru a je určen pro žáky 5. až 12. tříd.<br />
Termíny: dle dohody<br />
Předběžná registrace: alespoň 2 týdny předem</p>
<p>Doba trvání:</p>
<ul>
<li>Prohlídka obchodu s průvodcem cca 45 minut</li>
<li>Dokumentární filmy o životě a díle spisovatele Erwina Strittmattera cca 1 hod.</li>
<li>Malování/kreslení na nádvoří nebo na místě setkávání "Unter Eechen".</li>
<li>přibližně 2 až 3 hodiny</li>
</ul>
<p>Velikost skupiny: až 30 osob<br />
Vstupné na osobu: 2,50 €<br />
Děti a mládež: 0,50 €</p>
<p><strong>Poznámka</strong>Nabídka přichází na vyžádání také do školy.<br />
Předpoklad: k dispozici by měl být přehrávač DVD</p>
<p><a title="Památník Erwina Strittmattera &quot;The Shop&quot; Bohsdorf / Wopomnišćo Erwina Strittmattera &quot;Loda&quot; Bóšojc" href="/museen/erwin-strittmatter-gedenkstaette-der-laden-bohsdorf/">Památník Erwina Strittmattera Bohsdorf</a></p>

<p>Děti a mládež se na autentických místech v Bohsdorfu seznámí s životem a dílem básníka Erwina Strittmattera, získají první představy o kráse jeho jazyka a budou povzbuzeni k četbě jeho děl. Komentovaná prohlídka prodejny Dokumentární filmy o životě a díle spisovatele Erwina Strittmattera Kvíz o ceny Malování/kreslení v prodejně</p>
