{"id":619,"date":"2014-11-14T17:26:37","date_gmt":"2014-11-14T16:26:37","guid":{"rendered":"http:\/\/lausitzer-museenland.de\/?page_id=619"},"modified":"2014-12-17T17:18:07","modified_gmt":"2014-12-17T16:18:07","slug":"waldbrandbekaempfung","status":"publish","type":"page","link":"https:\/\/www.lausitzer-museenland.de\/cs\/sluzba\/kobi\/haseni-lesnich-pozaru\/","title":{"rendered":"Boj s lesn\u00edmi po\u017e\u00e1ry v\u010dera a dnes v hasi\u010dsk\u00e9m muzeu Gosda II"},"content":{"rendered":"<p>B\u00fdval\u00e1 hasi\u010dsk\u00e1 zbrojnice slou\u017e\u00ed k senzibilizaci d\u011bt\u00ed a ml\u00e1de\u017ee k t\u00e9matu \"lesn\u00ed po\u017e\u00e1rn\u00ed ochrana\" a d\u00edky sv\u00e9mu historick\u00e9mu v\u00fdznamu v kombinaci s technickou expozic\u00ed je p\u0159itahuje do hasi\u010dsk\u00e9ho sboru ml\u00e1de\u017ee.<\/p>\n<p>Nab\u00eddka prob\u00edh\u00e1 v interi\u00e9ru i exteri\u00e9ru a je ur\u010dena \u0161kol\u00e1k\u016fm.<br \/>\nt\u0159\u00edd 1 a\u017e 10.<br \/>\nTerm\u00edny: dle dohody<br \/>\nP\u0159edb\u011b\u017en\u00e1 registrace: alespo\u0148 1 den p\u0159edem<\/p>\n<p><a title=\"Nau\u010dn\u00e1 stezka &quot;Boj s lesn\u00edmi po\u017e\u00e1ry v\u010dera a dnes&quot; Gosda II\" href=\"\/museen\/lehrpfad-waldbrandbekaempfung-gestern-und-heute-gosda-ii\/\">Hasi\u010dsk\u00e9 muzeum Gosda II<\/a><\/p>","protected":false},"excerpt":{"rendered":"<p>B\u00fdval\u00e1 hasi\u010dsk\u00e1 zbrojnice slou\u017e\u00ed k osv\u011bt\u011b d\u011bt\u00ed a ml\u00e1de\u017ee na t\u00e9ma \"ochrana lesa p\u0159ed po\u017e\u00e1ry\" a k jejich p\u0159il\u00e1k\u00e1n\u00ed do hasi\u010dsk\u00e9ho sboru ml\u00e1de\u017ee. Program prob\u00edh\u00e1 v interi\u00e9ru i exteri\u00e9ru a je ur\u010den pro \u017e\u00e1ky 1. a\u017e 10. t\u0159\u00eddy. Term\u00edny: dle dohody P\u0159edb\u011b\u017en\u00e1 registrace: alespo\u0148 1 den p\u0159edem.<\/p>","protected":false},"author":13,"featured_media":0,"parent":380,"menu_order":0,"comment_status":"closed","ping_status":"closed","template":"","meta":[],"_links":{"self":[{"href":"https:\/\/www.lausitzer-museenland.de\/cs\/wp-json\/wp\/v2\/pages\/619"}],"collection":[{"href":"https:\/\/www.lausitzer-museenland.de\/cs\/wp-json\/wp\/v2\/pages"}],"about":[{"href":"https:\/\/www.lausitzer-museenland.de\/cs\/wp-json\/wp\/v2\/types\/page"}],"author":[{"embeddable":true,"href":"https:\/\/www.lausitzer-museenland.de\/cs\/wp-json\/wp\/v2\/users\/13"}],"replies":[{"embeddable":true,"href":"https:\/\/www.lausitzer-museenland.de\/cs\/wp-json\/wp\/v2\/comments?post=619"}],"version-history":[{"count":3,"href":"https:\/\/www.lausitzer-museenland.de\/cs\/wp-json\/wp\/v2\/pages\/619\/revisions"}],"predecessor-version":[{"id":3614,"href":"https:\/\/www.lausitzer-museenland.de\/cs\/wp-json\/wp\/v2\/pages\/619\/revisions\/3614"}],"up":[{"embeddable":true,"href":"https:\/\/www.lausitzer-museenland.de\/cs\/wp-json\/wp\/v2\/pages\/380"}],"wp:attachment":[{"href":"https:\/\/www.lausitzer-museenland.de\/cs\/wp-json\/wp\/v2\/media?parent=619"}],"curies":[{"name":"wp","href":"https:\/\/api.w.org\/{rel}","templated":true}]}}

Boj s lesními požáry včera a dnes v hasičském muzeu Gosda II

<p>Bývalá hasičská zbrojnice slouží k senzibilizaci dětí a mládeže k tématu "lesní požární ochrana" a díky svému historickému významu v kombinaci s technickou expozicí je přitahuje do hasičského sboru mládeže.</p>
<p>Nabídka probíhá v interiéru i exteriéru a je určena školákům.<br />
tříd 1 až 10.<br />
Termíny: dle dohody<br />
Předběžná registrace: alespoň 1 den předem</p>
<p><a title="Naučná stezka &quot;Boj s lesními požáry včera a dnes&quot; Gosda II" href="/museen/lehrpfad-waldbrandbekaempfung-gestern-und-heute-gosda-ii/">Hasičské muzeum Gosda II</a></p>

<p>Bývalá hasičská zbrojnice slouží k osvětě dětí a mládeže na téma "ochrana lesa před požáry" a k jejich přilákání do hasičského sboru mládeže. Program probíhá v interiéru i exteriéru a je určen pro žáky 1. až 10. třídy. Termíny: dle dohody Předběžná registrace: alespoň 1 den předem.</p>
