{"id":621,"date":"2014-11-14T17:28:09","date_gmt":"2014-11-14T16:28:09","guid":{"rendered":"http:\/\/lausitzer-museenland.de\/?page_id=621"},"modified":"2018-03-08T12:41:46","modified_gmt":"2018-03-08T11:41:46","slug":"technik-zur-brandbekaempfung","status":"publish","type":"page","link":"https:\/\/www.lausitzer-museenland.de\/cs\/sluzba\/kobi\/protipozarni-technologie\/","title":{"rendered":"Hasi\u010dsk\u00e1 technika v hasi\u010dsk\u00e9m muzeu ve Welzow\u011b"},"content":{"rendered":"<p>Nejv\u00fdznamn\u011bj\u0161\u00ed braniborsk\u00e1 hasi\u010dsk\u00e1 sb\u00edrka vystavuje hasi\u010dsk\u00e1, evakua\u010dn\u00ed a vypro\u0161\u0165ovac\u00ed vozidla, motocykly a r\u016fzn\u00e9 hasi\u010dsk\u00e9 p\u0159\u00edslu\u0161enstv\u00ed. Uniformy a v\u00fdstroj, stejn\u011b jako n\u00e1ramen\u00edky a slu\u017eebn\u00ed odznaky poskytuj\u00ed informace o dob\u00e1ch minul\u00fdch. V\u00fdstavu dopl\u0148uje sb\u00edrka stavebn\u00edch model\u016f.<\/p>\n<p>Nab\u00eddka prob\u00edh\u00e1 v interi\u00e9ru i exteri\u00e9ru a je ur\u010dena \u0161kol\u00e1k\u016fm.<br \/>\nt\u0159\u00edd 1 a\u017e 10.<br \/>\nTerm\u00edny: dle dohody<br \/>\nP\u0159edb\u011b\u017en\u00e1 registrace: alespo\u0148 2 t\u00fddny p\u0159edem<br \/>\nVstupn\u00e9 na osobu: 0,50 \u20ac<\/p>\n<p><a title=\"Hasi\u010dsk\u00e9 muzeum Welzow (d\u0159\u00edve Haidem\u00fchl) \/ Muzej wognjoweje wobory Wjelcej\" href=\"\/museen\/feuerwehrmuseum-welzow\/\">Hasi\u010dsk\u00e9 muzeum Welzow<\/a><\/p>","protected":false},"excerpt":{"rendered":"<p>Nejv\u00fdznamn\u011bj\u0161\u00ed braniborsk\u00e1 hasi\u010dsk\u00e1 sb\u00edrka vystavuje hasi\u010dsk\u00e1, odkl\u00edzec\u00ed a vypro\u0161\u0165ovac\u00ed vozidla, motocykly a r\u016fzn\u00e9 hasi\u010dsk\u00e9 p\u0159\u00edslu\u0161enstv\u00ed. Uniformy a v\u00fdstroj, stejn\u011b jako n\u00e1ramen\u00edky a slu\u017eebn\u00ed odznaky poskytuj\u00ed informace o dob\u00e1ch minul\u00fdch. V\u00fdstavu dopl\u0148uje sb\u00edrka stavebn\u00edch model\u016f. V\u00fdstava se kon\u00e1 v interi\u00e9ru i exteri\u00e9ru a je ur\u010dena \u017e\u00e1k\u016fm 1. a\u017e 10. t\u0159\u00edd. Term\u00edny: dle dohody P\u0159edb\u011b\u017en\u00e1 registrace:<\/p>","protected":false},"author":13,"featured_media":0,"parent":380,"menu_order":0,"comment_status":"closed","ping_status":"closed","template":"","meta":[],"_links":{"self":[{"href":"https:\/\/www.lausitzer-museenland.de\/cs\/wp-json\/wp\/v2\/pages\/621"}],"collection":[{"href":"https:\/\/www.lausitzer-museenland.de\/cs\/wp-json\/wp\/v2\/pages"}],"about":[{"href":"https:\/\/www.lausitzer-museenland.de\/cs\/wp-json\/wp\/v2\/types\/page"}],"author":[{"embeddable":true,"href":"https:\/\/www.lausitzer-museenland.de\/cs\/wp-json\/wp\/v2\/users\/13"}],"replies":[{"embeddable":true,"href":"https:\/\/www.lausitzer-museenland.de\/cs\/wp-json\/wp\/v2\/comments?post=621"}],"version-history":[{"count":7,"href":"https:\/\/www.lausitzer-museenland.de\/cs\/wp-json\/wp\/v2\/pages\/621\/revisions"}],"predecessor-version":[{"id":19864,"href":"https:\/\/www.lausitzer-museenland.de\/cs\/wp-json\/wp\/v2\/pages\/621\/revisions\/19864"}],"up":[{"embeddable":true,"href":"https:\/\/www.lausitzer-museenland.de\/cs\/wp-json\/wp\/v2\/pages\/380"}],"wp:attachment":[{"href":"https:\/\/www.lausitzer-museenland.de\/cs\/wp-json\/wp\/v2\/media?parent=621"}],"curies":[{"name":"wp","href":"https:\/\/api.w.org\/{rel}","templated":true}]}}

Hasičská technika v hasičském muzeu ve Welzowě

<p>Nejvýznamnější braniborská hasičská sbírka vystavuje hasičská, evakuační a vyprošťovací vozidla, motocykly a různé hasičské příslušenství. Uniformy a výstroj, stejně jako nárameníky a služební odznaky poskytují informace o dobách minulých. Výstavu doplňuje sbírka stavebních modelů.</p>
<p>Nabídka probíhá v interiéru i exteriéru a je určena školákům.<br />
tříd 1 až 10.<br />
Termíny: dle dohody<br />
Předběžná registrace: alespoň 2 týdny předem<br />
Vstupné na osobu: 0,50 €</p>
<p><a title="Hasičské muzeum Welzow (dříve Haidemühl) / Muzej wognjoweje wobory Wjelcej" href="/museen/feuerwehrmuseum-welzow/">Hasičské muzeum Welzow</a></p>

<p>Nejvýznamnější braniborská hasičská sbírka vystavuje hasičská, odklízecí a vyprošťovací vozidla, motocykly a různé hasičské příslušenství. Uniformy a výstroj, stejně jako nárameníky a služební odznaky poskytují informace o dobách minulých. Výstavu doplňuje sbírka stavebních modelů. Výstava se koná v interiéru i exteriéru a je určena žákům 1. až 10. tříd. Termíny: dle dohody Předběžná registrace:</p>
