{"id":626,"date":"2014-11-14T17:30:49","date_gmt":"2014-11-14T16:30:49","guid":{"rendered":"http:\/\/lausitzer-museenland.de\/?page_id=626"},"modified":"2014-12-17T17:19:24","modified_gmt":"2014-12-17T16:19:24","slug":"flugplatzgeschichte-von-welzow","status":"publish","type":"page","link":"https:\/\/www.lausitzer-museenland.de\/cs\/sluzba\/kobi\/letiste-historiewelzowa\/","title":{"rendered":"Historie leti\u0161t\u011b Welzow"},"content":{"rendered":"<p>Prezentace historie leti\u0161t\u011b od roku 1927 do sou\u010dasnosti, v\u010detn\u011b leteck\u00e9 techniky. N\u00e1v\u0161t\u011bvn\u00edci mohou obdivovat origin\u00e1ln\u00ed expon\u00e1ty p\u0159edev\u0161\u00edm z obdob\u00ed druh\u00e9 sv\u011btov\u00e9 v\u00e1lky a z doby, kdy leti\u0161t\u011b vyu\u017e\u00edvala sov\u011btsk\u00e1 arm\u00e1da. Celou historii leti\u0161t\u011b si m\u016f\u017eete prohl\u00e9dnout v osmi dobov\u00fdch a tematick\u00fdch m\u00edstnostech.<\/p>\n<p>Nab\u00eddka prob\u00edh\u00e1 v interi\u00e9ru a je ur\u010dena \u0161kol\u00e1k\u016fm.<br \/>\nt\u0159\u00edd 5 a\u017e 12.<br \/>\nTerm\u00edny: dle dohody<br \/>\nP\u0159edb\u011b\u017en\u00e1 registrace: alespo\u0148 1 t\u00fdden p\u0159edem<br \/>\nDoba trv\u00e1n\u00ed: p\u0159ibli\u017en\u011b 2 hodiny<br \/>\nVelikost skupiny: 10 a\u017e 30 osob<br \/>\nVstupn\u00e9 na osobu: 2,00 \u20ac<\/p>\n<p><a title=\"Muzeum leti\u0161t\u011b Welzow \/ L\u011btani\u0161\u0107owy muzej Wjelcej\" href=\"\/museen\/flugplatzmuseum-welzow\/\">Muzeum leti\u0161t\u011b Welzow<\/a><\/p>","protected":false},"excerpt":{"rendered":"<p>Prezentace historie leti\u0161t\u011b od roku 1927 do sou\u010dasnosti, v\u010detn\u011b leteck\u00e9 techniky. N\u00e1v\u0161t\u011bvn\u00edci mohou obdivovat origin\u00e1ln\u00ed expon\u00e1ty p\u0159edev\u0161\u00edm z obdob\u00ed druh\u00e9 sv\u011btov\u00e9 v\u00e1lky a z doby, kdy leti\u0161t\u011b vyu\u017e\u00edvala sov\u011btsk\u00e1 arm\u00e1da. Celou historii leti\u0161t\u011b si m\u016f\u017eete prohl\u00e9dnout v osmi dobov\u00fdch a tematick\u00fdch m\u00edstnostech. Nab\u00eddka se kon\u00e1 v interi\u00e9ru a je zam\u011b\u0159ena na<\/p>","protected":false},"author":13,"featured_media":0,"parent":380,"menu_order":0,"comment_status":"closed","ping_status":"closed","template":"","meta":[],"_links":{"self":[{"href":"https:\/\/www.lausitzer-museenland.de\/cs\/wp-json\/wp\/v2\/pages\/626"}],"collection":[{"href":"https:\/\/www.lausitzer-museenland.de\/cs\/wp-json\/wp\/v2\/pages"}],"about":[{"href":"https:\/\/www.lausitzer-museenland.de\/cs\/wp-json\/wp\/v2\/types\/page"}],"author":[{"embeddable":true,"href":"https:\/\/www.lausitzer-museenland.de\/cs\/wp-json\/wp\/v2\/users\/13"}],"replies":[{"embeddable":true,"href":"https:\/\/www.lausitzer-museenland.de\/cs\/wp-json\/wp\/v2\/comments?post=626"}],"version-history":[{"count":3,"href":"https:\/\/www.lausitzer-museenland.de\/cs\/wp-json\/wp\/v2\/pages\/626\/revisions"}],"predecessor-version":[{"id":3617,"href":"https:\/\/www.lausitzer-museenland.de\/cs\/wp-json\/wp\/v2\/pages\/626\/revisions\/3617"}],"up":[{"embeddable":true,"href":"https:\/\/www.lausitzer-museenland.de\/cs\/wp-json\/wp\/v2\/pages\/380"}],"wp:attachment":[{"href":"https:\/\/www.lausitzer-museenland.de\/cs\/wp-json\/wp\/v2\/media?parent=626"}],"curies":[{"name":"wp","href":"https:\/\/api.w.org\/{rel}","templated":true}]}}

Historie letiště Welzow

<p>Prezentace historie letiště od roku 1927 do současnosti, včetně letecké techniky. Návštěvníci mohou obdivovat originální exponáty především z období druhé světové války a z doby, kdy letiště využívala sovětská armáda. Celou historii letiště si můžete prohlédnout v osmi dobových a tematických místnostech.</p>
<p>Nabídka probíhá v interiéru a je určena školákům.<br />
tříd 5 až 12.<br />
Termíny: dle dohody<br />
Předběžná registrace: alespoň 1 týden předem<br />
Doba trvání: přibližně 2 hodiny<br />
Velikost skupiny: 10 až 30 osob<br />
Vstupné na osobu: 2,00 €</p>
<p><a title="Muzeum letiště Welzow / Lětanišćowy muzej Wjelcej" href="/museen/flugplatzmuseum-welzow/">Muzeum letiště Welzow</a></p>

<p>Prezentace historie letiště od roku 1927 do současnosti, včetně letecké techniky. Návštěvníci mohou obdivovat originální exponáty především z období druhé světové války a z doby, kdy letiště využívala sovětská armáda. Celou historii letiště si můžete prohlédnout v osmi dobových a tematických místnostech. Nabídka se koná v interiéru a je zaměřena na</p>
