{"id":628,"date":"2014-11-14T17:32:43","date_gmt":"2014-11-14T16:32:43","guid":{"rendered":"http:\/\/lausitzer-museenland.de\/?page_id=628"},"modified":"2022-06-01T12:02:19","modified_gmt":"2022-06-01T10:02:19","slug":"landwirtschaft-gestern-und-heute","status":"publish","type":"page","link":"https:\/\/www.lausitzer-museenland.de\/cs\/sluzba\/kobi\/zemedelstvi-star-today\/","title":{"rendered":"Zem\u011bd\u011blstv\u00ed v\u010dera a dnes ve stodole muzea Bloischdorf"},"content":{"rendered":"<p>Aby d\u011btem p\u0159ibl\u00ed\u017eili, jak pracn\u00e9 bylo pe\u010den\u00ed chleba v d\u0159\u00edv\u011bj\u0161\u00edch dob\u00e1ch, d\u011bti samy tvaruj\u00ed bochn\u00edky chleba z p\u0159edem p\u0159ipraven\u00e9ho t\u011bsta, kter\u00e9 se pak pe\u010dou v muzejn\u00ed peci. V dob\u011b pe\u010den\u00ed se kon\u00e1 komentovan\u00e1 prohl\u00eddka b\u00fdval\u00e9ho vep\u0159\u00edna, kde jsou vystaveny zem\u011bd\u011blsk\u00e9 stroje, jako jsou kombajny, \u017eac\u00ed stroje a ch\u0159esti\u010de brambor. Po n\u00e1vratu z chl\u00e9va d\u011bti nasekaly bylinky a zpracovaly je s m\u00e1slem a tvarohem. D\u011bti jed\u00ed \u010derstv\u011b upe\u010den\u00fd chl\u00e9b s pomaz\u00e1nkami. Na konci projektov\u00e9ho dne d\u011bti vy\u0159e\u0161\u00ed kv\u00edz nebo k\u0159\u00ed\u017eovku.<\/p>\n<p>Nab\u00eddka prob\u00edh\u00e1 v interi\u00e9ru i exteri\u00e9ru a je ur\u010dena \u0161kol\u00e1k\u016fm.<br \/>\nt\u0159\u00edd 1 a\u017e 8.<br \/>\nTerm\u00edny: dle dohody<br \/>\nP\u0159edb\u011b\u017en\u00e1 registrace: alespo\u0148 3 t\u00fddny p\u0159edem<br \/>\nDoba trv\u00e1n\u00ed: p\u0159ibli\u017en\u011b 3 hodiny<br \/>\nVelikost skupiny: 10 a\u017e 30 osob<br \/>\nP\u0159\u00edsp\u011bvek na n\u00e1klady na osobu: 7,00 \u20ac<\/p>\n<p><a title=\"Muzeum dolnolu\u017eickosrbsk\u00e9 vesnice Bloischdorf\/ B\u0142obo\u0161ojce\" href=\"\/museen\/niederlausitzer-sorbisches-dorfmuseum-bloischdorf\/\">Stodola muzea Bloischdorf<\/a><\/p>","protected":false},"excerpt":{"rendered":"<p>Aby d\u011btem p\u0159ibl\u00ed\u017eili, jak pracn\u00e9 bylo pe\u010den\u00ed chleba v d\u0159\u00edv\u011bj\u0161\u00edch dob\u00e1ch, d\u011bti samy tvaruj\u00ed bochn\u00edky chleba z p\u0159edem p\u0159ipraven\u00e9ho t\u011bsta, kter\u00e9 se pak pe\u010dou v muzejn\u00ed peci. V dob\u011b pe\u010den\u00ed se kon\u00e1 komentovan\u00e1 prohl\u00eddka b\u00fdval\u00e9ho vep\u0159\u00edna, kde jsou vystaveny zem\u011bd\u011blsk\u00e9 stroje, jako jsou kombajny, \u017eac\u00ed stroje a ch\u0159estidla na brambory. Po n\u00e1vratu<\/p>","protected":false},"author":13,"featured_media":0,"parent":380,"menu_order":0,"comment_status":"closed","ping_status":"closed","template":"","meta":[],"_links":{"self":[{"href":"https:\/\/www.lausitzer-museenland.de\/cs\/wp-json\/wp\/v2\/pages\/628"}],"collection":[{"href":"https:\/\/www.lausitzer-museenland.de\/cs\/wp-json\/wp\/v2\/pages"}],"about":[{"href":"https:\/\/www.lausitzer-museenland.de\/cs\/wp-json\/wp\/v2\/types\/page"}],"author":[{"embeddable":true,"href":"https:\/\/www.lausitzer-museenland.de\/cs\/wp-json\/wp\/v2\/users\/13"}],"replies":[{"embeddable":true,"href":"https:\/\/www.lausitzer-museenland.de\/cs\/wp-json\/wp\/v2\/comments?post=628"}],"version-history":[{"count":5,"href":"https:\/\/www.lausitzer-museenland.de\/cs\/wp-json\/wp\/v2\/pages\/628\/revisions"}],"predecessor-version":[{"id":53990,"href":"https:\/\/www.lausitzer-museenland.de\/cs\/wp-json\/wp\/v2\/pages\/628\/revisions\/53990"}],"up":[{"embeddable":true,"href":"https:\/\/www.lausitzer-museenland.de\/cs\/wp-json\/wp\/v2\/pages\/380"}],"wp:attachment":[{"href":"https:\/\/www.lausitzer-museenland.de\/cs\/wp-json\/wp\/v2\/media?parent=628"}],"curies":[{"name":"wp","href":"https:\/\/api.w.org\/{rel}","templated":true}]}}

Zemědělství včera a dnes ve stodole muzea Bloischdorf

<p>Aby dětem přiblížili, jak pracné bylo pečení chleba v dřívějších dobách, děti samy tvarují bochníky chleba z předem připraveného těsta, které se pak pečou v muzejní peci. V době pečení se koná komentovaná prohlídka bývalého vepřína, kde jsou vystaveny zemědělské stroje, jako jsou kombajny, žací stroje a chřestiče brambor. Po návratu z chléva děti nasekaly bylinky a zpracovaly je s máslem a tvarohem. Děti jedí čerstvě upečený chléb s pomazánkami. Na konci projektového dne děti vyřeší kvíz nebo křížovku.</p>
<p>Nabídka probíhá v interiéru i exteriéru a je určena školákům.<br />
tříd 1 až 8.<br />
Termíny: dle dohody<br />
Předběžná registrace: alespoň 3 týdny předem<br />
Doba trvání: přibližně 3 hodiny<br />
Velikost skupiny: 10 až 30 osob<br />
Příspěvek na náklady na osobu: 7,00 €</p>
<p><a title="Muzeum dolnolužickosrbské vesnice Bloischdorf/ Błobošojce" href="/museen/niederlausitzer-sorbisches-dorfmuseum-bloischdorf/">Stodola muzea Bloischdorf</a></p>

<p>Aby dětem přiblížili, jak pracné bylo pečení chleba v dřívějších dobách, děti samy tvarují bochníky chleba z předem připraveného těsta, které se pak pečou v muzejní peci. V době pečení se koná komentovaná prohlídka bývalého vepřína, kde jsou vystaveny zemědělské stroje, jako jsou kombajny, žací stroje a chřestidla na brambory. Po návratu</p>
