{"id":640,"date":"2014-11-14T17:39:24","date_gmt":"2014-11-14T16:39:24","guid":{"rendered":"http:\/\/lausitzer-museenland.de\/?page_id=640"},"modified":"2017-04-05T13:12:30","modified_gmt":"2017-04-05T12:12:30","slug":"bluetenzauber-aus-stoffresten","status":"publish","type":"page","link":"https:\/\/www.lausitzer-museenland.de\/cs\/sluzba\/kobi\/kvetinove-kouzlo-z-latky-remnants\/","title":{"rendered":"Kv\u011btinov\u00e9 kouzlo ze zbytk\u016f l\u00e1tek v Braniborsk\u00e9m textiln\u00edm muzeu ve Forstu"},"content":{"rendered":"<p>V soukenick\u00e9 d\u00edln\u011b se \u017e\u00e1ci u\u010d\u00ed, jak se vyr\u00e1b\u00ed l\u00e1tka nebo tkanina. Uvid\u00ed a usly\u0161\u00ed, jak se pracovalo na historick\u00fdch ru\u010dn\u00edch n\u00e1stroj\u00edch a stroj\u00edch. Mimo jin\u00e9 mohou sledovat technick\u00fd v\u00fdvoj od kolovr\u00e1tku a\u017e po sp\u0159\u00e1dac\u00ed stroj. V tomto muzejn\u00edm vzd\u011bl\u00e1vac\u00edm programu \u017e\u00e1ci pracuj\u00ed s barevn\u00fdmi zbytky l\u00e1tek z bavlny nebo syntetiky. Barvy si mohou voln\u011b vyb\u00edrat podle sv\u00e9ho c\u00edt\u011bn\u00ed. Vytvo\u0159en\u00ed \u0161perkov\u00e9 koule je \u010dist\u011b \u0159emesln\u00e1 pr\u00e1ce a vy\u017eaduje trochu v\u00edce \u010dasu a vytrvalosti.<br \/>\n(Pou\u017eit\u00ed jako dekorace do pokoje nebo okna, vhodn\u00e9 pro ro\u010dn\u00ed obdob\u00ed a pro v\u00e1no\u010dn\u00ed \u010das)<\/p>\n<p>V soukenick\u00e9 d\u00edln\u011b se \u017e\u00e1ci u\u010d\u00ed, jak se vyr\u00e1b\u00ed l\u00e1tka nebo tkanina. Uvid\u00ed a usly\u0161\u00ed, jak se pracovalo na historick\u00fdch ru\u010dn\u00edch n\u00e1stroj\u00edch a stroj\u00edch. Mimo jin\u00e9 mohou sledovat technick\u00fd v\u00fdvoj od kolovr\u00e1tku a\u017e po sp\u0159\u00e1dac\u00ed stroj. V tomto muzejn\u00edm vzd\u011bl\u00e1vac\u00edm programu \u017e\u00e1ci pracuj\u00ed s barevn\u00fdmi zbytky l\u00e1tek z bavlny nebo syntetiky. Barvy si mohou voln\u011b vyb\u00edrat podle sv\u00e9ho c\u00edt\u011bn\u00ed. Vytvo\u0159en\u00ed \u0161perkov\u00e9 koule je \u010dist\u011b \u0159emesln\u00e1 pr\u00e1ce a vy\u017eaduje trochu v\u00edce \u010dasu a vytrvalosti.<br \/>\n(Pou\u017eit\u00ed jako dekorace do pokoje nebo okna, vhodn\u00e9 pro ro\u010dn\u00ed obdob\u00ed a pro v\u00e1no\u010dn\u00ed \u010das)<\/p>\n<p>Nab\u00eddka prob\u00edh\u00e1 v interi\u00e9ru a je ur\u010dena \u0161kol\u00e1k\u016fm.<br \/>\nt\u0159\u00edd 4 a\u017e 6.<br \/>\nTerm\u00edny: dle dohody<br \/>\nP\u0159edb\u011b\u017en\u00e1 registrace: alespo\u0148 1 t\u00fdden p\u0159edem<br \/>\nDoba trv\u00e1n\u00ed: p\u0159ibli\u017en\u011b 2 a\u017e 2,5 hodiny<br \/>\nVelikost skupiny: 5 a\u017e 30 osob<br \/>\nVstupn\u00e9 na osobu: 3,50 \u20ac<\/p>\n<p><a title=\"Braniborsk\u00e9 textiln\u00ed muzeum Forst (Lu\u017eice) \/ Bramborski tekstilny muzej Bar\u0161\u0107 (\u0141u\u017eyca)\" href=\"\/museen\/brandenburgisches-textilmuseum-forst\/\">Braniborsk\u00e9 textiln\u00ed muzeum Forst<\/a><\/p>","protected":false},"excerpt":{"rendered":"<p>V soukenick\u00e9 d\u00edln\u011b se \u017e\u00e1ci u\u010d\u00ed, jak se vyr\u00e1b\u00ed l\u00e1tka nebo tkanina. Uvid\u00ed a usly\u0161\u00ed, jak se pracovalo na historick\u00fdch ru\u010dn\u00edch n\u00e1stroj\u00edch a stroj\u00edch. Mimo jin\u00e9 mohou sledovat technick\u00fd v\u00fdvoj od kolovr\u00e1tku a\u017e po sp\u0159\u00e1dac\u00ed stroj. V tomto muzejn\u00edm vzd\u011bl\u00e1vac\u00edm programu \u017e\u00e1ci pracuj\u00ed s barevn\u00fdmi zbytky l\u00e1tek z bavlny nebo syntetiky. Mohou<\/p>","protected":false},"author":13,"featured_media":0,"parent":380,"menu_order":0,"comment_status":"closed","ping_status":"closed","template":"","meta":[],"_links":{"self":[{"href":"https:\/\/www.lausitzer-museenland.de\/cs\/wp-json\/wp\/v2\/pages\/640"}],"collection":[{"href":"https:\/\/www.lausitzer-museenland.de\/cs\/wp-json\/wp\/v2\/pages"}],"about":[{"href":"https:\/\/www.lausitzer-museenland.de\/cs\/wp-json\/wp\/v2\/types\/page"}],"author":[{"embeddable":true,"href":"https:\/\/www.lausitzer-museenland.de\/cs\/wp-json\/wp\/v2\/users\/13"}],"replies":[{"embeddable":true,"href":"https:\/\/www.lausitzer-museenland.de\/cs\/wp-json\/wp\/v2\/comments?post=640"}],"version-history":[{"count":4,"href":"https:\/\/www.lausitzer-museenland.de\/cs\/wp-json\/wp\/v2\/pages\/640\/revisions"}],"predecessor-version":[{"id":11172,"href":"https:\/\/www.lausitzer-museenland.de\/cs\/wp-json\/wp\/v2\/pages\/640\/revisions\/11172"}],"up":[{"embeddable":true,"href":"https:\/\/www.lausitzer-museenland.de\/cs\/wp-json\/wp\/v2\/pages\/380"}],"wp:attachment":[{"href":"https:\/\/www.lausitzer-museenland.de\/cs\/wp-json\/wp\/v2\/media?parent=640"}],"curies":[{"name":"wp","href":"https:\/\/api.w.org\/{rel}","templated":true}]}}

Květinové kouzlo ze zbytků látek v Braniborském textilním muzeu ve Forstu

<p>V soukenické dílně se žáci učí, jak se vyrábí látka nebo tkanina. Uvidí a uslyší, jak se pracovalo na historických ručních nástrojích a strojích. Mimo jiné mohou sledovat technický vývoj od kolovrátku až po spřádací stroj. V tomto muzejním vzdělávacím programu žáci pracují s barevnými zbytky látek z bavlny nebo syntetiky. Barvy si mohou volně vybírat podle svého cítění. Vytvoření šperkové koule je čistě řemeslná práce a vyžaduje trochu více času a vytrvalosti.<br />
(Použití jako dekorace do pokoje nebo okna, vhodné pro roční období a pro vánoční čas)</p>
<p>V soukenické dílně se žáci učí, jak se vyrábí látka nebo tkanina. Uvidí a uslyší, jak se pracovalo na historických ručních nástrojích a strojích. Mimo jiné mohou sledovat technický vývoj od kolovrátku až po spřádací stroj. V tomto muzejním vzdělávacím programu žáci pracují s barevnými zbytky látek z bavlny nebo syntetiky. Barvy si mohou volně vybírat podle svého cítění. Vytvoření šperkové koule je čistě řemeslná práce a vyžaduje trochu více času a vytrvalosti.<br />
(Použití jako dekorace do pokoje nebo okna, vhodné pro roční období a pro vánoční čas)</p>
<p>Nabídka probíhá v interiéru a je určena školákům.<br />
tříd 4 až 6.<br />
Termíny: dle dohody<br />
Předběžná registrace: alespoň 1 týden předem<br />
Doba trvání: přibližně 2 až 2,5 hodiny<br />
Velikost skupiny: 5 až 30 osob<br />
Vstupné na osobu: 3,50 €</p>
<p><a title="Braniborské textilní muzeum Forst (Lužice) / Bramborski tekstilny muzej Baršć (Łužyca)" href="/museen/brandenburgisches-textilmuseum-forst/">Braniborské textilní muzeum Forst</a></p>

<p>V soukenické dílně se žáci učí, jak se vyrábí látka nebo tkanina. Uvidí a uslyší, jak se pracovalo na historických ručních nástrojích a strojích. Mimo jiné mohou sledovat technický vývoj od kolovrátku až po spřádací stroj. V tomto muzejním vzdělávacím programu žáci pracují s barevnými zbytky látek z bavlny nebo syntetiky. Mohou</p>
