{"id":652,"date":"2014-11-14T17:47:01","date_gmt":"2014-11-14T16:47:01","guid":{"rendered":"http:\/\/lausitzer-museenland.de\/?page_id=652"},"modified":"2017-04-05T13:01:58","modified_gmt":"2017-04-05T12:01:58","slug":"filzen-mit-schafwolle","status":"publish","type":"page","link":"https:\/\/www.lausitzer-museenland.de\/cs\/sluzba\/kobi\/plsteni-ovci-vlnou\/","title":{"rendered":"Plst\u011bn\u00ed ov\u010d\u00ed vlny v Braniborsk\u00e9m textiln\u00edm muzeu Forst"},"content":{"rendered":"<p>P\u0159i prohl\u00eddce soukenick\u00e9 d\u00edlny se \u017e\u00e1ci dozv\u011bd\u00ed, jak se zpracov\u00e1v\u00e1 ov\u010d\u00ed vlna. \u017d\u00e1ci si mohou vyzkou\u0161et mokr\u00e9 nebo such\u00e9 plst\u011bn\u00ed a vyrobit si vlastn\u00ed dopl\u0148ky do dom\u00e1cnosti.<\/p>\n<p>Nab\u00eddka prob\u00edh\u00e1 v interi\u00e9ru a je ur\u010dena \u0161kol\u00e1k\u016fm.<br \/>\nt\u0159\u00edd 3 a\u017e 6.<br \/>\nTerm\u00edny: dle dohody<br \/>\nP\u0159edb\u011b\u017en\u00e1 registrace: alespo\u0148 1 t\u00fdden p\u0159edem<br \/>\nDoba trv\u00e1n\u00ed: p\u0159ibli\u017en\u011b 2 hodiny<br \/>\nVelikost skupiny: 5 a\u017e 30 osob<br \/>\nVstupn\u00e9 na osobu: 3,50 \u20ac<\/p>\n<p><a title=\"Braniborsk\u00e9 textiln\u00ed muzeum Forst (Lu\u017eice) \/ Bramborski tekstilny muzej Bar\u0161\u0107 (\u0141u\u017eyca)\" href=\"\/museen\/brandenburgisches-textilmuseum-forst\/\">Braniborsk\u00e9 textiln\u00ed muzeum Forst<\/a><\/p>","protected":false},"excerpt":{"rendered":"<p>P\u0159i prohl\u00eddce soukenick\u00e9 d\u00edlny se \u017e\u00e1ci dozv\u011bd\u00ed, jak se zpracov\u00e1v\u00e1 ov\u010d\u00ed vlna. \u017d\u00e1ci si mohou vyzkou\u0161et mokr\u00e9 nebo such\u00e9 plst\u011bn\u00ed a vyrobit si vlastn\u00ed dopl\u0148ky do dom\u00e1cnosti. Nab\u00eddka se kon\u00e1 v interi\u00e9ru a je ur\u010dena \u017e\u00e1k\u016fm 3. a\u017e 6. t\u0159\u00edd. Term\u00edny: dle dohody P\u0159edb\u011b\u017en\u00e1 registrace: alespo\u0148 1 t\u00fdden p\u0159edem Doba trv\u00e1n\u00ed: cca.<\/p>","protected":false},"author":13,"featured_media":0,"parent":380,"menu_order":0,"comment_status":"closed","ping_status":"closed","template":"","meta":[],"_links":{"self":[{"href":"https:\/\/www.lausitzer-museenland.de\/cs\/wp-json\/wp\/v2\/pages\/652"}],"collection":[{"href":"https:\/\/www.lausitzer-museenland.de\/cs\/wp-json\/wp\/v2\/pages"}],"about":[{"href":"https:\/\/www.lausitzer-museenland.de\/cs\/wp-json\/wp\/v2\/types\/page"}],"author":[{"embeddable":true,"href":"https:\/\/www.lausitzer-museenland.de\/cs\/wp-json\/wp\/v2\/users\/13"}],"replies":[{"embeddable":true,"href":"https:\/\/www.lausitzer-museenland.de\/cs\/wp-json\/wp\/v2\/comments?post=652"}],"version-history":[{"count":4,"href":"https:\/\/www.lausitzer-museenland.de\/cs\/wp-json\/wp\/v2\/pages\/652\/revisions"}],"predecessor-version":[{"id":10182,"href":"https:\/\/www.lausitzer-museenland.de\/cs\/wp-json\/wp\/v2\/pages\/652\/revisions\/10182"}],"up":[{"embeddable":true,"href":"https:\/\/www.lausitzer-museenland.de\/cs\/wp-json\/wp\/v2\/pages\/380"}],"wp:attachment":[{"href":"https:\/\/www.lausitzer-museenland.de\/cs\/wp-json\/wp\/v2\/media?parent=652"}],"curies":[{"name":"wp","href":"https:\/\/api.w.org\/{rel}","templated":true}]}}

Plstění ovčí vlny v Braniborském textilním muzeu Forst

<p>Při prohlídce soukenické dílny se žáci dozvědí, jak se zpracovává ovčí vlna. Žáci si mohou vyzkoušet mokré nebo suché plstění a vyrobit si vlastní doplňky do domácnosti.</p>
<p>Nabídka probíhá v interiéru a je určena školákům.<br />
tříd 3 až 6.<br />
Termíny: dle dohody<br />
Předběžná registrace: alespoň 1 týden předem<br />
Doba trvání: přibližně 2 hodiny<br />
Velikost skupiny: 5 až 30 osob<br />
Vstupné na osobu: 3,50 €</p>
<p><a title="Braniborské textilní muzeum Forst (Lužice) / Bramborski tekstilny muzej Baršć (Łužyca)" href="/museen/brandenburgisches-textilmuseum-forst/">Braniborské textilní muzeum Forst</a></p>

<p>Při prohlídce soukenické dílny se žáci dozvědí, jak se zpracovává ovčí vlna. Žáci si mohou vyzkoušet mokré nebo suché plstění a vyrobit si vlastní doplňky do domácnosti. Nabídka se koná v interiéru a je určena žákům 3. až 6. tříd. Termíny: dle dohody Předběžná registrace: alespoň 1 týden předem Doba trvání: cca.</p>
