{"id":657,"date":"2014-11-14T17:49:16","date_gmt":"2014-11-14T16:49:16","guid":{"rendered":"http:\/\/lausitzer-museenland.de\/?page_id=657"},"modified":"2017-04-05T13:03:54","modified_gmt":"2017-04-05T12:03:54","slug":"hochwasser-und-seine-folgen","status":"publish","type":"page","link":"https:\/\/www.lausitzer-museenland.de\/cs\/sluzba\/kobi\/povodne-a-jejich-nasledky\/","title":{"rendered":"Povodn\u011b a jejich n\u00e1sledky v Braniborsk\u00e9m textiln\u00edm muzeu Forst"},"content":{"rendered":"<p>\u017d\u00e1ci se slovem i obrazem dozv\u011bd\u00ed zaj\u00edmavosti o povodn\u00edch ve Forstu a okol\u00ed. V bro\u017eu\u0159e jsou vysv\u011btleny r\u016fzn\u00e9 pojmy t\u00fdkaj\u00edc\u00ed se povodn\u00ed. Z historick\u00fdch novinov\u00fdch zpr\u00e1v se \u017e\u00e1ci dozv\u011bd\u00ed o katastrofick\u00e9 noci v roce 1897. \u00da\u010dinky povod\u0148ov\u00e9 vlny p\u0159i povodni jsou simulov\u00e1ny na modelu, kter\u00fd zn\u00e1zor\u0148uje povrch Zem\u011b v p\u0159\u00ed\u010dn\u00e9m \u0159ezu.<\/p>\n<p>Akce: Pracujte s p\u0159ilo\u017eenou bro\u017eurou, pozorujte postup na modelu povodn\u011b, postavte ze\u010f z pytl\u016f s p\u00edskem.<\/p>\n<p>Nab\u00eddka prob\u00edh\u00e1 v interi\u00e9ru i exteri\u00e9ru a je ur\u010dena \u0161kol\u00e1k\u016fm.<br \/>\nt\u0159\u00edd 3 a\u017e 6.<br \/>\nTerm\u00edny: dle dohody<br \/>\nP\u0159edb\u011b\u017en\u00e1 registrace: alespo\u0148 1 t\u00fdden p\u0159edem<br \/>\nDoba trv\u00e1n\u00ed: p\u0159ibli\u017en\u011b 2 hodiny<br \/>\nVelikost skupiny: 5 a\u017e 30 osob<br \/>\nVstupn\u00e9 na osobu: 3,50 \u20ac<\/p>\n<p><a title=\"Braniborsk\u00e9 textiln\u00ed muzeum Forst (Lu\u017eice) \/ Bramborski tekstilny muzej Bar\u0161\u0107 (\u0141u\u017eyca)\" href=\"\/museen\/brandenburgisches-textilmuseum-forst\/\">Braniborsk\u00e9 textiln\u00ed muzeum Forst<\/a><\/p>","protected":false},"excerpt":{"rendered":"<p>\u017d\u00e1ci se slovem i obrazem dozv\u011bd\u00ed zaj\u00edmavosti o povodn\u00edch ve Forstu a okol\u00ed. V bro\u017eu\u0159e jsou vysv\u011btleny r\u016fzn\u00e9 pojmy t\u00fdkaj\u00edc\u00ed se povodn\u00ed. Z historick\u00fdch novinov\u00fdch zpr\u00e1v se \u017e\u00e1ci dozv\u011bd\u00ed o katastrof\u00e1ln\u00ed noci v roce 1897. K ilustraci n\u00e1sledk\u016f povodn\u00ed je pou\u017eit model zn\u00e1zor\u0148uj\u00edc\u00ed \u0159ez zemsk\u00fdm povrchem.<\/p>","protected":false},"author":13,"featured_media":0,"parent":380,"menu_order":0,"comment_status":"closed","ping_status":"closed","template":"","meta":[],"_links":{"self":[{"href":"https:\/\/www.lausitzer-museenland.de\/cs\/wp-json\/wp\/v2\/pages\/657"}],"collection":[{"href":"https:\/\/www.lausitzer-museenland.de\/cs\/wp-json\/wp\/v2\/pages"}],"about":[{"href":"https:\/\/www.lausitzer-museenland.de\/cs\/wp-json\/wp\/v2\/types\/page"}],"author":[{"embeddable":true,"href":"https:\/\/www.lausitzer-museenland.de\/cs\/wp-json\/wp\/v2\/users\/13"}],"replies":[{"embeddable":true,"href":"https:\/\/www.lausitzer-museenland.de\/cs\/wp-json\/wp\/v2\/comments?post=657"}],"version-history":[{"count":5,"href":"https:\/\/www.lausitzer-museenland.de\/cs\/wp-json\/wp\/v2\/pages\/657\/revisions"}],"predecessor-version":[{"id":10347,"href":"https:\/\/www.lausitzer-museenland.de\/cs\/wp-json\/wp\/v2\/pages\/657\/revisions\/10347"}],"up":[{"embeddable":true,"href":"https:\/\/www.lausitzer-museenland.de\/cs\/wp-json\/wp\/v2\/pages\/380"}],"wp:attachment":[{"href":"https:\/\/www.lausitzer-museenland.de\/cs\/wp-json\/wp\/v2\/media?parent=657"}],"curies":[{"name":"wp","href":"https:\/\/api.w.org\/{rel}","templated":true}]}}

Povodně a jejich následky v Braniborském textilním muzeu Forst

<p>Žáci se slovem i obrazem dozvědí zajímavosti o povodních ve Forstu a okolí. V brožuře jsou vysvětleny různé pojmy týkající se povodní. Z historických novinových zpráv se žáci dozvědí o katastrofické noci v roce 1897. Účinky povodňové vlny při povodni jsou simulovány na modelu, který znázorňuje povrch Země v příčném řezu.</p>
<p>Akce: Pracujte s přiloženou brožurou, pozorujte postup na modelu povodně, postavte zeď z pytlů s pískem.</p>
<p>Nabídka probíhá v interiéru i exteriéru a je určena školákům.<br />
tříd 3 až 6.<br />
Termíny: dle dohody<br />
Předběžná registrace: alespoň 1 týden předem<br />
Doba trvání: přibližně 2 hodiny<br />
Velikost skupiny: 5 až 30 osob<br />
Vstupné na osobu: 3,50 €</p>
<p><a title="Braniborské textilní muzeum Forst (Lužice) / Bramborski tekstilny muzej Baršć (Łužyca)" href="/museen/brandenburgisches-textilmuseum-forst/">Braniborské textilní muzeum Forst</a></p>

<p>Žáci se slovem i obrazem dozvědí zajímavosti o povodních ve Forstu a okolí. V brožuře jsou vysvětleny různé pojmy týkající se povodní. Z historických novinových zpráv se žáci dozvědí o katastrofální noci v roce 1897. K ilustraci následků povodní je použit model znázorňující řez zemským povrchem.</p>
