{"id":660,"date":"2014-11-14T17:50:25","date_gmt":"2014-11-14T16:50:25","guid":{"rendered":"http:\/\/lausitzer-museenland.de\/?page_id=660"},"modified":"2017-04-05T13:04:43","modified_gmt":"2017-04-05T12:04:43","slug":"industrialisierung","status":"publish","type":"page","link":"https:\/\/www.lausitzer-museenland.de\/cs\/sluzba\/kobi\/industrializace\/","title":{"rendered":"Industrializace v Braniborsk\u00e9m textiln\u00edm muzeu Forst"},"content":{"rendered":"<p>Mnoho pr\u00e1zdn\u00fdch tov\u00e1ren a \u017eelezni\u010dn\u00ed trat\u011b \"\u010cern\u00e9ho Jula\" vypov\u00eddaj\u00ed o kdysi \u017eiv\u00e9m \"n\u011bmeck\u00e9m Manchesteru\". Existuj\u00ed zpr\u00e1vy o osobnostech, kter\u00e9 Forstu pomohly k pr\u016fmyslov\u00e9mu r\u016fstu a presti\u017ei. Jak\u00e9 podm\u00ednky byly nutn\u00e9 pro fungov\u00e1n\u00ed mechanick\u00fdch stroj\u016f? Jak\u00e1 je souvislost mezi rozvojem pr\u016fmyslu ve Forstu a \u017eivotn\u00edmi podm\u00ednkami zam\u011bstnanc\u016f a zam\u011bstnavatel\u016f? Jak se dnes vyr\u00e1b\u00ed p\u0159\u00edze a l\u00e1tky? Spole\u010dn\u011b prozkoum\u00e1me mnoho ot\u00e1zek a najdeme na n\u011b odpov\u011bdi.<\/p>\n<p>Aktivita: Pr\u00e1ce s videoz\u00e1znamy, star\u00fdmi adres\u00e1\u0159i a kronikami, zaznamen\u00e1v\u00e1n\u00ed technick\u00fdch \u00fadaj\u016f o stroj\u00edch v soukenick\u00e9 d\u00edln\u011b a prohl\u00eddka m\u011bsta.<\/p>\n<p>Nab\u00eddka prob\u00edh\u00e1 v interi\u00e9ru i exteri\u00e9ru a je ur\u010dena \u0161kol\u00e1k\u016fm.<br \/>\nt\u0159\u00edd 8 a\u017e 10.<br \/>\nTerm\u00edny: dle dohody<br \/>\nP\u0159edb\u011b\u017en\u00e1 registrace: alespo\u0148 1 t\u00fdden p\u0159edem<br \/>\nDoba trv\u00e1n\u00ed: p\u0159ibli\u017en\u011b 3 hodiny<br \/>\nVelikost skupiny: 5 a\u017e 30 osob<br \/>\nVstupn\u00e9 na osobu: 3,50 \u20ac<\/p>\n<p><a title=\"Braniborsk\u00e9 textiln\u00ed muzeum Forst (Lu\u017eice) \/ Bramborski tekstilny muzej Bar\u0161\u0107 (\u0141u\u017eyca)\" href=\"\/museen\/brandenburgisches-textilmuseum-forst\/\">Braniborsk\u00e9 textiln\u00ed muzeum Forst<\/a><\/p>","protected":false},"excerpt":{"rendered":"<p>Mnoho pr\u00e1zdn\u00fdch tov\u00e1ren a \u017eelezni\u010dn\u00ed trat\u011b \"\u010cern\u00e9ho Jula\" vypov\u00eddaj\u00ed o kdysi \u017eiv\u00e9m \"n\u011bmeck\u00e9m Manchesteru\". Existuj\u00ed zpr\u00e1vy o osobnostech, kter\u00e9 Forstu pomohly k pr\u016fmyslov\u00e9mu r\u016fstu a presti\u017ei. Jak\u00e9 podm\u00ednky byly nutn\u00e9 pro fungov\u00e1n\u00ed mechanick\u00fdch stroj\u016f? Jak\u00e1 je souvislost mezi pr\u016fmyslov\u00fdm rozvojem ve Forstu a \u017eivotn\u00edmi podm\u00ednkami d\u011bln\u00edk\u016f?<\/p>","protected":false},"author":13,"featured_media":0,"parent":380,"menu_order":0,"comment_status":"closed","ping_status":"closed","template":"","meta":[],"_links":{"self":[{"href":"https:\/\/www.lausitzer-museenland.de\/cs\/wp-json\/wp\/v2\/pages\/660"}],"collection":[{"href":"https:\/\/www.lausitzer-museenland.de\/cs\/wp-json\/wp\/v2\/pages"}],"about":[{"href":"https:\/\/www.lausitzer-museenland.de\/cs\/wp-json\/wp\/v2\/types\/page"}],"author":[{"embeddable":true,"href":"https:\/\/www.lausitzer-museenland.de\/cs\/wp-json\/wp\/v2\/users\/13"}],"replies":[{"embeddable":true,"href":"https:\/\/www.lausitzer-museenland.de\/cs\/wp-json\/wp\/v2\/comments?post=660"}],"version-history":[{"count":4,"href":"https:\/\/www.lausitzer-museenland.de\/cs\/wp-json\/wp\/v2\/pages\/660\/revisions"}],"predecessor-version":[{"id":10512,"href":"https:\/\/www.lausitzer-museenland.de\/cs\/wp-json\/wp\/v2\/pages\/660\/revisions\/10512"}],"up":[{"embeddable":true,"href":"https:\/\/www.lausitzer-museenland.de\/cs\/wp-json\/wp\/v2\/pages\/380"}],"wp:attachment":[{"href":"https:\/\/www.lausitzer-museenland.de\/cs\/wp-json\/wp\/v2\/media?parent=660"}],"curies":[{"name":"wp","href":"https:\/\/api.w.org\/{rel}","templated":true}]}}

Industrializace v Braniborském textilním muzeu Forst

<p>Mnoho prázdných továren a železniční tratě "Černého Jula" vypovídají o kdysi živém "německém Manchesteru". Existují zprávy o osobnostech, které Forstu pomohly k průmyslovému růstu a prestiži. Jaké podmínky byly nutné pro fungování mechanických strojů? Jaká je souvislost mezi rozvojem průmyslu ve Forstu a životními podmínkami zaměstnanců a zaměstnavatelů? Jak se dnes vyrábí příze a látky? Společně prozkoumáme mnoho otázek a najdeme na ně odpovědi.</p>
<p>Aktivita: Práce s videozáznamy, starými adresáři a kronikami, zaznamenávání technických údajů o strojích v soukenické dílně a prohlídka města.</p>
<p>Nabídka probíhá v interiéru i exteriéru a je určena školákům.<br />
tříd 8 až 10.<br />
Termíny: dle dohody<br />
Předběžná registrace: alespoň 1 týden předem<br />
Doba trvání: přibližně 3 hodiny<br />
Velikost skupiny: 5 až 30 osob<br />
Vstupné na osobu: 3,50 €</p>
<p><a title="Braniborské textilní muzeum Forst (Lužice) / Bramborski tekstilny muzej Baršć (Łužyca)" href="/museen/brandenburgisches-textilmuseum-forst/">Braniborské textilní muzeum Forst</a></p>

<p>Mnoho prázdných továren a železniční tratě "Černého Jula" vypovídají o kdysi živém "německém Manchesteru". Existují zprávy o osobnostech, které Forstu pomohly k průmyslovému růstu a prestiži. Jaké podmínky byly nutné pro fungování mechanických strojů? Jaká je souvislost mezi průmyslovým rozvojem ve Forstu a životními podmínkami dělníků?</p>
