{"id":663,"date":"2014-11-14T17:51:43","date_gmt":"2014-11-14T16:51:43","guid":{"rendered":"http:\/\/lausitzer-museenland.de\/?page_id=663"},"modified":"2017-04-05T13:05:23","modified_gmt":"2017-04-05T12:05:23","slug":"raubritter-nickel-von-rothe","status":"publish","type":"page","link":"https:\/\/www.lausitzer-museenland.de\/cs\/sluzba\/kobi\/loupezny-rytir-nickel-von-rothe\/","title":{"rendered":"Lupi\u010d baron Nickel von Rothe - v Braniborsk\u00e9m textiln\u00edm muzeu Forst"},"content":{"rendered":"<p>Nickel von Rothe, ryt\u00ed\u0159 chud\u00fdch sedl\u00e1k\u016f? Nebo loupe\u017eiv\u00fd baron, kter\u00fd byl pron\u00e1sledov\u00e1n a vy\u0159azen z podnik\u00e1n\u00ed? Na konci st\u0159edov\u011bku \u017eil v M\u00fcckenhainu u Forstu legend\u00e1rn\u00ed Nickel von Rothe, kter\u00fd v okol\u00ed p\u016fsobil spou\u0161\u0165. Z\u00e1jemci si tento p\u0159\u00edb\u011bh mohou prohl\u00e9dnout a vyslechnout v muzeu.<\/p>\n<p>Aktivita: Prom\u00edt\u00e1n\u00ed diapozitiv\u016f s historickou s\u00e1gou, ryt\u00ed\u0159i sk\u00e1kaj\u00edc\u00ed na koni<\/p>\n<p>Nab\u00eddka prob\u00edh\u00e1 v interi\u00e9ru a je ur\u010dena \u0161kol\u00e1k\u016fm.<br \/>\nt\u0159\u00edd 1 a\u017e 3.<br \/>\nTerm\u00edny: dle dohody<br \/>\nP\u0159edb\u011b\u017en\u00e1 registrace: alespo\u0148 1 t\u00fdden p\u0159edem<br \/>\nDoba trv\u00e1n\u00ed: p\u0159ibli\u017en\u011b 1,5 hodiny<br \/>\nVelikost skupiny: 5 a\u017e 30 osob<br \/>\nVstupn\u00e9 na osobu: 3,50 \u20ac<\/p>\n<p><a title=\"Braniborsk\u00e9 textiln\u00ed muzeum Forst (Lu\u017eice) \/ Bramborski tekstilny muzej Bar\u0161\u0107 (\u0141u\u017eyca)\" href=\"\/museen\/brandenburgisches-textilmuseum-forst\/\">Braniborsk\u00e9 textiln\u00ed muzeum Forst<\/a><\/p>","protected":false},"excerpt":{"rendered":"<p>Nickel von Rothe, ryt\u00ed\u0159 chud\u00fdch sedl\u00e1k\u016f? Nebo loupe\u017eiv\u00fd baron, kter\u00fd byl pron\u00e1sledov\u00e1n a vy\u0159azen z podnik\u00e1n\u00ed? Na konci st\u0159edov\u011bku \u017eil v M\u00fcckenhainu u Forstu legend\u00e1rn\u00ed Nickel von Rothe, kter\u00fd v okol\u00ed p\u016fsobil spou\u0161\u0165. Z\u00e1jemci si tento p\u0159\u00edb\u011bh mohou prohl\u00e9dnout a vyslechnout v muzeu. Aktivita: Prezentace s historick\u00fdmi sn\u00edmky<\/p>","protected":false},"author":13,"featured_media":0,"parent":380,"menu_order":0,"comment_status":"closed","ping_status":"closed","template":"","meta":[],"_links":{"self":[{"href":"https:\/\/www.lausitzer-museenland.de\/cs\/wp-json\/wp\/v2\/pages\/663"}],"collection":[{"href":"https:\/\/www.lausitzer-museenland.de\/cs\/wp-json\/wp\/v2\/pages"}],"about":[{"href":"https:\/\/www.lausitzer-museenland.de\/cs\/wp-json\/wp\/v2\/types\/page"}],"author":[{"embeddable":true,"href":"https:\/\/www.lausitzer-museenland.de\/cs\/wp-json\/wp\/v2\/users\/13"}],"replies":[{"embeddable":true,"href":"https:\/\/www.lausitzer-museenland.de\/cs\/wp-json\/wp\/v2\/comments?post=663"}],"version-history":[{"count":4,"href":"https:\/\/www.lausitzer-museenland.de\/cs\/wp-json\/wp\/v2\/pages\/663\/revisions"}],"predecessor-version":[{"id":10677,"href":"https:\/\/www.lausitzer-museenland.de\/cs\/wp-json\/wp\/v2\/pages\/663\/revisions\/10677"}],"up":[{"embeddable":true,"href":"https:\/\/www.lausitzer-museenland.de\/cs\/wp-json\/wp\/v2\/pages\/380"}],"wp:attachment":[{"href":"https:\/\/www.lausitzer-museenland.de\/cs\/wp-json\/wp\/v2\/media?parent=663"}],"curies":[{"name":"wp","href":"https:\/\/api.w.org\/{rel}","templated":true}]}}

Lupič baron Nickel von Rothe - v Braniborském textilním muzeu Forst

<p>Nickel von Rothe, rytíř chudých sedláků? Nebo loupeživý baron, který byl pronásledován a vyřazen z podnikání? Na konci středověku žil v Mückenhainu u Forstu legendární Nickel von Rothe, který v okolí působil spoušť. Zájemci si tento příběh mohou prohlédnout a vyslechnout v muzeu.</p>
<p>Aktivita: Promítání diapozitivů s historickou ságou, rytíři skákající na koni</p>
<p>Nabídka probíhá v interiéru a je určena školákům.<br />
tříd 1 až 3.<br />
Termíny: dle dohody<br />
Předběžná registrace: alespoň 1 týden předem<br />
Doba trvání: přibližně 1,5 hodiny<br />
Velikost skupiny: 5 až 30 osob<br />
Vstupné na osobu: 3,50 €</p>
<p><a title="Braniborské textilní muzeum Forst (Lužice) / Bramborski tekstilny muzej Baršć (Łužyca)" href="/museen/brandenburgisches-textilmuseum-forst/">Braniborské textilní muzeum Forst</a></p>

<p>Nickel von Rothe, rytíř chudých sedláků? Nebo loupeživý baron, který byl pronásledován a vyřazen z podnikání? Na konci středověku žil v Mückenhainu u Forstu legendární Nickel von Rothe, který v okolí působil spoušť. Zájemci si tento příběh mohou prohlédnout a vyslechnout v muzeu. Aktivita: Prezentace s historickými snímky</p>
