{"id":665,"date":"2014-11-14T17:52:56","date_gmt":"2014-11-14T16:52:56","guid":{"rendered":"http:\/\/lausitzer-museenland.de\/?page_id=665"},"modified":"2017-04-05T13:06:15","modified_gmt":"2017-04-05T12:06:15","slug":"schwarze-jule-forster-stadteisenbahn","status":"publish","type":"page","link":"https:\/\/www.lausitzer-museenland.de\/cs\/sluzba\/kobi\/black-jule-forster-light-railway\/","title":{"rendered":"\"Schwarze Jule\" - Forstersk\u00e1 m\u011bstsk\u00e1 \u017eeleznice - v Braniborsk\u00e9m textiln\u00edm muzeu Forst"},"content":{"rendered":"<p>S histori\u00ed forstersk\u00e9 m\u011bstsk\u00e9 \u017eeleznice se m\u016f\u017eete sezn\u00e1mit v muzeu obrazem i slovem. N\u00e1v\u0161t\u011bvn\u00edci se dozv\u011bd\u00ed zaj\u00edmavosti od prvn\u00ed cesty v roce 1893 a\u017e po posledn\u00ed cestu v roce 1965. Bude zodpov\u011bzeno mnoho ot\u00e1zek. Pro\u010d byla postavena m\u011bstsk\u00e1 \u017eeleznice? Kdo m\u011bl z t\u00e9to \u017eeleznice prosp\u011bch? Co p\u0159ev\u00e1\u017eela? Pro\u010d byla z m\u011bstsk\u00e9 krajiny a z dopravn\u00edho syst\u00e9mu vytla\u010dena?<\/p>\n<p>Akce: diapozitiv - p\u0159edn\u00e1\u0161ka, hrav\u00e1 aktivita v replice \"\u010cern\u00e9 sovy\" (ru\u010dn\u00ed pr\u00e1ce z listu\/pap\u00edru).<\/p>\n<p>Nab\u00eddka prob\u00edh\u00e1 v interi\u00e9ru a je ur\u010dena \u0161kol\u00e1k\u016fm.<br \/>\nt\u0159\u00edd 2 a\u017e 5.<br \/>\nTerm\u00edny: dle dohody<br \/>\nP\u0159edb\u011b\u017en\u00e1 registrace: alespo\u0148 1 t\u00fdden p\u0159edem<br \/>\nDoba trv\u00e1n\u00ed: p\u0159ibli\u017en\u011b 1,5 a\u017e 2 hodiny<br \/>\nVelikost skupiny: 5 a\u017e 30 osob<br \/>\nVstupn\u00e9 na osobu: 3,50 \u20ac<\/p>\n<p><a title=\"Braniborsk\u00e9 textiln\u00ed muzeum Forst (Lu\u017eice) \/ Bramborski tekstilny muzej Bar\u0161\u0107 (\u0141u\u017eyca)\" href=\"\/museen\/brandenburgisches-textilmuseum-forst\/\">Braniborsk\u00e9 textiln\u00ed muzeum Forst<\/a><\/p>","protected":false},"excerpt":{"rendered":"<p>S histori\u00ed forstersk\u00e9 m\u011bstsk\u00e9 \u017eeleznice se m\u016f\u017eete sezn\u00e1mit v muzeu obrazem i slovem. N\u00e1v\u0161t\u011bvn\u00edci se dozv\u011bd\u00ed zaj\u00edmavosti od prvn\u00ed cesty v roce 1893 a\u017e po posledn\u00ed cestu v roce 1965. Bude zodpov\u011bzeno mnoho ot\u00e1zek. Pro\u010d byla postavena m\u011bstsk\u00e1 \u017eeleznice? Kdo m\u011bl z t\u00e9to \u017eeleznice prosp\u011bch? Co p\u0159ev\u00e1\u017eel? Pro\u010d byl odstran\u011bn z m\u011bstsk\u00e9 krajiny a<\/p>","protected":false},"author":13,"featured_media":0,"parent":380,"menu_order":0,"comment_status":"closed","ping_status":"closed","template":"","meta":[],"_links":{"self":[{"href":"https:\/\/www.lausitzer-museenland.de\/cs\/wp-json\/wp\/v2\/pages\/665"}],"collection":[{"href":"https:\/\/www.lausitzer-museenland.de\/cs\/wp-json\/wp\/v2\/pages"}],"about":[{"href":"https:\/\/www.lausitzer-museenland.de\/cs\/wp-json\/wp\/v2\/types\/page"}],"author":[{"embeddable":true,"href":"https:\/\/www.lausitzer-museenland.de\/cs\/wp-json\/wp\/v2\/users\/13"}],"replies":[{"embeddable":true,"href":"https:\/\/www.lausitzer-museenland.de\/cs\/wp-json\/wp\/v2\/comments?post=665"}],"version-history":[{"count":4,"href":"https:\/\/www.lausitzer-museenland.de\/cs\/wp-json\/wp\/v2\/pages\/665\/revisions"}],"predecessor-version":[{"id":10842,"href":"https:\/\/www.lausitzer-museenland.de\/cs\/wp-json\/wp\/v2\/pages\/665\/revisions\/10842"}],"up":[{"embeddable":true,"href":"https:\/\/www.lausitzer-museenland.de\/cs\/wp-json\/wp\/v2\/pages\/380"}],"wp:attachment":[{"href":"https:\/\/www.lausitzer-museenland.de\/cs\/wp-json\/wp\/v2\/media?parent=665"}],"curies":[{"name":"wp","href":"https:\/\/api.w.org\/{rel}","templated":true}]}}

"Schwarze Jule" - Forsterská městská železnice - v Braniborském textilním muzeu Forst

<p>S historií forsterské městské železnice se můžete seznámit v muzeu obrazem i slovem. Návštěvníci se dozvědí zajímavosti od první cesty v roce 1893 až po poslední cestu v roce 1965. Bude zodpovězeno mnoho otázek. Proč byla postavena městská železnice? Kdo měl z této železnice prospěch? Co převážela? Proč byla z městské krajiny a z dopravního systému vytlačena?</p>
<p>Akce: diapozitiv - přednáška, hravá aktivita v replice "Černé sovy" (ruční práce z listu/papíru).</p>
<p>Nabídka probíhá v interiéru a je určena školákům.<br />
tříd 2 až 5.<br />
Termíny: dle dohody<br />
Předběžná registrace: alespoň 1 týden předem<br />
Doba trvání: přibližně 1,5 až 2 hodiny<br />
Velikost skupiny: 5 až 30 osob<br />
Vstupné na osobu: 3,50 €</p>
<p><a title="Braniborské textilní muzeum Forst (Lužice) / Bramborski tekstilny muzej Baršć (Łužyca)" href="/museen/brandenburgisches-textilmuseum-forst/">Braniborské textilní muzeum Forst</a></p>

<p>S historií forsterské městské železnice se můžete seznámit v muzeu obrazem i slovem. Návštěvníci se dozvědí zajímavosti od první cesty v roce 1893 až po poslední cestu v roce 1965. Bude zodpovězeno mnoho otázek. Proč byla postavena městská železnice? Kdo měl z této železnice prospěch? Co převážel? Proč byl odstraněn z městské krajiny a</p>
