{"id":675,"date":"2014-11-14T17:56:57","date_gmt":"2014-11-14T16:56:57","guid":{"rendered":"http:\/\/lausitzer-museenland.de\/?page_id=675"},"modified":"2014-12-17T17:49:30","modified_gmt":"2014-12-17T16:49:30","slug":"sieben-pruefungen-durch-die-vorgeschichte","status":"publish","type":"page","link":"https:\/\/www.lausitzer-museenland.de\/cs\/sluzba\/kobi\/sedm-zkousek-v-historii\/","title":{"rendered":"Sedm zkoum\u00e1n\u00ed v prav\u011bku v Archeotechnick\u00e9m centru Welzow"},"content":{"rendered":"<p>Na ka\u017ed\u00e9m ze 7 stanovi\u0161\u0165 dostanou n\u00e1v\u0161t\u011bvn\u00edci typick\u00fd \u00fakol, kter\u00fd mus\u00ed ve skupin\u011b vy\u0159e\u0161it za p\u016fl hodiny. Pak se stanice zm\u011bn\u00ed. Sou\u010d\u00e1st\u00ed akce je rozd\u011bl\u00e1v\u00e1n\u00ed ohn\u011b, \u0159ez\u00e1n\u00ed k\u016f\u017ee, keramika, vrt\u00e1n\u00ed, stavba st\u011bn, odl\u00e9v\u00e1n\u00ed vosku a vykop\u00e1vky. Po cest\u011b se va\u0159\u00ed pro ka\u017ed\u00e9ho a z hrnce a hlin\u011bn\u00e9 pece se p\u0159ipravuje vynikaj\u00edc\u00ed j\u00eddlo.<\/p>\n<p>Nab\u00eddka se kon\u00e1 venku a je ur\u010dena student\u016fm oboru<br \/>\nT\u0159\u00eddy 1 a\u017e 10.<br \/>\nTerm\u00edny: dle dohody<br \/>\nP\u0159edb\u011b\u017en\u00e1 registrace: alespo\u0148 2 t\u00fddny p\u0159edem<br \/>\nDoba trv\u00e1n\u00ed: nejm\u00e9n\u011b 6 hodin<br \/>\nVelikost skupiny: 20 a\u017e 80 osob<br \/>\nVstupn\u00e9 na osobu: 15,00 \u20ac<br \/>\nPro dokumentaci si m\u016f\u017eete vz\u00edt fotoapar\u00e1ty nebo telefony s kamerou.<\/p>\n<p><a title=\"Archeotechnick\u00e9 centrum Welzow\" href=\"\/museen\/archaeotechnisches-zentrum-welzow\/\">Archeotechnick\u00e9 centrum Welzow<\/a><\/p>","protected":false},"excerpt":{"rendered":"<p>Na ka\u017ed\u00e9m ze 7 stanovi\u0161\u0165 dostanou n\u00e1v\u0161t\u011bvn\u00edci typick\u00fd \u00fakol, kter\u00fd mus\u00ed ve skupin\u011b vy\u0159e\u0161it za p\u016fl hodiny. Pak se stanice zm\u011bn\u00ed. Sou\u010d\u00e1st\u00ed akce je rozd\u011bl\u00e1v\u00e1n\u00ed ohn\u011b, \u0159ez\u00e1n\u00ed k\u016f\u017ee, keramika, vrt\u00e1n\u00ed, stavba st\u011bn, odl\u00e9v\u00e1n\u00ed vosku a vykop\u00e1vky. Po cest\u011b se va\u0159\u00ed pro ka\u017ed\u00e9ho a chutn\u00e9 j\u00eddlo z hordy hrnc\u016f.<\/p>","protected":false},"author":13,"featured_media":0,"parent":380,"menu_order":0,"comment_status":"closed","ping_status":"closed","template":"","meta":[],"_links":{"self":[{"href":"https:\/\/www.lausitzer-museenland.de\/cs\/wp-json\/wp\/v2\/pages\/675"}],"collection":[{"href":"https:\/\/www.lausitzer-museenland.de\/cs\/wp-json\/wp\/v2\/pages"}],"about":[{"href":"https:\/\/www.lausitzer-museenland.de\/cs\/wp-json\/wp\/v2\/types\/page"}],"author":[{"embeddable":true,"href":"https:\/\/www.lausitzer-museenland.de\/cs\/wp-json\/wp\/v2\/users\/13"}],"replies":[{"embeddable":true,"href":"https:\/\/www.lausitzer-museenland.de\/cs\/wp-json\/wp\/v2\/comments?post=675"}],"version-history":[{"count":6,"href":"https:\/\/www.lausitzer-museenland.de\/cs\/wp-json\/wp\/v2\/pages\/675\/revisions"}],"predecessor-version":[{"id":3654,"href":"https:\/\/www.lausitzer-museenland.de\/cs\/wp-json\/wp\/v2\/pages\/675\/revisions\/3654"}],"up":[{"embeddable":true,"href":"https:\/\/www.lausitzer-museenland.de\/cs\/wp-json\/wp\/v2\/pages\/380"}],"wp:attachment":[{"href":"https:\/\/www.lausitzer-museenland.de\/cs\/wp-json\/wp\/v2\/media?parent=675"}],"curies":[{"name":"wp","href":"https:\/\/api.w.org\/{rel}","templated":true}]}}

Sedm zkoumání v pravěku v Archeotechnickém centru Welzow

<p>Na každém ze 7 stanovišť dostanou návštěvníci typický úkol, který musí ve skupině vyřešit za půl hodiny. Pak se stanice změní. Součástí akce je rozdělávání ohně, řezání kůže, keramika, vrtání, stavba stěn, odlévání vosku a vykopávky. Po cestě se vaří pro každého a z hrnce a hliněné pece se připravuje vynikající jídlo.</p>
<p>Nabídka se koná venku a je určena studentům oboru<br />
Třídy 1 až 10.<br />
Termíny: dle dohody<br />
Předběžná registrace: alespoň 2 týdny předem<br />
Doba trvání: nejméně 6 hodin<br />
Velikost skupiny: 20 až 80 osob<br />
Vstupné na osobu: 15,00 €<br />
Pro dokumentaci si můžete vzít fotoaparáty nebo telefony s kamerou.</p>
<p><a title="Archeotechnické centrum Welzow" href="/museen/archaeotechnisches-zentrum-welzow/">Archeotechnické centrum Welzow</a></p>

<p>Na každém ze 7 stanovišť dostanou návštěvníci typický úkol, který musí ve skupině vyřešit za půl hodiny. Pak se stanice změní. Součástí akce je rozdělávání ohně, řezání kůže, keramika, vrtání, stavba stěn, odlévání vosku a vykopávky. Po cestě se vaří pro každého a chutné jídlo z hordy hrnců.</p>
