{"id":680,"date":"2014-11-14T17:59:43","date_gmt":"2014-11-14T16:59:43","guid":{"rendered":"http:\/\/lausitzer-museenland.de\/?page_id=680"},"modified":"2014-12-17T17:53:29","modified_gmt":"2014-12-17T16:53:29","slug":"eine-muetze-voll-archaeologie","status":"publish","type":"page","link":"https:\/\/www.lausitzer-museenland.de\/cs\/sluzba\/kobi\/a-muetze-full-archaeology\/","title":{"rendered":"Pln\u00e1 kaple archeologie v Archeotechnick\u00e9m centru Welzow"},"content":{"rendered":"<p>N\u00e1v\u0161t\u011bvn\u00edci se sezn\u00e1m\u00ed s Archeotechnick\u00fdm centrem, jeho expozic\u00ed, epoch\u00e1ln\u00ed zahradou, jezerem Clara a instalac\u00ed pod \u0161ir\u00fdm nebem Klein G\u00f6rigk. Po \u00favodu do archeologie n\u00e1sleduje prohl\u00eddka v\u00fdstavy \u010clov\u011bk - d\u0159evo - archeologie; zaru\u010den\u011b bez vitr\u00edn a v\u0161eho, \u010deho se m\u016f\u017eete dotknout a vyzkou\u0161et si to. Pot\u00e9 bude n\u00e1sledovat proch\u00e1zka k jezeru Clara, kde je archeologick\u00e9 d\u0159evo z Braniborska ulo\u017eeno jako v z\u00e1sobn\u00edku - jen pod vodou! Na z\u00e1v\u011br nav\u0161t\u00edv\u00edme skute\u010dn\u00e9 archeologick\u00e9 n\u00e1lezy ze st\u0159edov\u011bku z povrchov\u00e9ho dolu Welzow-S\u00fcd, kter\u00e9 byly rekonstruov\u00e1ny v instalaci pod \u0161ir\u00fdm nebem. Zde se tak\u00e9 nach\u00e1z\u00ed jedin\u00e1 braniborsk\u00e1 st\u0159edov\u011bk\u00e1 stodola, kterou se poda\u0159ilo rekonstruovat na z\u00e1klad\u011b n\u00e1lez\u016f z vykop\u00e1vek.<\/p>\n<p>Nab\u00eddka se kon\u00e1 venku a je ur\u010dena student\u016fm oboru<br \/>\nT\u0159\u00eddy 1 a\u017e 10.<br \/>\nTerm\u00edny: dle dohody<br \/>\nP\u0159edb\u011b\u017en\u00e1 registrace: minim\u00e1ln\u011b 2 t\u00fddny p\u0159edem, p\u0159edb\u011b\u017en\u00e1 registrace je naprosto nezbytn\u00e1!<br \/>\nDoba trv\u00e1n\u00ed: nejm\u00e9n\u011b 3 hodiny (i d\u00e9le)<br \/>\nVelikost skupiny: 10 a\u017e 25 osob<br \/>\nVstupn\u00e9 na osobu: 10,00 \u20ac<\/p>\n<p>Pro dokumentaci si m\u016f\u017eete vz\u00edt fotoapar\u00e1ty nebo telefony s kamerou.<\/p>\n<p><a title=\"Archeotechnick\u00e9 centrum Welzow\" href=\"\/museen\/archaeotechnisches-zentrum-welzow\/\">Archeotechnick\u00e9 centrum Welzow<\/a><\/p>","protected":false},"excerpt":{"rendered":"<p>N\u00e1v\u0161t\u011bvn\u00edci se sezn\u00e1m\u00ed s Archeotechnick\u00fdm centrem, jeho expozic\u00ed, epoch\u00e1ln\u00ed zahradou, jezerem Clara a instalac\u00ed pod \u0161ir\u00fdm nebem Klein G\u00f6rigk. Po \u00favodu do archeologie n\u00e1sleduje prohl\u00eddka v\u00fdstavy \u010clov\u011bk - d\u0159evo - archeologie; zaru\u010den\u011b bez vitr\u00edn a v\u0161eho, \u010deho se m\u016f\u017eete dotknout a vyzkou\u0161et si to. Pot\u00e9 n\u00e1sleduje proch\u00e1zka k jezeru Clara, kde se nach\u00e1zej\u00ed archeologick\u00e9 d\u0159ev\u011bn\u00e9 n\u00e1lezy.<\/p>","protected":false},"author":13,"featured_media":0,"parent":380,"menu_order":0,"comment_status":"closed","ping_status":"closed","template":"","meta":[],"_links":{"self":[{"href":"https:\/\/www.lausitzer-museenland.de\/cs\/wp-json\/wp\/v2\/pages\/680"}],"collection":[{"href":"https:\/\/www.lausitzer-museenland.de\/cs\/wp-json\/wp\/v2\/pages"}],"about":[{"href":"https:\/\/www.lausitzer-museenland.de\/cs\/wp-json\/wp\/v2\/types\/page"}],"author":[{"embeddable":true,"href":"https:\/\/www.lausitzer-museenland.de\/cs\/wp-json\/wp\/v2\/users\/13"}],"replies":[{"embeddable":true,"href":"https:\/\/www.lausitzer-museenland.de\/cs\/wp-json\/wp\/v2\/comments?post=680"}],"version-history":[{"count":5,"href":"https:\/\/www.lausitzer-museenland.de\/cs\/wp-json\/wp\/v2\/pages\/680\/revisions"}],"predecessor-version":[{"id":3659,"href":"https:\/\/www.lausitzer-museenland.de\/cs\/wp-json\/wp\/v2\/pages\/680\/revisions\/3659"}],"up":[{"embeddable":true,"href":"https:\/\/www.lausitzer-museenland.de\/cs\/wp-json\/wp\/v2\/pages\/380"}],"wp:attachment":[{"href":"https:\/\/www.lausitzer-museenland.de\/cs\/wp-json\/wp\/v2\/media?parent=680"}],"curies":[{"name":"wp","href":"https:\/\/api.w.org\/{rel}","templated":true}]}}

Plná kaple archeologie v Archeotechnickém centru Welzow

<p>Návštěvníci se seznámí s Archeotechnickým centrem, jeho expozicí, epochální zahradou, jezerem Clara a instalací pod širým nebem Klein Görigk. Po úvodu do archeologie následuje prohlídka výstavy Člověk - dřevo - archeologie; zaručeně bez vitrín a všeho, čeho se můžete dotknout a vyzkoušet si to. Poté bude následovat procházka k jezeru Clara, kde je archeologické dřevo z Braniborska uloženo jako v zásobníku - jen pod vodou! Na závěr navštívíme skutečné archeologické nálezy ze středověku z povrchového dolu Welzow-Süd, které byly rekonstruovány v instalaci pod širým nebem. Zde se také nachází jediná braniborská středověká stodola, kterou se podařilo rekonstruovat na základě nálezů z vykopávek.</p>
<p>Nabídka se koná venku a je určena studentům oboru<br />
Třídy 1 až 10.<br />
Termíny: dle dohody<br />
Předběžná registrace: minimálně 2 týdny předem, předběžná registrace je naprosto nezbytná!<br />
Doba trvání: nejméně 3 hodiny (i déle)<br />
Velikost skupiny: 10 až 25 osob<br />
Vstupné na osobu: 10,00 €</p>
<p>Pro dokumentaci si můžete vzít fotoaparáty nebo telefony s kamerou.</p>
<p><a title="Archeotechnické centrum Welzow" href="/museen/archaeotechnisches-zentrum-welzow/">Archeotechnické centrum Welzow</a></p>

<p>Návštěvníci se seznámí s Archeotechnickým centrem, jeho expozicí, epochální zahradou, jezerem Clara a instalací pod širým nebem Klein Görigk. Po úvodu do archeologie následuje prohlídka výstavy Člověk - dřevo - archeologie; zaručeně bez vitrín a všeho, čeho se můžete dotknout a vyzkoušet si to. Poté následuje procházka k jezeru Clara, kde se nacházejí archeologické dřevěné nálezy.</p>
