{"id":682,"date":"2014-11-14T18:00:39","date_gmt":"2014-11-14T17:00:39","guid":{"rendered":"http:\/\/lausitzer-museenland.de\/?page_id=682"},"modified":"2014-12-17T17:55:25","modified_gmt":"2014-12-17T16:55:25","slug":"spaziergang-durch-mittelalter","status":"publish","type":"page","link":"https:\/\/www.lausitzer-museenland.de\/cs\/sluzba\/kobi\/prochazka-stredovekem\/","title":{"rendered":"Proch\u00e1zka st\u0159edov\u011bkem v Archeotechnick\u00e9m centru Welzow"},"content":{"rendered":"<p>N\u00e1v\u0161t\u011bvn\u00edci se sezn\u00e1m\u00ed s Archeotechnick\u00fdm centrem s expozic\u00ed a epoch\u00e1ln\u00ed zahradou. Po \u00favodu do archeologie st\u0159edov\u011bku s kuf\u0159\u00edkem pln\u00fdm st\u0159edov\u011bk\u00fdch n\u00e1stroj\u016f a n\u00e1\u0159ad\u00ed se v\u00fdstava \u010clov\u011bk - d\u0159evo - archeologie vyd\u00e1v\u00e1 po stop\u00e1ch st\u0159edov\u011bk\u00e9ho os\u00eddlen\u00ed v Doln\u00ed Lu\u017eici. V epoch\u00e1ln\u00ed zahrad\u011b se zkou\u0161ej\u00ed st\u0159edov\u011bk\u00e9 \u0159emesln\u00e9 techniky a rozd\u011bl\u00e1vaj\u00ed se ohn\u011b pomoc\u00ed k\u0159emene a dl\u00e1t. Po prohl\u00eddce skute\u010dn\u00fdch st\u0159edov\u011bk\u00fdch n\u00e1lez\u016f v instalaci pod \u0161ir\u00fdm nebem Klein G\u00f6rigk je projektov\u00fd den zakon\u010den hrami a vydatn\u00fdm j\u00eddlem ze st\u0159edov\u011bk\u00e9ho kotl\u00edku a dom\u00e1c\u00edm chlebem z hlin\u011bn\u00e9 pece.<\/p>\n<p>Nab\u00eddka se kon\u00e1 venku a je ur\u010dena student\u016fm oboru<br \/>\nT\u0159\u00eddy 1 a\u017e 10.<br \/>\nTerm\u00edny: dle dohody<br \/>\nP\u0159edb\u011b\u017en\u00e1 registrace: minim\u00e1ln\u011b 2 t\u00fddny p\u0159edem, p\u0159edb\u011b\u017en\u00e1 registrace je naprosto nezbytn\u00e1!<br \/>\nDoba trv\u00e1n\u00ed: nejm\u00e9n\u011b 4 hodiny (i d\u00e9le)<br \/>\nVelikost skupiny: 10 a\u017e 25 osob<br \/>\nVstupn\u00e9 na osobu: 10,00 \u20ac<\/p>\n<p>Pro dokumentaci si m\u016f\u017eete vz\u00edt fotoapar\u00e1ty nebo telefony s kamerou.<\/p>\n<p><a title=\"Archeotechnick\u00e9 centrum Welzow\" href=\"\/museen\/archaeotechnisches-zentrum-welzow\/\">Archeotechnick\u00e9 centrum Welzow<\/a><\/p>","protected":false},"excerpt":{"rendered":"<p>N\u00e1v\u0161t\u011bvn\u00edci se sezn\u00e1m\u00ed s Archeotechnick\u00fdm centrem s expozic\u00ed a epoch\u00e1ln\u00ed zahradou. Po sezn\u00e1men\u00ed s archeologi\u00ed st\u0159edov\u011bku s kuf\u0159\u00edkem pln\u00fdm st\u0159edov\u011bk\u00fdch n\u00e1stroj\u016f a n\u00e1\u0159ad\u00ed pokra\u010duje prohl\u00eddka v\u00fdstavou \u010clov\u011bk - d\u0159evo - archeologie o stop\u00e1ch st\u0159edov\u011bk\u00e9ho os\u00eddlen\u00ed Doln\u00ed Lu\u017eice. V epoch\u00e1ln\u00ed zahrad\u011b jsou \u0159emesln\u00e9 techniky st\u0159edov\u011bku<\/p>","protected":false},"author":13,"featured_media":0,"parent":380,"menu_order":0,"comment_status":"closed","ping_status":"closed","template":"","meta":[],"_links":{"self":[{"href":"https:\/\/www.lausitzer-museenland.de\/cs\/wp-json\/wp\/v2\/pages\/682"}],"collection":[{"href":"https:\/\/www.lausitzer-museenland.de\/cs\/wp-json\/wp\/v2\/pages"}],"about":[{"href":"https:\/\/www.lausitzer-museenland.de\/cs\/wp-json\/wp\/v2\/types\/page"}],"author":[{"embeddable":true,"href":"https:\/\/www.lausitzer-museenland.de\/cs\/wp-json\/wp\/v2\/users\/13"}],"replies":[{"embeddable":true,"href":"https:\/\/www.lausitzer-museenland.de\/cs\/wp-json\/wp\/v2\/comments?post=682"}],"version-history":[{"count":5,"href":"https:\/\/www.lausitzer-museenland.de\/cs\/wp-json\/wp\/v2\/pages\/682\/revisions"}],"predecessor-version":[{"id":3662,"href":"https:\/\/www.lausitzer-museenland.de\/cs\/wp-json\/wp\/v2\/pages\/682\/revisions\/3662"}],"up":[{"embeddable":true,"href":"https:\/\/www.lausitzer-museenland.de\/cs\/wp-json\/wp\/v2\/pages\/380"}],"wp:attachment":[{"href":"https:\/\/www.lausitzer-museenland.de\/cs\/wp-json\/wp\/v2\/media?parent=682"}],"curies":[{"name":"wp","href":"https:\/\/api.w.org\/{rel}","templated":true}]}}

Procházka středověkem v Archeotechnickém centru Welzow

<p>Návštěvníci se seznámí s Archeotechnickým centrem s expozicí a epochální zahradou. Po úvodu do archeologie středověku s kufříkem plným středověkých nástrojů a nářadí se výstava Člověk - dřevo - archeologie vydává po stopách středověkého osídlení v Dolní Lužici. V epochální zahradě se zkoušejí středověké řemeslné techniky a rozdělávají se ohně pomocí křemene a dlát. Po prohlídce skutečných středověkých nálezů v instalaci pod širým nebem Klein Görigk je projektový den zakončen hrami a vydatným jídlem ze středověkého kotlíku a domácím chlebem z hliněné pece.</p>
<p>Nabídka se koná venku a je určena studentům oboru<br />
Třídy 1 až 10.<br />
Termíny: dle dohody<br />
Předběžná registrace: minimálně 2 týdny předem, předběžná registrace je naprosto nezbytná!<br />
Doba trvání: nejméně 4 hodiny (i déle)<br />
Velikost skupiny: 10 až 25 osob<br />
Vstupné na osobu: 10,00 €</p>
<p>Pro dokumentaci si můžete vzít fotoaparáty nebo telefony s kamerou.</p>
<p><a title="Archeotechnické centrum Welzow" href="/museen/archaeotechnisches-zentrum-welzow/">Archeotechnické centrum Welzow</a></p>

<p>Návštěvníci se seznámí s Archeotechnickým centrem s expozicí a epochální zahradou. Po seznámení s archeologií středověku s kufříkem plným středověkých nástrojů a nářadí pokračuje prohlídka výstavou Člověk - dřevo - archeologie o stopách středověkého osídlení Dolní Lužice. V epochální zahradě jsou řemeslné techniky středověku</p>
