{"id":686,"date":"2014-11-14T18:02:03","date_gmt":"2014-11-14T17:02:03","guid":{"rendered":"http:\/\/lausitzer-museenland.de\/?page_id=686"},"modified":"2014-12-17T17:58:53","modified_gmt":"2014-12-17T16:58:53","slug":"spaziergang-durch-steinzeit","status":"publish","type":"page","link":"https:\/\/www.lausitzer-museenland.de\/cs\/sluzba\/kobi\/prochazka-kamennym-vekem\/","title":{"rendered":"Proch\u00e1zka dobou kamennou v Archeotechnick\u00e9m centru Welzow"},"content":{"rendered":"<p>N\u00e1v\u0161t\u011bvn\u00edci se sezn\u00e1m\u00ed s Archeotechnick\u00fdm centrem s expozic\u00ed a epoch\u00e1ln\u00ed zahradou. Po \u00favodu do archeologie doby kamenn\u00e9 s kufrem pln\u00fdm n\u00e1stroj\u016f a vybaven\u00ed z doby kamenn\u00e9 se v\u00fdstava \u010clov\u011bk - d\u0159evo - archeologie vyd\u00e1v\u00e1 po stop\u00e1ch lovc\u016f z doby ledov\u00e9 a prvn\u00edch zem\u011bd\u011blc\u016f a chovatel\u016f dobytka. V epoch\u00e1ln\u00ed zahrad\u011b se zkou\u0161ej\u00ed \u0159emesln\u00e9 techniky z doby kamenn\u00e9, experimentuje se s ocel\u00ed doby kamenn\u00e9 - k\u0159emenem - a rozd\u011bl\u00e1v\u00e1 se ohe\u0148 a hraje se s n\u00edm. Projektov\u00fd den je zakon\u010den vydatn\u00fdm j\u00eddlem z doby kamenn\u00e9 s dom\u00e1c\u00edm chlebem z hlin\u011bn\u00e9 pece z doby kamenn\u00e9.<\/p>\n<p>Program prob\u00edh\u00e1 venku a je ur\u010den pro \u017e\u00e1ky 1. a\u017e 10. t\u0159\u00eddy.<br \/>\nTerm\u00edny: dle dohody<br \/>\nNutn\u00e1 rezervace p\u0159edem: alespo\u0148 2 t\u00fddny p\u0159edem<br \/>\nDoba trv\u00e1n\u00ed: nejm\u00e9n\u011b 4 hodiny (i d\u00e9le)<br \/>\nVelikost skupiny: 10 a\u017e 25 osob<br \/>\nVstupn\u00e9 na osobu: 10,00 \u20ac<\/p>\n<p>Pro dokumentaci si m\u016f\u017eete vz\u00edt fotoapar\u00e1ty nebo telefony s kamerou.<\/p>\n<p><a title=\"Archeotechnick\u00e9 centrum Welzow\" href=\"\/museen\/archaeotechnisches-zentrum-welzow\/\">Archeotechnick\u00e9 centrum Welzow<\/a><\/p>","protected":false},"excerpt":{"rendered":"<p>N\u00e1v\u0161t\u011bvn\u00edci se sezn\u00e1m\u00ed s Archeotechnick\u00fdm centrem s expozic\u00ed a epoch\u00e1ln\u00ed zahradou. Po sezn\u00e1men\u00ed s archeologi\u00ed doby kamenn\u00e9 s kufrem pln\u00fdm n\u00e1stroj\u016f a vybaven\u00ed z doby kamenn\u00e9 pokra\u010duje prohl\u00eddka v\u00fdstavou \u010clov\u011bk - d\u0159evo - archeologie po stop\u00e1ch lovc\u016f z doby ledov\u00e9 i prvn\u00edch zem\u011bd\u011blc\u016f a chovatel\u016f dobytka. V epoch\u00e1ln\u00ed zahrad\u011b<\/p>","protected":false},"author":13,"featured_media":0,"parent":380,"menu_order":0,"comment_status":"closed","ping_status":"closed","template":"","meta":[],"_links":{"self":[{"href":"https:\/\/www.lausitzer-museenland.de\/cs\/wp-json\/wp\/v2\/pages\/686"}],"collection":[{"href":"https:\/\/www.lausitzer-museenland.de\/cs\/wp-json\/wp\/v2\/pages"}],"about":[{"href":"https:\/\/www.lausitzer-museenland.de\/cs\/wp-json\/wp\/v2\/types\/page"}],"author":[{"embeddable":true,"href":"https:\/\/www.lausitzer-museenland.de\/cs\/wp-json\/wp\/v2\/users\/13"}],"replies":[{"embeddable":true,"href":"https:\/\/www.lausitzer-museenland.de\/cs\/wp-json\/wp\/v2\/comments?post=686"}],"version-history":[{"count":6,"href":"https:\/\/www.lausitzer-museenland.de\/cs\/wp-json\/wp\/v2\/pages\/686\/revisions"}],"predecessor-version":[{"id":3667,"href":"https:\/\/www.lausitzer-museenland.de\/cs\/wp-json\/wp\/v2\/pages\/686\/revisions\/3667"}],"up":[{"embeddable":true,"href":"https:\/\/www.lausitzer-museenland.de\/cs\/wp-json\/wp\/v2\/pages\/380"}],"wp:attachment":[{"href":"https:\/\/www.lausitzer-museenland.de\/cs\/wp-json\/wp\/v2\/media?parent=686"}],"curies":[{"name":"wp","href":"https:\/\/api.w.org\/{rel}","templated":true}]}}

Procházka dobou kamennou v Archeotechnickém centru Welzow

<p>Návštěvníci se seznámí s Archeotechnickým centrem s expozicí a epochální zahradou. Po úvodu do archeologie doby kamenné s kufrem plným nástrojů a vybavení z doby kamenné se výstava Člověk - dřevo - archeologie vydává po stopách lovců z doby ledové a prvních zemědělců a chovatelů dobytka. V epochální zahradě se zkoušejí řemeslné techniky z doby kamenné, experimentuje se s ocelí doby kamenné - křemenem - a rozdělává se oheň a hraje se s ním. Projektový den je zakončen vydatným jídlem z doby kamenné s domácím chlebem z hliněné pece z doby kamenné.</p>
<p>Program probíhá venku a je určen pro žáky 1. až 10. třídy.<br />
Termíny: dle dohody<br />
Nutná rezervace předem: alespoň 2 týdny předem<br />
Doba trvání: nejméně 4 hodiny (i déle)<br />
Velikost skupiny: 10 až 25 osob<br />
Vstupné na osobu: 10,00 €</p>
<p>Pro dokumentaci si můžete vzít fotoaparáty nebo telefony s kamerou.</p>
<p><a title="Archeotechnické centrum Welzow" href="/museen/archaeotechnisches-zentrum-welzow/">Archeotechnické centrum Welzow</a></p>

<p>Návštěvníci se seznámí s Archeotechnickým centrem s expozicí a epochální zahradou. Po seznámení s archeologií doby kamenné s kufrem plným nástrojů a vybavení z doby kamenné pokračuje prohlídka výstavou Člověk - dřevo - archeologie po stopách lovců z doby ledové i prvních zemědělců a chovatelů dobytka. V epochální zahradě</p>
