{"id":689,"date":"2014-11-14T18:03:18","date_gmt":"2014-11-14T17:03:18","guid":{"rendered":"http:\/\/lausitzer-museenland.de\/?page_id=689"},"modified":"2014-12-17T18:00:47","modified_gmt":"2014-12-17T17:00:47","slug":"ausstellung-in-der-alten-muehle","status":"publish","type":"page","link":"https:\/\/www.lausitzer-museenland.de\/cs\/sluzba\/kobi\/vystava-ve-starem-mlyne\/","title":{"rendered":"V\u00fdstava zem\u011bd\u011blsk\u00e9 techniky a selsk\u00e9ho zp\u016fsobu \u017eivota ve \"Star\u00e9m ml\u00fdn\u011b\" Proschim"},"content":{"rendered":"<p>Exkurze do region\u00e1ln\u00edho folkl\u00f3ru prost\u0159ednictv\u00edm drobn\u00fdch zem\u011bd\u011blsk\u00fdch technik, \u017eivota na vesnici a \u0159emesel.<\/p>\n<p>P\u0159\u00edzem\u00ed: historie ml\u00fdna a obce Proschim a v\u00fdstava model\u016f ml\u00fdn\u016f a ml\u00fdnk\u016f.<\/p>\n<p>1. patro: zpracov\u00e1n\u00ed sl\u00e1my, stlouk\u00e1n\u00ed m\u00e1sla, pe\u010den\u00ed, obiloviny, konzervace plodin, pr\u00e1delna, obytn\u00e9 prostory, kuchyn\u011b, p\u00e9\u010de o d\u011bti, textil, sedl\u00e1\u0159sk\u00fd stroj.<\/p>\n<p>2. patro: p\u011bstov\u00e1n\u00ed brambor, kultivace p\u016fdy, zahradn\u00ed n\u00e1\u0159ad\u00ed, obuvnictv\u00ed, tkalcovstv\u00ed, p\u0159eden\u00ed, v\u010dela\u0159stv\u00ed, v\u00fdtah a p\u0159evodovka.<\/p>\n<p>Farma: chov drobn\u00e9ho zv\u00ed\u0159ectva, dom\u00e1c\u00ed por\u00e1\u017eka, peka\u0159stv\u00ed, \u010di\u0161t\u011bn\u00ed pr\u00e1dla, v\u00fdstava j\u00edzdn\u00edch kol<\/p>\n<p>Program se kon\u00e1 v \"Alte M\u00fchle\" a na M\u00fchlenhofu. Je ur\u010dena \u017e\u00e1k\u016fm 1. a\u017e 12. t\u0159\u00eddy.<br \/>\nP\u0159edb\u011b\u017en\u00e1 registrace: jeden t\u00fdden p\u0159edem<br \/>\nDoba trv\u00e1n\u00ed: p\u0159ibli\u017en\u011b 2 hodiny.<br \/>\nVelikost skupiny: 10 a\u017e 40 osob<br \/>\nVstupn\u00e9 na osobu: 1,50 \u20ac<\/p>\n<p><a title=\"&quot;Alte M\u00fchle&quot; Proschim \/ &quot;Stary m\u0142yn&quot; Pro\u017eym\" href=\"\/museen\/alte-muehle-proschim\/\">\"Star\u00fd ml\u00fdn\" Proschim<\/a><\/p>","protected":false},"excerpt":{"rendered":"<p>Exkurze do region\u00e1ln\u00edho folkloru prost\u0159ednictv\u00edm drobn\u00e9 zem\u011bd\u011blsk\u00e9 techniky a \u017eivota na vesnici a \u0159emesel. P\u0159\u00edzem\u00ed: historie ml\u00fdna a obce Proschim a expozice model\u016f ml\u00fdn\u016f a ml\u00fdnk\u016f 1. patro: zpracov\u00e1n\u00ed sl\u00e1my, stlouk\u00e1n\u00ed m\u00e1sla, pe\u010den\u00ed, druhy obil\u00ed, konzervace sklizen\u00fdch plodin, p\u00e9\u010de o pr\u00e1dlo, obytn\u00e9 m\u00edstnosti, kuchyn\u011b, p\u00e9\u010de o d\u011bti, textil, sedl\u00e1\u0159sk\u00fd stroj 2. patro: p\u011bstov\u00e1n\u00ed brambor, obd\u011bl\u00e1v\u00e1n\u00ed p\u016fdy, zahradnick\u00e9 n\u00e1\u0159ad\u00ed, obuvnictv\u00ed, tkalcovstv\u00ed, p\u0159eden\u00ed, v\u010dela\u0159stv\u00ed, v\u00fdtah a transmisn\u00ed dv\u016fr:<\/p>","protected":false},"author":13,"featured_media":0,"parent":380,"menu_order":0,"comment_status":"closed","ping_status":"closed","template":"","meta":[],"_links":{"self":[{"href":"https:\/\/www.lausitzer-museenland.de\/cs\/wp-json\/wp\/v2\/pages\/689"}],"collection":[{"href":"https:\/\/www.lausitzer-museenland.de\/cs\/wp-json\/wp\/v2\/pages"}],"about":[{"href":"https:\/\/www.lausitzer-museenland.de\/cs\/wp-json\/wp\/v2\/types\/page"}],"author":[{"embeddable":true,"href":"https:\/\/www.lausitzer-museenland.de\/cs\/wp-json\/wp\/v2\/users\/13"}],"replies":[{"embeddable":true,"href":"https:\/\/www.lausitzer-museenland.de\/cs\/wp-json\/wp\/v2\/comments?post=689"}],"version-history":[{"count":7,"href":"https:\/\/www.lausitzer-museenland.de\/cs\/wp-json\/wp\/v2\/pages\/689\/revisions"}],"predecessor-version":[{"id":3670,"href":"https:\/\/www.lausitzer-museenland.de\/cs\/wp-json\/wp\/v2\/pages\/689\/revisions\/3670"}],"up":[{"embeddable":true,"href":"https:\/\/www.lausitzer-museenland.de\/cs\/wp-json\/wp\/v2\/pages\/380"}],"wp:attachment":[{"href":"https:\/\/www.lausitzer-museenland.de\/cs\/wp-json\/wp\/v2\/media?parent=689"}],"curies":[{"name":"wp","href":"https:\/\/api.w.org\/{rel}","templated":true}]}}

Výstava zemědělské techniky a selského způsobu života ve "Starém mlýně" Proschim

<p>Exkurze do regionálního folklóru prostřednictvím drobných zemědělských technik, života na vesnici a řemesel.</p>
<p>Přízemí: historie mlýna a obce Proschim a výstava modelů mlýnů a mlýnků.</p>
<p>1. patro: zpracování slámy, stloukání másla, pečení, obiloviny, konzervace plodin, prádelna, obytné prostory, kuchyně, péče o děti, textil, sedlářský stroj.</p>
<p>2. patro: pěstování brambor, kultivace půdy, zahradní nářadí, obuvnictví, tkalcovství, předení, včelařství, výtah a převodovka.</p>
<p>Farma: chov drobného zvířectva, domácí porážka, pekařství, čištění prádla, výstava jízdních kol</p>
<p>Program se koná v "Alte Mühle" a na Mühlenhofu. Je určena žákům 1. až 12. třídy.<br />
Předběžná registrace: jeden týden předem<br />
Doba trvání: přibližně 2 hodiny.<br />
Velikost skupiny: 10 až 40 osob<br />
Vstupné na osobu: 1,50 €</p>
<p><a title="&quot;Alte Mühle&quot; Proschim / &quot;Stary młyn&quot; Prožym" href="/museen/alte-muehle-proschim/">"Starý mlýn" Proschim</a></p>

<p>Exkurze do regionálního folkloru prostřednictvím drobné zemědělské techniky a života na vesnici a řemesel. Přízemí: historie mlýna a obce Proschim a expozice modelů mlýnů a mlýnků 1. patro: zpracování slámy, stloukání másla, pečení, druhy obilí, konzervace sklizených plodin, péče o prádlo, obytné místnosti, kuchyně, péče o děti, textil, sedlářský stroj 2. patro: pěstování brambor, obdělávání půdy, zahradnické nářadí, obuvnictví, tkalcovství, předení, včelařství, výtah a transmisní dvůr:</p>
