{"id":1380,"date":"2014-11-24T14:03:45","date_gmt":"2014-11-24T13:03:45","guid":{"rendered":"http:\/\/lausitzer-museenland.de\/?page_id=1380"},"modified":"2022-06-02T09:00:46","modified_gmt":"2022-06-02T07:00:46","slug":"fuehrung-durch-den-peitzer-festungsturm","status":"publish","type":"page","link":"https:\/\/www.lausitzer-museenland.de\/dsb\/service\/kobi\/fuehrung-durch-den-peitzer-festungsturm\/","title":{"rendered":"F\u00fchrung durch den Peitzer Festungsturm &#8211; Ausblick \u00fcber Peitz &#8211; Einblick in die Festungsgeschichte"},"content":{"rendered":"<p>Der Festungsturm liegt im Herzen der Stadt Peitz, inmitten des historischen Altstadtkerns.<\/p>\n<div>Die Besucher erfahren in der F\u00fchrung viel Wissenswertes zum Festungsturm sowie \u00fcber die Geschichte der Stadt und der Region.<\/div>\n<div><\/div>\n<div>Das Angebot findet indoor statt und richtet sich an an Sch\u00fcler der Klassen 1 bis 13.<\/div>\n<div>Termin: nach Absprache<\/div>\n<div><\/div>\n<div>Dauer: ca. 1 Stunde<\/div>\n<div>Voranmeldung: sp\u00e4testens eine Woche vorher<\/div>\n<div><\/div>\n<div>Festungsturm Peitz<\/div>\n<div>Festungsweg<\/div>\n<div><\/div>\n<div>Frau Medack<\/div>\n<div>03185 Peitz\/ Picnjo<\/div>\n<div>Telefon: 035601 \/ 22080<\/div>\n<div>Telefax: 035601 \/ 22080<\/div>\n<div>E &#8211; Mail: museum@peitz.de<\/div>\n<div>Website: <a href=\"https:\/\/tourismus.peitz.de\/de\/museum\/festungsturm\" target=\"_blank\" rel=\"noopener\">www.tourismus.peitz.de<\/a><\/div>","protected":false},"excerpt":{"rendered":"<p>Der Festungsturm liegt im Herzen der Stadt Peitz, inmitten des historischen Altstadtkerns. Die Besucher erfahren in der F\u00fchrung viel Wissenswertes zum Festungsturm sowie \u00fcber die Geschichte der Stadt und der Region. Das Angebot findet indoor statt und richtet sich an an Sch\u00fcler der Klassen 1 bis 13. Termin: nach Absprache Dauer: ca. 1 Stunde Voranmeldung:<\/p>","protected":false},"author":13,"featured_media":0,"parent":380,"menu_order":0,"comment_status":"closed","ping_status":"closed","template":"","meta":[],"_links":{"self":[{"href":"https:\/\/www.lausitzer-museenland.de\/dsb\/wp-json\/wp\/v2\/pages\/1380"}],"collection":[{"href":"https:\/\/www.lausitzer-museenland.de\/dsb\/wp-json\/wp\/v2\/pages"}],"about":[{"href":"https:\/\/www.lausitzer-museenland.de\/dsb\/wp-json\/wp\/v2\/types\/page"}],"author":[{"embeddable":true,"href":"https:\/\/www.lausitzer-museenland.de\/dsb\/wp-json\/wp\/v2\/users\/13"}],"replies":[{"embeddable":true,"href":"https:\/\/www.lausitzer-museenland.de\/dsb\/wp-json\/wp\/v2\/comments?post=1380"}],"version-history":[{"count":4,"href":"https:\/\/www.lausitzer-museenland.de\/dsb\/wp-json\/wp\/v2\/pages\/1380\/revisions"}],"predecessor-version":[{"id":54009,"href":"https:\/\/www.lausitzer-museenland.de\/dsb\/wp-json\/wp\/v2\/pages\/1380\/revisions\/54009"}],"up":[{"embeddable":true,"href":"https:\/\/www.lausitzer-museenland.de\/dsb\/wp-json\/wp\/v2\/pages\/380"}],"wp:attachment":[{"href":"https:\/\/www.lausitzer-museenland.de\/dsb\/wp-json\/wp\/v2\/media?parent=1380"}],"curies":[{"name":"wp","href":"https:\/\/api.w.org\/{rel}","templated":true}]}}

Führung durch den Peitzer Festungsturm &#8211; Ausblick über Peitz &#8211; Einblick in die Festungsgeschichte

<p>Der Festungsturm liegt im Herzen der Stadt Peitz, inmitten des historischen Altstadtkerns.</p>
<div>Die Besucher erfahren in der Führung viel Wissenswertes zum Festungsturm sowie über die Geschichte der Stadt und der Region.</div>
<div></div>
<div>Das Angebot findet indoor statt und richtet sich an an Schüler der Klassen 1 bis 13.</div>
<div>Termin: nach Absprache</div>
<div></div>
<div>Dauer: ca. 1 Stunde</div>
<div>Voranmeldung: spätestens eine Woche vorher</div>
<div></div>
<div>Festungsturm Peitz</div>
<div>Festungsweg</div>
<div></div>
<div>Frau Medack</div>
<div>03185 Peitz/ Picnjo</div>
<div>Telefon: 035601 / 22080</div>
<div>Telefax: 035601 / 22080</div>
<div>E &#8211; Mail: museum@peitz.de</div>
<div>Website: <a href="https://tourismus.peitz.de/de/museum/festungsturm" target="_blank" rel="noopener">www.tourismus.peitz.de</a></div>

<p>Der Festungsturm liegt im Herzen der Stadt Peitz, inmitten des historischen Altstadtkerns. Die Besucher erfahren in der Führung viel Wissenswertes zum Festungsturm sowie über die Geschichte der Stadt und der Region. Das Angebot findet indoor statt und richtet sich an an Schüler der Klassen 1 bis 13. Termin: nach Absprache Dauer: ca. 1 Stunde Voranmeldung:</p>
