{"id":231,"date":"2014-11-06T09:56:22","date_gmt":"2014-11-06T08:56:22","guid":{"rendered":"http:\/\/lausitzer-museenland.de\/?page_id=231"},"modified":"2022-05-31T07:44:15","modified_gmt":"2022-05-31T05:44:15","slug":"niederlausitzer-heidemuseum-spremberg","status":"publish","type":"page","link":"https:\/\/www.lausitzer-museenland.de\/dsb\/museen\/niederlausitzer-heidemuseum-spremberg\/","title":{"rendered":"Niederlausitzer Heidemuseum Spremberg \/ Dolno\u0142u\u017eyski g\u00f3la\u0144ski muzej Grodk"},"content":{"rendered":"<p><a href=\"#galerie_spremberg\">Galeria<\/a> | <a href=\"#austellung_spremberg\">Ausstellungen<\/a> | <a href=\"#kinderangebot_spremberg\">Oferty dla dzieci<\/a><br \/>\n<img loading=\"lazy\" class=\"enigma_img_responsive alignnone wp-image-53345\" src=\"https:\/\/www.lausitzer-museenland.de\/wp-content\/uploads\/2021\/05\/Schloss_SPB_01.png\" alt=\"\" width=\"800\" height=\"398\" srcset=\"https:\/\/www.lausitzer-museenland.de\/wp-content\/uploads\/2021\/05\/Schloss_SPB_01.png 800w, https:\/\/www.lausitzer-museenland.de\/wp-content\/uploads\/2021\/05\/Schloss_SPB_01-300x149.png 300w, https:\/\/www.lausitzer-museenland.de\/wp-content\/uploads\/2021\/05\/Schloss_SPB_01-768x382.png 768w\" sizes=\"(max-width: 800px) 100vw, 800px\" \/><\/p>\n<\/p>\n<p>Wokrejsny muzej w kulturnem gro\u017ae wokrejsa Sprjewja-Nysa<\/p>\n<p>Grodkojski grod, w k\u00f3tarem\u017e muzej jo doma, jo se p\u015bez w\u0161akorake twa\u0155ske faze w\u00f3t romaniskego groda a\u017e do p\u00f3zno-barokoweje twari ze 4 twa\u0155skimi k\u015bid\u0142ami wuwija\u0142. Twa\u0155ske stawizny su w\u00f3t 11. stol\u011b\u015ba dokument\u011browane. Do\u0142ojcny \u017a\u011bl wjelikego g\u0142ownego torma ze sw\u00f3jimi a\u017e do 4 m t\u0142ustymi murjami jo nejstar\u0161y \u017a\u011bl ce\u0142eje twari.<\/p>\n<p>&nbsp;<\/p>\n<p>Dolno\u0142u\u017eyski g\u00f3la\u0144ski muzej Grodk, wokrejsny muzej wokrejsa Sprjewja-Nysa, gl\u011bda ze sw\u00f3jimi wustaje\u0144cami na wrjosate strony w krotkem zajt\u0161u kraja Bramborska. Na 9. septemberje 1911 jo se ako m\u011bs\u0107a\u0144ski muzej za\u0142o\u017ey\u0142, jo se we w\u00f3tm\u011bnjajucych domicilach zam\u011bstni\u0142 a jo \u015b\u011bgnu\u0142 1997 drugi raz do groda.<\/p>\n<p>Sl\u011bdujuce stawne wustaje\u0144ce a zb\u011brki s\u0142u\u0161aju do profila:<\/p>\n<p>Regionalne, grodowe a muzejowe stawizny<\/p>\n<p>Ludow\u011bda \u2013 regionalne sedle\u0144skeje stawizny, serbske na\u0142ogi<\/p>\n<p>Industrijowe stawizny<\/p>\n<p>P\u015birodow\u011bda<\/p>\n<p>\u017dywjenje a tw\u00f3\u0155ba spisowa\u015bela Erwina Strittmattera, ken\u017e jo se w Grodku naro\u017ai\u0142<\/p>\n<p>&nbsp;<\/p>\n<p>P\u015bi tom grajo p\u00f3\u015b\u011bg lu\u017a-p\u015biroda-kultura we w\u00f3t wudobywanja brunice pregowanem regionje wa\u017enu rolu. Za\u0142o\u017ek p\u00f3d go\u0142ym njebjom p\u00f3dla groda dajo p\u00f3gl\u011bd do \u017eywjenja burow Dolneje \u0141u\u017eyce. Burska \u017eywnos\u0107 wobstoj z bydle\u0144sko-gro\u017aowego domu, bro\u017enje z remizu (wobej stej transloc\u011browanej twa\u0155skej kopiji), ze \u015b\u011bgateje studnje, ze stojaka za go\u0142ubjow, z pco\u0142ka\u0155nje a z pjaca. Ze sw\u00f3jim wug\u00f3towanim a w\u00f3tpow\u011bdnymi r\u011bdami wujasnijo w\u011bcej 200 l\u011bt stary burski dom wejsne bydlenje a \u017eywjenje g\u00f3la\u0144skich jsow woko\u0142o 1900. Lapidarium dajo w\u011bdu w\u00f3 kamjenjanych znankach Dolneje \u0141u\u017eyce.<\/p>\n<p>\n<p>Kreismuseum im Kulturschloss des Landkreises Spree-Nei\u00dfe<\/p>\n<h3>-<\/h3>\n<p>Das Spremberger Schloss, in dem sich das Museum befindet, hat sich \u00fcber verschiedene Baustufen von einer romanischen Burg bis hin zur sp\u00e4tbarocken Vierfl\u00fcgelanlage entwickelt. Die Baugeschichte ist seit dem 11. Jahrhundert belegt. Der untere Teil des gro\u00dfen Hauptturmes mit seinen bis zu vier Meter dicken Mauern ist der \u00e4lteste Teil der Schlossanlage.<\/p>\n<h3>-<\/h3>\n<p>Das Niederlausitzer Heidemuseum, das Kreismuseum des Landkreises Spree-Nei\u00dfe, betrachtet mit seinen Ausstellungen die Heidelandschaft im S\u00fcdosten des Landes Brandenburg. Am 9. Dezember 1911 als Stadtmuseum ins Leben gerufen, war es in wechselnden Domizilen untergebracht und zog 1997 zum zweiten Mal in das Schloss.<\/p>\n<p>Folgende st\u00e4ndige Ausstellungen und Sammlungen geh\u00f6ren zu seinem Profil:<\/p>\n<ul>\n<li style=\"list-style-type: none;\"><\/li>\n<\/ul>\n<ul>\n<li>Regional- Schloss- und Museumsgeschichte<\/li>\n<li>Volkskunde &#8211; regionale Siedlungsgeschichte, sorbisches Brauchtum<\/li>\n<li>Industriegeschichte<\/li>\n<li>Naturkunde<\/li>\n<li>Leben und Werk des in Spremberg geborenen Schriftstellers Erwin Strittmatter<\/li>\n<\/ul>\n<p>Dabei spielt die Beziehung Mensch-Natur-Kultur in der vom Braunkohlenbergbau gepr\u00e4gten Region eine wichtige Rolle. Die neben dem Schloss errichtete Freianlage gibt einen Einblick in die l\u00e4ndliche Lebensweise der Bauern der Niederlausitz. Die b\u00e4uerliche Hofanlage besteht aus einem Wohn-Stallhaus, einer Scheune mit Remise (beides Translozierungen &#8211; <em>Nachbauten<\/em>), einem Ziehbrunnen, einem Taubenst\u00e4nder, einem Bienenstand und einem Backhaus. Mit seiner Innenausstattung und den dazugeh\u00f6rigen Arbeitsger\u00e4ten verdeutlicht das \u00fcber 200 Jahre alte Bauernhaus die l\u00e4ndliche Wohn- und Lebensweise der Heided\u00f6rfer um 1900. Das Lapidarium gibt Auskunft \u00fcber steinerne Zeugen der Niederlausitz.<\/p>\n<h3>-<a id=\"austellung_spremberg\"><\/a><\/h3>\n<p>Drei bis vier j\u00e4hrliche Sonderausstellungen bereichern mit abwechslungsreicher Themenvielfalt das Ausstellungsangebot.<\/p>\n<ul>\n<li>Traditioneller Ostereiermarkt mit kleiner Ostereierausstellung im Festsaal des Schlosses am Karfreitag<\/li>\n<li>Musikalische und literarische Veranstaltungen im Festsaal des Schlosses<\/li>\n<li>Traditionelle Veranstaltungen in der Freianlage und dem Schlosshof, wie Herbstfest oder Kaffeenachmittag zum Heimatfest<\/li>\n<li>vielf\u00e4ltige museumsp\u00e4dagogische Angebote<\/li>\n<li>Umfangreiches Archiv f\u00fcr Forschungszwecke<\/li>\n<\/ul>\n<h3>Angebote f\u00fcr Kinder &#8211; Mit Kobi ins Museum<a id=\"kinderangebot_spremberg\"><\/a><\/h3>\n<p align=\"left\">Kobi \u2013 der kleine Hausgeist \u2013 ist im Museum zu Hause.\u00a0Dort wohnt er im Pantoffel unterm Ofen. Um Mitternacht belauscht er die alten Museumsst\u00fccke, wenn sie von fr\u00fcher erz\u00e4hlen.Diese spannenden Geschichten plaudert er an die Museumsmitarbeiter aus, und diese erz\u00e4hlen sie den Kindern weiter \u2013 Begebenheiten aus alter, alter Zeit.<\/p>\n<p>Kobiangebote:<\/p>\n<h5>1. Leben fr\u00fcher und heute<\/h5>\n<div data-post-id='leben-frueher-und-heute' class='insert-page insert-page-leben-frueher-und-heute'>\t\t\t\t\t<p>Einen Tag, wie ihn die Urgro\u00dfeltern erlebten, werden wir mit dem heutigen vergleichen. Es gibt Einblicke in die Vorratshaltung der damaligen Zeit, die Ern\u00e4hrung, Beschaffung und das Haltbarmachen.<\/p>\n<p>Ein kurzer Film zeigt historische Handwerke. Geschichte wird so zum spannenden Erlebnis.<br \/>\nIm Anschluss \u201euntersuchen\u201c wir verschiedene Ger\u00e4tschaften und probieren einige aus.<\/p>\n<p>Das Angebot findet indoor und outdoor statt und richtet sich an Sch\u00fcler der Klassen 1 bis 6.<br \/>\nGruppengr\u00f6\u00dfe: 5 bis 20 Personen<br \/>\nTermine: nach Absprache<br \/>\nVoranmeldung: sp\u00e4testens 5 Tage vorher<br \/>\nDauer: ca. 1,5 Stunden<br \/>\nEintritt pro Person: 2,00 \u20ac<\/p>\n<p>Hinweise:<br \/>\nBei einer gr\u00f6\u00dferen Klassenst\u00e4rke ist es notwendig, die Klasse zu teilen.<\/p>\n<div>\n<p>Deshalb bitte evtl. 1\/2 Stunde mehr Zeit einplanen.<\/p>\n<p><a title=\"Niederlausitzer Heidemuseum Spremberg \/ Dolno\u0142u\u017eyski g\u00f3la\u0144ski muzej Grodk\" href=\"\/museen\/niederlausitzer-heidemuseum-spremberg\/\">Niederlausitzer Heidemuseum Spremberg<\/a><\/p>\n<\/div>\n\t\t\t\t\t<\/div>\n<h5>2. Schlossspiel<\/h5>\n<div data-post-id='schlossspiel' class='insert-page insert-page-schlossspiel'>\t\t\t\t\t<p>Das Schlossspiel ist ein Such- und Orientierungsspiel des Museums. Mittelalterlich verkleidet begeben wir uns auf die Suche nach vorher fotografierten Ausstellungsst\u00fccken. Werden alle, einschlie\u00dflich eines alten Schl\u00fcssels, gefunden, dann k\u00f6nnen wir die Schatztruhe damit \u00f6ffnen. Zu den gefundenen Objekten gibt es kurze Informationen. So werden alle Bereiche des Hauses beleuchtet und der Sinn eines Museums erl\u00e4utert.<\/p>\n<p>Dem Alter der Teilnehmer angepasst sind verschiedene Aufgaben zu l\u00f6sen.<\/p>\n<p>Das Angebot findet indoor statt und richtet sich an Sch\u00fcler der Klassen 1 bis 7.<br \/>\nGruppengr\u00f6\u00dfe: 5 bis 20 Personen<br \/>\nTermine: nach Absprache<br \/>\nVoranmeldung: sp\u00e4testens 5 Tage vorher<br \/>\nDauer: ca. 1,5 Stunden<br \/>\nEintritt pro Person: 2,00 \u20ac<\/p>\n<p>Hinweise:<br \/>\nBei einer gr\u00f6\u00dferen Klassenst\u00e4rke ist es notwendig, die Klasse zu teilen. Deshalb bitte evtl. 1\/2 Stunde mehr Zeit einplanen.<\/p>\n<p><a title=\"Niederlausitzer Heidemuseum Spremberg \/ Dolno\u0142u\u017eyski g\u00f3la\u0144ski muzej Grodk\" href=\"\/museen\/niederlausitzer-heidemuseum-spremberg\/\">Niederlausitzer Heidemuseum Spremberg<\/a><\/p>\n\t\t\t\t\t<\/div>\n<h5>3. Geheime Kr\u00e4uterkunde<\/h5>\n<div data-post-id='geheime-kraeuterkunde' class='insert-page insert-page-geheime-kraeuterkunde'>\t\t\t\t\t<p>Das Wissen um den Anbau und die Verwendung von Kr\u00e4utern ist Jahrtausende alt. Es macht Spa\u00df an den Kr\u00e4utern zu schnuppern, sie zu bestimmen oder davon zu naschen. Aber Vorsicht! Nicht alle sind essbar und m\u00fcssen veredelt werden. Mit selbst gemachter Butter und Kr\u00e4utersalz k\u00f6nnt ihr im Anschluss einen kleinen Imbiss genie\u00dfen. Auf Anfrage gibt es eine F\u00fchrung durch den Kr\u00e4utergarten mit Kollegen der Turmapotheke Spremberg.<\/p>\n<p>Das Angebot findet indoor und outdoor statt und richtet sich an Sch\u00fcler der Klassen 1 bis 7.<br \/>\nGruppengr\u00f6\u00dfe: 5 bis 20 Personen<br \/>\nTermine: nach Absprache<br \/>\nVoranmeldung: sp\u00e4testens 5 Tage vorher<br \/>\nDauer: ca. 1,5 Stunden<br \/>\nEintritt pro Person: 2,00 \u20ac<\/p>\n<p>Hinweise:<br \/>\nBei einer gr\u00f6\u00dferen Klassenst\u00e4rke ist es notwendig, die Klasse zu teilen. Deshalb bitte evtl. 1\/2 Stunde mehr Zeit einplanen.<\/p>\n<p><a title=\"Niederlausitzer Heidemuseum Spremberg \/ Dolno\u0142u\u017eyski g\u00f3la\u0144ski muzej Grodk\" href=\"\/museen\/niederlausitzer-heidemuseum-spremberg\/\">Niederlausitzer Heidemuseum Spremberg<\/a><\/p>\n\t\t\t\t\t<\/div>\n<h5>4. Waschtag<\/h5>\n<div data-post-id='waschtag' class='insert-page insert-page-waschtag'>\t\t\t\t\t<p>Mit Zinkwanne, Waschbrett und W\u00e4scheleine wird im Bauerngarten gro\u00dfe und kleine W\u00e4sche wieder sauber. Hier erfahrt ihr einiges dar\u00fcber, was Waschfrauen alles leisten mussten und wie beschwerlich die Pflege der W\u00e4sche war.<\/p>\n<p>Das Angebot findet outdoor statt und richtet sich an Sch\u00fcler der Klassen 1 bis 5.<br \/>\nGruppengr\u00f6\u00dfe: 5 bis 20 Personen<br \/>\nTermine: nach Absprache<br \/>\nVoranmeldung: sp\u00e4testens 5 Tage vorher<br \/>\nDauer: ca. 1,5 Stunden<br \/>\nEintritt pro Person: 2,00 \u20ac<\/p>\n<p>Hinweise:<br \/>\nBei einer gr\u00f6\u00dferen Klassenst\u00e4rke ist es notwendig, die Klasse zu teilen. Deshalb bitte evtl. 1\/2 Stunde mehr Zeit einplanen.<\/p>\n<p><a title=\"Niederlausitzer Heidemuseum Spremberg \/ Dolno\u0142u\u017eyski g\u00f3la\u0144ski muzej Grodk\" href=\"\/museen\/niederlausitzer-heidemuseum-spremberg\/\">Niederlausitzer Heidemuseum Spremberg<\/a><\/p>\n\t\t\t\t\t<\/div>\n<h3><\/h3>\n<p>&nbsp;<\/p>\n<h3>Galeria<a id=\"galerie_spremberg\"><\/a><\/h3>\n<div id=\"envira-gallery-wrap-53179\" class=\"envira-gallery-wrap envira-gallery-theme-base envira-lightbox-theme-base\" itemscope itemtype=\"https:\/\/schema.org\/ImageGallery\"><div data-row-height=\"150\" data-gallery-theme=\"normal\" id=\"envira-gallery-53179\" class=\"envira-gallery-public envira-gallery-justified-public envira-gallery-0-columns envira-clear enviratope envira-gallery-css-animations\" data-envira-columns=\"0\"><div id=\"envira-gallery-item-53180\" class=\"envira-gallery-item enviratope-item envira-gallery-item-1 envira-lazy-load\" style=\"padding-left: 5px; padding-bottom: 10px; padding-right: 5px;\"  itemscope itemtype=\"https:\/\/schema.org\/ImageObject\"><div class=\"envira-gallery-item-inner\"><div class=\"envira-gallery-position-overlay  envira-gallery-top-left\"><\/div><div class=\"envira-gallery-position-overlay  envira-gallery-top-right\"><\/div><div class=\"envira-gallery-position-overlay  envira-gallery-bottom-left\"><\/div><div class=\"envira-gallery-position-overlay  envira-gallery-bottom-right\"><\/div><a href=\"https:\/\/www.lausitzer-museenland.de\/wp-content\/uploads\/2020\/11\/Heidemuseum-Spremberg2020-22.jpg\" class=\"envira-gallery-53179 envira-gallery-link\" rel=\"enviragallery53179\" title=\"sorbisches Gesangsbuch Foto: Bernd Choritz\" data-envira-caption=\"sorbisches Gesangsbuch Foto: Bernd Choritz\" data-envira-retina=\"\" data-thumbnail=\"\"  itemprop=\"contentUrl\"><img id=\"envira-gallery-image-53180\" class=\"envira-gallery-image envira-gallery-image-1 envira-normal envira-lazy\" data-envira-index=\"1\" src=\"https:\/\/www.lausitzer-museenland.de\/wp-content\/uploads\/2020\/11\/Heidemuseum-Spremberg2020-22-1024x683.jpg\" data-envira-src=\"https:\/\/www.lausitzer-museenland.de\/wp-content\/uploads\/2020\/11\/Heidemuseum-Spremberg2020-22-1024x683.jpg\" data-envira-gallery-id=\"53179\" data-envira-item-id=\"53180\" data-envira-caption=\"sorbisches Gesangsbuch Foto: Bernd Choritz\" alt=\"\" title=\"sorbisches Gesangsbuch Foto: Bernd Choritz\"  itemprop=\"thumbnailUrl\" data-envira-srcset=\"https:\/\/www.lausitzer-museenland.de\/wp-content\/uploads\/2020\/11\/Heidemuseum-Spremberg2020-22-1024x683.jpg 400w,https:\/\/www.lausitzer-museenland.de\/wp-content\/uploads\/2020\/11\/Heidemuseum-Spremberg2020-22-1024x683.jpg 2x\" data-envira-width=\"300\" data-envira-height=\"200\" srcset=\"data:image\/gif;base64,R0lGODlhAQABAIAAAP\/\/\/\/\/\/\/yH5BAEKAAEALAAAAAABAAEAAAICTAEAOw==\" data-safe-src=\"data:image\/gif;base64,R0lGODlhAQABAIAAAP\/\/\/\/\/\/\/yH5BAEKAAEALAAAAAABAAEAAAICTAEAOw==\" \/><\/a><\/div><\/div><div id=\"envira-gallery-item-53181\" class=\"envira-gallery-item enviratope-item envira-gallery-item-2 envira-lazy-load\" style=\"padding-left: 5px; padding-bottom: 10px; padding-right: 5px;\"  itemscope itemtype=\"https:\/\/schema.org\/ImageObject\"><div class=\"envira-gallery-item-inner\"><div class=\"envira-gallery-position-overlay  envira-gallery-top-left\"><\/div><div class=\"envira-gallery-position-overlay  envira-gallery-top-right\"><\/div><div class=\"envira-gallery-position-overlay  envira-gallery-bottom-left\"><\/div><div class=\"envira-gallery-position-overlay  envira-gallery-bottom-right\"><\/div><a href=\"https:\/\/www.lausitzer-museenland.de\/wp-content\/uploads\/2020\/11\/Heidemuseum-Spremberg2020-35.jpg\" class=\"envira-gallery-53179 envira-gallery-link\" rel=\"enviragallery53179\" title=\"Heidemuseum Spremberg Foto: Bernd Choritz\" data-envira-caption=\"Heidemuseum Spremberg Foto: Bernd Choritz\" data-envira-retina=\"\" data-thumbnail=\"\"  itemprop=\"contentUrl\"><img id=\"envira-gallery-image-53181\" class=\"envira-gallery-image envira-gallery-image-2 envira-normal envira-lazy\" data-envira-index=\"2\" src=\"https:\/\/www.lausitzer-museenland.de\/wp-content\/uploads\/2020\/11\/Heidemuseum-Spremberg2020-35-1024x683.jpg\" data-envira-src=\"https:\/\/www.lausitzer-museenland.de\/wp-content\/uploads\/2020\/11\/Heidemuseum-Spremberg2020-35-1024x683.jpg\" data-envira-gallery-id=\"53179\" data-envira-item-id=\"53181\" data-envira-caption=\"Heidemuseum Spremberg Foto: Bernd Choritz\" alt=\"\" title=\"Heidemuseum Spremberg Foto: Bernd Choritz\"  itemprop=\"thumbnailUrl\" data-envira-srcset=\"https:\/\/www.lausitzer-museenland.de\/wp-content\/uploads\/2020\/11\/Heidemuseum-Spremberg2020-35-1024x683.jpg 400w,https:\/\/www.lausitzer-museenland.de\/wp-content\/uploads\/2020\/11\/Heidemuseum-Spremberg2020-35-1024x683.jpg 2x\" data-envira-width=\"300\" data-envira-height=\"200\" srcset=\"data:image\/gif;base64,R0lGODlhAQABAIAAAP\/\/\/\/\/\/\/yH5BAEKAAEALAAAAAABAAEAAAICTAEAOw==\" data-safe-src=\"data:image\/gif;base64,R0lGODlhAQABAIAAAP\/\/\/\/\/\/\/yH5BAEKAAEALAAAAAABAAEAAAICTAEAOw==\" \/><\/a><\/div><\/div><div id=\"envira-gallery-item-53182\" class=\"envira-gallery-item enviratope-item envira-gallery-item-3 envira-lazy-load\" style=\"padding-left: 5px; padding-bottom: 10px; padding-right: 5px;\"  itemscope itemtype=\"https:\/\/schema.org\/ImageObject\"><div class=\"envira-gallery-item-inner\"><div class=\"envira-gallery-position-overlay  envira-gallery-top-left\"><\/div><div class=\"envira-gallery-position-overlay  envira-gallery-top-right\"><\/div><div class=\"envira-gallery-position-overlay  envira-gallery-bottom-left\"><\/div><div class=\"envira-gallery-position-overlay  envira-gallery-bottom-right\"><\/div><a href=\"https:\/\/www.lausitzer-museenland.de\/wp-content\/uploads\/2020\/11\/Heidemuseum-Spremberg2020-48.jpg\" class=\"envira-gallery-53179 envira-gallery-link\" rel=\"enviragallery53179\" title=\"Strittmatterausstellung 01 Foto: Bernd Choritz\" data-envira-caption=\"Strittmatterausstellung 01 Foto: Bernd Choritz\" data-envira-retina=\"\" data-thumbnail=\"\"  itemprop=\"contentUrl\"><img id=\"envira-gallery-image-53182\" class=\"envira-gallery-image envira-gallery-image-3 envira-normal envira-lazy\" data-envira-index=\"3\" src=\"https:\/\/www.lausitzer-museenland.de\/wp-content\/uploads\/2020\/11\/Heidemuseum-Spremberg2020-48-1024x683.jpg\" data-envira-src=\"https:\/\/www.lausitzer-museenland.de\/wp-content\/uploads\/2020\/11\/Heidemuseum-Spremberg2020-48-1024x683.jpg\" data-envira-gallery-id=\"53179\" data-envira-item-id=\"53182\" data-envira-caption=\"Strittmatterausstellung 01 Foto: Bernd Choritz\" alt=\"\" title=\"Strittmatterausstellung 01 Foto: Bernd Choritz\"  itemprop=\"thumbnailUrl\" data-envira-srcset=\"https:\/\/www.lausitzer-museenland.de\/wp-content\/uploads\/2020\/11\/Heidemuseum-Spremberg2020-48-1024x683.jpg 400w,https:\/\/www.lausitzer-museenland.de\/wp-content\/uploads\/2020\/11\/Heidemuseum-Spremberg2020-48-1024x683.jpg 2x\" data-envira-width=\"300\" data-envira-height=\"200\" srcset=\"data:image\/gif;base64,R0lGODlhAQABAIAAAP\/\/\/\/\/\/\/yH5BAEKAAEALAAAAAABAAEAAAICTAEAOw==\" data-safe-src=\"data:image\/gif;base64,R0lGODlhAQABAIAAAP\/\/\/\/\/\/\/yH5BAEKAAEALAAAAAABAAEAAAICTAEAOw==\" \/><\/a><\/div><\/div><div id=\"envira-gallery-item-53183\" class=\"envira-gallery-item enviratope-item envira-gallery-item-4 envira-lazy-load\" style=\"padding-left: 5px; padding-bottom: 10px; padding-right: 5px;\"  itemscope itemtype=\"https:\/\/schema.org\/ImageObject\"><div class=\"envira-gallery-item-inner\"><div class=\"envira-gallery-position-overlay  envira-gallery-top-left\"><\/div><div class=\"envira-gallery-position-overlay  envira-gallery-top-right\"><\/div><div class=\"envira-gallery-position-overlay  envira-gallery-bottom-left\"><\/div><div class=\"envira-gallery-position-overlay  envira-gallery-bottom-right\"><\/div><a href=\"https:\/\/www.lausitzer-museenland.de\/wp-content\/uploads\/2020\/11\/Heidemuseum-Spremberg2020-54.jpg\" class=\"envira-gallery-53179 envira-gallery-link\" rel=\"enviragallery53179\" title=\"Strittmatterausstellung 02 Foto: Bernd Choritz\" data-envira-caption=\"Strittmatterausstellung 02 Foto: Bernd Choritz\" data-envira-retina=\"\" data-thumbnail=\"\"  itemprop=\"contentUrl\"><img id=\"envira-gallery-image-53183\" class=\"envira-gallery-image envira-gallery-image-4 envira-normal envira-lazy\" data-envira-index=\"4\" src=\"https:\/\/www.lausitzer-museenland.de\/wp-content\/uploads\/2020\/11\/Heidemuseum-Spremberg2020-54-1024x683.jpg\" data-envira-src=\"https:\/\/www.lausitzer-museenland.de\/wp-content\/uploads\/2020\/11\/Heidemuseum-Spremberg2020-54-1024x683.jpg\" data-envira-gallery-id=\"53179\" data-envira-item-id=\"53183\" data-envira-caption=\"Strittmatterausstellung 02 Foto: Bernd Choritz\" alt=\"\" title=\"Strittmatterausstellung 02 Foto: Bernd Choritz\"  itemprop=\"thumbnailUrl\" data-envira-srcset=\"https:\/\/www.lausitzer-museenland.de\/wp-content\/uploads\/2020\/11\/Heidemuseum-Spremberg2020-54-1024x683.jpg 400w,https:\/\/www.lausitzer-museenland.de\/wp-content\/uploads\/2020\/11\/Heidemuseum-Spremberg2020-54-1024x683.jpg 2x\" data-envira-width=\"300\" data-envira-height=\"200\" srcset=\"data:image\/gif;base64,R0lGODlhAQABAIAAAP\/\/\/\/\/\/\/yH5BAEKAAEALAAAAAABAAEAAAICTAEAOw==\" data-safe-src=\"data:image\/gif;base64,R0lGODlhAQABAIAAAP\/\/\/\/\/\/\/yH5BAEKAAEALAAAAAABAAEAAAICTAEAOw==\" \/><\/a><\/div><\/div><\/div><\/div><noscript><img src=\"https:\/\/www.lausitzer-museenland.de\/wp-content\/uploads\/2020\/11\/Heidemuseum-Spremberg2020-22.jpg\" alt=\"\" \/><img src=\"https:\/\/www.lausitzer-museenland.de\/wp-content\/uploads\/2020\/11\/Heidemuseum-Spremberg2020-35.jpg\" alt=\"\" \/><img src=\"https:\/\/www.lausitzer-museenland.de\/wp-content\/uploads\/2020\/11\/Heidemuseum-Spremberg2020-48.jpg\" alt=\"\" \/><img src=\"https:\/\/www.lausitzer-museenland.de\/wp-content\/uploads\/2020\/11\/Heidemuseum-Spremberg2020-54.jpg\" alt=\"\" \/><\/noscript>","protected":false},"excerpt":{"rendered":"<p>Galerie | Ausstellungen | Angebote f\u00fcr Kinder Kreismuseum im Kulturschloss des Landkreises Spree-Nei\u00dfe Geb\u00e4ude- \/ Grundst\u00fcckssituation Das Spremberger Schloss, in dem sich das Museum befindet, hat sich \u00fcber verschiedene Baustufen von einer romanischen Burg bis hin zur sp\u00e4tbarocken Vierfl\u00fcgelanlage entwickelt. Die Baugeschichte ist seit dem 11. Jahrhundert belegt. Der untere Teil des gro\u00dfen Hauptturmes mit<\/p>","protected":false},"author":13,"featured_media":0,"parent":113,"menu_order":0,"comment_status":"closed","ping_status":"closed","template":"","meta":[],"_links":{"self":[{"href":"https:\/\/www.lausitzer-museenland.de\/dsb\/wp-json\/wp\/v2\/pages\/231"}],"collection":[{"href":"https:\/\/www.lausitzer-museenland.de\/dsb\/wp-json\/wp\/v2\/pages"}],"about":[{"href":"https:\/\/www.lausitzer-museenland.de\/dsb\/wp-json\/wp\/v2\/types\/page"}],"author":[{"embeddable":true,"href":"https:\/\/www.lausitzer-museenland.de\/dsb\/wp-json\/wp\/v2\/users\/13"}],"replies":[{"embeddable":true,"href":"https:\/\/www.lausitzer-museenland.de\/dsb\/wp-json\/wp\/v2\/comments?post=231"}],"version-history":[{"count":15,"href":"https:\/\/www.lausitzer-museenland.de\/dsb\/wp-json\/wp\/v2\/pages\/231\/revisions"}],"predecessor-version":[{"id":53936,"href":"https:\/\/www.lausitzer-museenland.de\/dsb\/wp-json\/wp\/v2\/pages\/231\/revisions\/53936"}],"up":[{"embeddable":true,"href":"https:\/\/www.lausitzer-museenland.de\/dsb\/wp-json\/wp\/v2\/pages\/113"}],"wp:attachment":[{"href":"https:\/\/www.lausitzer-museenland.de\/dsb\/wp-json\/wp\/v2\/media?parent=231"}],"curies":[{"name":"wp","href":"https:\/\/api.w.org\/{rel}","templated":true}]}}