{"id":249,"date":"2014-11-06T10:19:23","date_gmt":"2014-11-06T09:19:23","guid":{"rendered":"http:\/\/lausitzer-museenland.de\/?page_id=249"},"modified":"2020-11-26T10:23:33","modified_gmt":"2020-11-26T09:23:33","slug":"sorbische-webstube-drebkau","status":"publish","type":"page","link":"https:\/\/www.lausitzer-museenland.de\/dsb\/museen\/sorbische-webstube-drebkau\/","title":{"rendered":"Museum Sorbische Webstube Drebkau \/ Muzej Serbska tkajarska \u015bpa Drjowk"},"content":{"rendered":"<p><a href=\"#galerie_drebkau\">Galeria<\/a> |\u00a0<a href=\"#austellung_drebkau\">Ausstellungen<\/a>\u00a0| \u00a0<a href=\"#kinderangebot_drebkau\">Oferty dla dzieci<\/a><br \/>\n<a href=\"https:\/\/www.lausitzer-museenland.de\/wp-content\/uploads\/2014\/11\/129.jpg\"><img loading=\"lazy\" class=\"enigma_img_responsive alignnone wp-image-1275\" src=\"https:\/\/www.lausitzer-museenland.de\/wp-content\/uploads\/2014\/11\/129.jpg\" alt=\"1\" width=\"800\" height=\"398\" srcset=\"https:\/\/www.lausitzer-museenland.de\/wp-content\/uploads\/2014\/11\/129.jpg 402w, https:\/\/www.lausitzer-museenland.de\/wp-content\/uploads\/2014\/11\/129-300x149.jpg 300w, https:\/\/www.lausitzer-museenland.de\/wp-content\/uploads\/2014\/11\/129-100x49.jpg 100w, https:\/\/www.lausitzer-museenland.de\/wp-content\/uploads\/2014\/11\/129-150x74.jpg 150w, https:\/\/www.lausitzer-museenland.de\/wp-content\/uploads\/2014\/11\/129-200x99.jpg 200w\" sizes=\"(max-width: 800px) 100vw, 800px\" \/><\/a><br \/>\nVolkskundliches Museum mit stadtgeschichtlicher Sammlung<\/p>\n<h3>Geb\u00e4ude-\/ Grundst\u00fcckssituation<\/h3>\n<p class=\"p1\">Das Haus Am Markt 10 ist in einem sp\u00e4tbarocken Stil als Putzbau im Jahre 1805 erbaut worden. Es steht heute unter Denkmalschutz. Das Geb\u00e4ude diente als Gastwirtschaft und Wohnhaus. Nach einer umfassenden Sanierung ist der Geb\u00e4udekomplex seit 1995 der \u00d6ffentlichkeit zug\u00e4nglich, und im Jahr 2000 ist das Obergeschoss Heimstadt der Sammlung \u201eSorbische Webstube\u201c geworden.<\/p>\n<h3>-<\/h3>\n<p class=\"p1\">Die Sammlung umfasst etwa 3.000 Objekte und 3.200 Ostereier aus \u00fcber 50 L\u00e4ndern, und ist das Ergebnis der jahrzehntelangen Sammlungs- und Forschungst\u00e4tigkeit des Museumsstifters Dr. Lotar Balke (\u2020 2.10.2008).<\/p>\n<p class=\"p1\">Die Ausstellungsbereiche zeigen historische M\u00f6bel und Einrichtungsgegenst\u00e4nde sowie Zeugnisse der Kultur-und Lebensweise sowie der Brauchtumspflege b\u00e4uerlicher und kleinb\u00fcrgerlicher Schichten. Regionale und \u00fcberregionale sorbische Trachten und Trachtenteile sowie weitere Textilien werden pr\u00e4sentiert. Die Ostereiersammlung mit dem Schwerpunkt einheimischer sorbischer Volkskunsttraditionen ist in der st\u00e4ndigen Ausstellung vertreten. In ihrer ganzen Pracht ist sie jedoch nur zur Osterzeit zu besichtigen.<\/p>\n<p class=\"p1\">Die Stadtgeschichte mit dem Schwerpunkt st\u00e4dtisches Handwerk und die Drebkauer Glasindustrie sind weitere Ausstellungsthemen. Ein besonderes Highlight stellt der Bereich \u201eVom Flachs zur Leinwand\u201c dar, zumal alle ausgestellten Ger\u00e4te ihre volle Funktionst\u00fcchtigkeit besitzen.<\/p>\n<h3>Sonderausstellungen\/ Begleitangebote<a id=\"austellung_drebkau\"><\/a><\/h3>\n<p class=\"p1\">Sonderausstellungen werden zweimal im Jahr angeboten und dazu die j\u00e4hrliche Osterpr\u00e4sentation der Sammlung von Dr. Lotar Balke (\u2020 2.10.2008) mit mehr als 3.200 Eiern aus aller Welt. Sie findet immer 4 Wochen vor bis 2 Wochen nach Ostern statt. Auf dem Drebkauer Ostereiermarkt, veranstaltet vom F\u00f6rderverein des Museums,\u00a0 k\u00f6nnen Kinder und Erwachsene das traditionelle Eierverzieren bestaunen, das von Volksk\u00fcnstlern aus der Region vorgef\u00fchrt wird. Termine zum Eiermalen sind in der Osterzeit nach Vereinbarung m\u00f6glich. Neben weiteren kulturellen Angeboten wird traditionell die j\u00e4hrliche Museumsnacht veranstaltet.<\/p>\n<h3>Angebote f\u00fcr Kinder &#8211; Mit Kobi ins Museum<a id=\"kinderangebot_drebkau\"><\/a><\/h3>\n<p align=\"left\">Kobi \u2013 der kleine Hausgeist \u2013 ist im Museum zu Hause.\u00a0Dort wohnt er im Pantoffel unterm Ofen. Um Mitternacht belauscht er die alten Museumsst\u00fccke, wenn sie von fr\u00fcher erz\u00e4hlen.Diese spannenden Geschichten plaudert er an die Museumsmitarbeiter aus, und diese erz\u00e4hlen sie den Kindern weiter \u2013 Begebenheiten aus alter, alter Zeit.<\/p>\n<p>Kobiangebote:<\/p>\n<h5>1. Ostereier malen mit Museumsbesuch<\/h5>\n<div data-post-id='ostereier-malen' class='insert-page insert-page-ostereier-malen'>\t\t\t\t\t<p>Wer das traditionelle Verzieren von Ostereiern bei den Sorben\/ Wenden erlernen m\u00f6chte, ist zu einem Schnupperkurs f\u00fcr Anf\u00e4nger in zwei sorbischen Techniken eingeladen. Ein Museumsbesuch ist Bestandteil des Projekttages.<\/p>\n<p>Das Angebot richtet sich an Sch\u00fcler der Klassen 1 bis 6.<br \/>\nTermine: nach Absprache<br \/>\nVoranmeldung: mindestens 2 Wochen vorher<br \/>\nGruppengr\u00f6\u00dfe: bis 10 Personen<br \/>\nUnkostenbeitrag pro Person: 2,50 \u20ac<\/p>\n<p><a title=\"Sorbische Webstube Drebkau \/ Serbska tkajarska \u0161pa Drjowk\" href=\"\/museen\/sorbische-webstube-drebkau\/\">Sorbische Webstube Drebkau<\/a><\/p>\n\t\t\t\t\t<\/div>\n<h5>2. Basteln in der Vorweihnachtszeit<\/h5>\n<div data-post-id='basteln-in-der-vorweihnachtszeit' class='insert-page insert-page-basteln-in-der-vorweihnachtszeit'>\t\t\t\t\t<p>Vorfreude, sch\u00f6nste Freude, Freude im Advent&#8230;Jedes Jahr zur Adventszeit bietet die Sorbische Webstube Drebkau diverse Weihnachtsbasteleien f\u00fcr verschiedene Altersgruppen an. Zum Verschenken sehr pers\u00f6nlich &#8211; selbst hergestellter Adventsschmuck. Eine Museumsf\u00fchrung ist Bestandteil des Projektes.<\/p>\n<p>Das Angebot richtet sich an Sch\u00fcler der Klassen 1 bis 6.<br \/>\nTermine: nach Absprache<br \/>\nVoranmeldung: mindestens 2 Wochen vorher<br \/>\nGruppengr\u00f6\u00dfe: 8 bis 10 Personen<br \/>\nUnkostenbeitrag pro Person: 2,50 \u20ac<\/p>\n<p><a title=\"Sorbische Webstube Drebkau \/ Serbska tkajarska \u0161pa Drjowk\" href=\"\/museen\/sorbische-webstube-drebkau\/\">Sorbische Webstube Drebkau<\/a><\/p>\n\t\t\t\t\t<\/div>\n<h3><\/h3>\n<p>&nbsp;<\/p>\n<h3>Galeria<a id=\"galerie_drebkau\"><\/a><\/h3>\n<div id=\"envira-gallery-wrap-53204\" class=\"envira-gallery-wrap envira-gallery-theme-base envira-lightbox-theme-base\" itemscope itemtype=\"https:\/\/schema.org\/ImageGallery\"><div data-row-height=\"150\" data-gallery-theme=\"normal\" id=\"envira-gallery-53204\" class=\"envira-gallery-public envira-gallery-justified-public envira-gallery-0-columns envira-clear enviratope envira-gallery-css-animations\" data-envira-columns=\"0\"><div id=\"envira-gallery-item-53205\" class=\"envira-gallery-item enviratope-item envira-gallery-item-1 envira-lazy-load\" style=\"padding-left: 5px; padding-bottom: 10px; padding-right: 5px;\"  itemscope itemtype=\"https:\/\/schema.org\/ImageObject\"><div class=\"envira-gallery-item-inner\"><div class=\"envira-gallery-position-overlay  envira-gallery-top-left\"><\/div><div class=\"envira-gallery-position-overlay  envira-gallery-top-right\"><\/div><div class=\"envira-gallery-position-overlay  envira-gallery-bottom-left\"><\/div><div class=\"envira-gallery-position-overlay  envira-gallery-bottom-right\"><\/div><a href=\"https:\/\/www.lausitzer-museenland.de\/wp-content\/uploads\/2020\/11\/Webstube-Drebkau2020-34.jpg\" class=\"envira-gallery-53204 envira-gallery-link\" rel=\"enviragallery53204\" title=\"Webstube Drebkau, Am Webstuhl Foto: Bernd Choritz\" data-envira-caption=\"Webstube Drebkau, Am Webstuhl Foto: Bernd Choritz\" data-envira-retina=\"\" data-thumbnail=\"\"  itemprop=\"contentUrl\"><img id=\"envira-gallery-image-53205\" class=\"envira-gallery-image envira-gallery-image-1 envira-normal envira-lazy\" data-envira-index=\"1\" src=\"https:\/\/www.lausitzer-museenland.de\/wp-content\/uploads\/2020\/11\/Webstube-Drebkau2020-34-1024x683.jpg\" data-envira-src=\"https:\/\/www.lausitzer-museenland.de\/wp-content\/uploads\/2020\/11\/Webstube-Drebkau2020-34-1024x683.jpg\" data-envira-gallery-id=\"53204\" data-envira-item-id=\"53205\" data-envira-caption=\"Webstube Drebkau, Am Webstuhl Foto: Bernd Choritz\" alt=\"\" title=\"Webstube Drebkau, Am Webstuhl Foto: Bernd Choritz\"  itemprop=\"thumbnailUrl\" data-envira-srcset=\"https:\/\/www.lausitzer-museenland.de\/wp-content\/uploads\/2020\/11\/Webstube-Drebkau2020-34-1024x683.jpg 400w,https:\/\/www.lausitzer-museenland.de\/wp-content\/uploads\/2020\/11\/Webstube-Drebkau2020-34-1024x683.jpg 2x\" data-envira-width=\"300\" data-envira-height=\"200\" srcset=\"data:image\/gif;base64,R0lGODlhAQABAIAAAP\/\/\/\/\/\/\/yH5BAEKAAEALAAAAAABAAEAAAICTAEAOw==\" data-safe-src=\"data:image\/gif;base64,R0lGODlhAQABAIAAAP\/\/\/\/\/\/\/yH5BAEKAAEALAAAAAABAAEAAAICTAEAOw==\" \/><\/a><\/div><\/div><div id=\"envira-gallery-item-53206\" class=\"envira-gallery-item enviratope-item envira-gallery-item-2 envira-lazy-load\" style=\"padding-left: 5px; padding-bottom: 10px; padding-right: 5px;\"  itemscope itemtype=\"https:\/\/schema.org\/ImageObject\"><div class=\"envira-gallery-item-inner\"><div class=\"envira-gallery-position-overlay  envira-gallery-top-left\"><\/div><div class=\"envira-gallery-position-overlay  envira-gallery-top-right\"><\/div><div class=\"envira-gallery-position-overlay  envira-gallery-bottom-left\"><\/div><div class=\"envira-gallery-position-overlay  envira-gallery-bottom-right\"><\/div><a href=\"https:\/\/www.lausitzer-museenland.de\/wp-content\/uploads\/2020\/11\/Webstube-Drebkau2020-9.jpg\" class=\"envira-gallery-53204 envira-gallery-link\" rel=\"enviragallery53204\" title=\"Webstube Drebkau, beim Ostereierverzieren Foto: Bernd Choritz\" data-envira-caption=\"Webstube Drebkau, beim Ostereierverzieren Foto: Bernd Choritz\" data-envira-retina=\"\" data-thumbnail=\"\"  itemprop=\"contentUrl\"><img id=\"envira-gallery-image-53206\" class=\"envira-gallery-image envira-gallery-image-2 envira-normal envira-lazy\" data-envira-index=\"2\" src=\"https:\/\/www.lausitzer-museenland.de\/wp-content\/uploads\/2020\/11\/Webstube-Drebkau2020-9-1024x683.jpg\" data-envira-src=\"https:\/\/www.lausitzer-museenland.de\/wp-content\/uploads\/2020\/11\/Webstube-Drebkau2020-9-1024x683.jpg\" data-envira-gallery-id=\"53204\" data-envira-item-id=\"53206\" data-envira-caption=\"Webstube Drebkau, beim Ostereierverzieren Foto: Bernd Choritz\" alt=\"\" title=\"Webstube Drebkau, beim Ostereierverzieren Foto: Bernd Choritz\"  itemprop=\"thumbnailUrl\" data-envira-srcset=\"https:\/\/www.lausitzer-museenland.de\/wp-content\/uploads\/2020\/11\/Webstube-Drebkau2020-9-1024x683.jpg 400w,https:\/\/www.lausitzer-museenland.de\/wp-content\/uploads\/2020\/11\/Webstube-Drebkau2020-9-1024x683.jpg 2x\" data-envira-width=\"300\" data-envira-height=\"200\" srcset=\"data:image\/gif;base64,R0lGODlhAQABAIAAAP\/\/\/\/\/\/\/yH5BAEKAAEALAAAAAABAAEAAAICTAEAOw==\" data-safe-src=\"data:image\/gif;base64,R0lGODlhAQABAIAAAP\/\/\/\/\/\/\/yH5BAEKAAEALAAAAAABAAEAAAICTAEAOw==\" \/><\/a><\/div><\/div><div id=\"envira-gallery-item-53207\" class=\"envira-gallery-item enviratope-item envira-gallery-item-3 envira-lazy-load\" style=\"padding-left: 5px; padding-bottom: 10px; padding-right: 5px;\"  itemscope itemtype=\"https:\/\/schema.org\/ImageObject\"><div class=\"envira-gallery-item-inner\"><div class=\"envira-gallery-position-overlay  envira-gallery-top-left\"><\/div><div class=\"envira-gallery-position-overlay  envira-gallery-top-right\"><\/div><div class=\"envira-gallery-position-overlay  envira-gallery-bottom-left\"><\/div><div class=\"envira-gallery-position-overlay  envira-gallery-bottom-right\"><\/div><a href=\"https:\/\/www.lausitzer-museenland.de\/wp-content\/uploads\/2020\/11\/Webstube-Drebkau2020-47.jpg\" class=\"envira-gallery-53204 envira-gallery-link\" rel=\"enviragallery53204\" title=\"Webstube Drebkau, Ausstellung 01 Foto: Bernd Choritz\" data-envira-caption=\"Webstube Drebkau, Ausstellung 01 Foto: Bernd Choritz\" data-envira-retina=\"\" data-thumbnail=\"\"  itemprop=\"contentUrl\"><img id=\"envira-gallery-image-53207\" class=\"envira-gallery-image envira-gallery-image-3 envira-normal envira-lazy\" data-envira-index=\"3\" src=\"https:\/\/www.lausitzer-museenland.de\/wp-content\/uploads\/2020\/11\/Webstube-Drebkau2020-47-683x1024.jpg\" data-envira-src=\"https:\/\/www.lausitzer-museenland.de\/wp-content\/uploads\/2020\/11\/Webstube-Drebkau2020-47-683x1024.jpg\" data-envira-gallery-id=\"53204\" data-envira-item-id=\"53207\" data-envira-caption=\"Webstube Drebkau, Ausstellung 01 Foto: Bernd Choritz\" alt=\"\" title=\"Webstube Drebkau, Ausstellung 01 Foto: Bernd Choritz\"  itemprop=\"thumbnailUrl\" data-envira-srcset=\"https:\/\/www.lausitzer-museenland.de\/wp-content\/uploads\/2020\/11\/Webstube-Drebkau2020-47-683x1024.jpg 400w,https:\/\/www.lausitzer-museenland.de\/wp-content\/uploads\/2020\/11\/Webstube-Drebkau2020-47-683x1024.jpg 2x\" data-envira-width=\"200\" data-envira-height=\"300\" srcset=\"data:image\/gif;base64,R0lGODlhAQABAIAAAP\/\/\/\/\/\/\/yH5BAEKAAEALAAAAAABAAEAAAICTAEAOw==\" data-safe-src=\"data:image\/gif;base64,R0lGODlhAQABAIAAAP\/\/\/\/\/\/\/yH5BAEKAAEALAAAAAABAAEAAAICTAEAOw==\" \/><\/a><\/div><\/div><div id=\"envira-gallery-item-53208\" class=\"envira-gallery-item enviratope-item envira-gallery-item-4 envira-lazy-load\" style=\"padding-left: 5px; padding-bottom: 10px; padding-right: 5px;\"  itemscope itemtype=\"https:\/\/schema.org\/ImageObject\"><div class=\"envira-gallery-item-inner\"><div class=\"envira-gallery-position-overlay  envira-gallery-top-left\"><\/div><div class=\"envira-gallery-position-overlay  envira-gallery-top-right\"><\/div><div class=\"envira-gallery-position-overlay  envira-gallery-bottom-left\"><\/div><div class=\"envira-gallery-position-overlay  envira-gallery-bottom-right\"><\/div><a href=\"https:\/\/www.lausitzer-museenland.de\/wp-content\/uploads\/2020\/11\/Webstube-Drebkau2020-64.jpg\" class=\"envira-gallery-53204 envira-gallery-link\" rel=\"enviragallery53204\" title=\"Webstube Drebkau, Ausstellung 02 Foto: Bernd Choritz\" data-envira-caption=\"Webstube Drebkau, Ausstellung 02 Foto: Bernd Choritz\" data-envira-retina=\"\" data-thumbnail=\"\"  itemprop=\"contentUrl\"><img id=\"envira-gallery-image-53208\" class=\"envira-gallery-image envira-gallery-image-4 envira-normal envira-lazy\" data-envira-index=\"4\" src=\"https:\/\/www.lausitzer-museenland.de\/wp-content\/uploads\/2020\/11\/Webstube-Drebkau2020-64-1024x683.jpg\" data-envira-src=\"https:\/\/www.lausitzer-museenland.de\/wp-content\/uploads\/2020\/11\/Webstube-Drebkau2020-64-1024x683.jpg\" data-envira-gallery-id=\"53204\" data-envira-item-id=\"53208\" data-envira-caption=\"Webstube Drebkau, Ausstellung 02 Foto: Bernd Choritz\" alt=\"\" title=\"Webstube Drebkau, Ausstellung 02 Foto: Bernd Choritz\"  itemprop=\"thumbnailUrl\" data-envira-srcset=\"https:\/\/www.lausitzer-museenland.de\/wp-content\/uploads\/2020\/11\/Webstube-Drebkau2020-64-1024x683.jpg 400w,https:\/\/www.lausitzer-museenland.de\/wp-content\/uploads\/2020\/11\/Webstube-Drebkau2020-64-1024x683.jpg 2x\" data-envira-width=\"300\" data-envira-height=\"200\" srcset=\"data:image\/gif;base64,R0lGODlhAQABAIAAAP\/\/\/\/\/\/\/yH5BAEKAAEALAAAAAABAAEAAAICTAEAOw==\" data-safe-src=\"data:image\/gif;base64,R0lGODlhAQABAIAAAP\/\/\/\/\/\/\/yH5BAEKAAEALAAAAAABAAEAAAICTAEAOw==\" \/><\/a><\/div><\/div><\/div><\/div><noscript><img src=\"https:\/\/www.lausitzer-museenland.de\/wp-content\/uploads\/2020\/11\/Webstube-Drebkau2020-34.jpg\" alt=\"\" \/><img src=\"https:\/\/www.lausitzer-museenland.de\/wp-content\/uploads\/2020\/11\/Webstube-Drebkau2020-9.jpg\" alt=\"\" \/><img src=\"https:\/\/www.lausitzer-museenland.de\/wp-content\/uploads\/2020\/11\/Webstube-Drebkau2020-47.jpg\" alt=\"\" \/><img src=\"https:\/\/www.lausitzer-museenland.de\/wp-content\/uploads\/2020\/11\/Webstube-Drebkau2020-64.jpg\" alt=\"\" \/><\/noscript>","protected":false},"excerpt":{"rendered":"<p>Galerie |\u00a0Ausstellungen\u00a0| \u00a0Angebote f\u00fcr Kinder Volkskundliches Museum mit stadtgeschichtlicher Sammlung Geb\u00e4ude-\/ Grundst\u00fcckssituation Das Haus Am Markt 10 ist in einem sp\u00e4tbarocken Stil als Putzbau im Jahre 1805 erbaut worden. Es steht heute unter Denkmalschutz. Das Geb\u00e4ude diente als Gastwirtschaft und Wohnhaus. Nach einer umfassenden Sanierung ist der Geb\u00e4udekomplex seit 1995 der \u00d6ffentlichkeit zug\u00e4nglich, und im<\/p>","protected":false},"author":13,"featured_media":0,"parent":113,"menu_order":0,"comment_status":"closed","ping_status":"closed","template":"","meta":[],"_links":{"self":[{"href":"https:\/\/www.lausitzer-museenland.de\/dsb\/wp-json\/wp\/v2\/pages\/249"}],"collection":[{"href":"https:\/\/www.lausitzer-museenland.de\/dsb\/wp-json\/wp\/v2\/pages"}],"about":[{"href":"https:\/\/www.lausitzer-museenland.de\/dsb\/wp-json\/wp\/v2\/types\/page"}],"author":[{"embeddable":true,"href":"https:\/\/www.lausitzer-museenland.de\/dsb\/wp-json\/wp\/v2\/users\/13"}],"replies":[{"embeddable":true,"href":"https:\/\/www.lausitzer-museenland.de\/dsb\/wp-json\/wp\/v2\/comments?post=249"}],"version-history":[{"count":15,"href":"https:\/\/www.lausitzer-museenland.de\/dsb\/wp-json\/wp\/v2\/pages\/249\/revisions"}],"predecessor-version":[{"id":53941,"href":"https:\/\/www.lausitzer-museenland.de\/dsb\/wp-json\/wp\/v2\/pages\/249\/revisions\/53941"}],"up":[{"embeddable":true,"href":"https:\/\/www.lausitzer-museenland.de\/dsb\/wp-json\/wp\/v2\/pages\/113"}],"wp:attachment":[{"href":"https:\/\/www.lausitzer-museenland.de\/dsb\/wp-json\/wp\/v2\/media?parent=249"}],"curies":[{"name":"wp","href":"https:\/\/api.w.org\/{rel}","templated":true}]}}