{"id":384,"date":"2014-11-12T10:23:33","date_gmt":"2014-11-12T09:23:33","guid":{"rendered":"http:\/\/lausitzer-museenland.de\/?page_id=384"},"modified":"2014-12-17T17:24:44","modified_gmt":"2014-12-17T16:24:44","slug":"klemmkuchenbacken","status":"publish","type":"page","link":"https:\/\/www.lausitzer-museenland.de\/dsb\/service\/kobi\/klemmkuchenbacken\/","title":{"rendered":"Klemmkuchenbacken im Eisenh\u00fcttenmuseum Peitz"},"content":{"rendered":"<p>Im Eisenh\u00fctten- und Fischereimuseum Peitz befindet sich eine historische Sammlung von Klemmkucheneisen. Nach einem original \u00fcberlieferten Rezept um 1900 werden die leckeren Klemmkuchen mit Hilfe eines Klemmkucheneisens im Kupolofen in der Hochofenhalle des Museums gebacken.<\/p>\n<p>Das Angebot findet indoor statt und richtet sich an alle Altersgruppen.<\/p>\n<p>Termine: nach Absprache<br \/>\nDauer: ca. 1 Stunde<br \/>\nVoranmeldung: sp\u00e4testens 2 Wochen vorher<br \/>\nPreis pro Person: 1,00 \u20ac p. P. f\u00fcr Kinder und Sch\u00fcler<\/p>\n<p><a title=\"Eisenh\u00fctten- und Fischereimuseum Peitz \/ Hutowy a rybarski muzej Picnjo\" href=\"https:\/\/www.lausitzer-museenland.de\/museen\/eisenhuetten-und-fischereimuseum-peitz\/\">Eisenh\u00fctten- und Fischereimuseum Peitz<\/a><\/p>","protected":false},"excerpt":{"rendered":"<p>Im Eisenh\u00fctten- und Fischereimuseum Peitz befindet sich eine historische Sammlung von Klemmkucheneisen. Nach einem original \u00fcberlieferten Rezept um 1900 werden die leckeren Klemmkuchen mit Hilfe eines Klemmkucheneisens im Kupolofen in der Hochofenhalle des Museums gebacken. Das Angebot findet indoor statt und richtet sich an alle Altersgruppen. Termine: nach Absprache Dauer: ca. 1 Stunde Voranmeldung: sp\u00e4testens<\/p>","protected":false},"author":13,"featured_media":0,"parent":380,"menu_order":0,"comment_status":"closed","ping_status":"closed","template":"","meta":[],"_links":{"self":[{"href":"https:\/\/www.lausitzer-museenland.de\/dsb\/wp-json\/wp\/v2\/pages\/384"}],"collection":[{"href":"https:\/\/www.lausitzer-museenland.de\/dsb\/wp-json\/wp\/v2\/pages"}],"about":[{"href":"https:\/\/www.lausitzer-museenland.de\/dsb\/wp-json\/wp\/v2\/types\/page"}],"author":[{"embeddable":true,"href":"https:\/\/www.lausitzer-museenland.de\/dsb\/wp-json\/wp\/v2\/users\/13"}],"replies":[{"embeddable":true,"href":"https:\/\/www.lausitzer-museenland.de\/dsb\/wp-json\/wp\/v2\/comments?post=384"}],"version-history":[{"count":4,"href":"https:\/\/www.lausitzer-museenland.de\/dsb\/wp-json\/wp\/v2\/pages\/384\/revisions"}],"predecessor-version":[{"id":3624,"href":"https:\/\/www.lausitzer-museenland.de\/dsb\/wp-json\/wp\/v2\/pages\/384\/revisions\/3624"}],"up":[{"embeddable":true,"href":"https:\/\/www.lausitzer-museenland.de\/dsb\/wp-json\/wp\/v2\/pages\/380"}],"wp:attachment":[{"href":"https:\/\/www.lausitzer-museenland.de\/dsb\/wp-json\/wp\/v2\/media?parent=384"}],"curies":[{"name":"wp","href":"https:\/\/api.w.org\/{rel}","templated":true}]}}