{"id":392,"date":"2014-11-12T10:34:07","date_gmt":"2014-11-12T09:34:07","guid":{"rendered":"http:\/\/lausitzer-museenland.de\/?page_id=392"},"modified":"2017-09-26T12:55:59","modified_gmt":"2017-09-26T11:55:59","slug":"ausstellung-ehemaligen-schutzbauwerk","status":"publish","type":"page","link":"https:\/\/www.lausitzer-museenland.de\/dsb\/service\/kobi\/ausstellung-ehemaligen-schutzbauwerk\/","title":{"rendered":"Geheimnisvolle Tiefe &#8211; Ausstellung im ehemaligen Schutzbauwerk &#8211; im Milit\u00e4rhistorischen Museum Kolkwitz"},"content":{"rendered":"<p>Seit 2004 wird vom \u201eKolkwitzer Bunkerfreunde GS-31 e.V.\u201c ein Teil Kolkwitzer Milit\u00e4rgeschichte bewahrt und der breiten Bev\u00f6lkerung zug\u00e4nglich gemacht. Durch das Milit\u00e4rhistorische Museum wird ein St\u00fcck Aufkl\u00e4rungsarbeit dadurch geleistet, dass ein Hinabsteigen in dieses einst wohlbeh\u00fctete Geheimnis m\u00f6glich geworden ist.<br \/>\nDie technische Ausr\u00fcstung des Schutzbauwerkes und die Darstellung der Luftlage k\u00f6nnen in dem unterirdischen Labyrinth ebenso besichtigt werden wie Unterk\u00fcnfte und Versorgungseinheiten der Mannschaften.<\/p>\n<p>Das Angebot findet indoor statt und richtet sich an<br \/>\nSch\u00fcler der Klassen 5 bis 12.<br \/>\nTermine: jeden 3. Samstag im Monat\u00a0 um 9.00 Uhr, 10.30 Uhr\u00a0 und 12.00 Uhr<br \/>\nVoranmeldung: nein<br \/>\nDauer: ca. 1,5\u00a0 Stunden<\/p>\n<p>Hinweise:<br \/>\nBunkertemperatur betr\u00e4gt 11\u00b0 C<\/p>\n<p>Besuch auch zu anderen Zeiten m\u00f6glich, Voranmeldung dann 1 Woche vorher<\/p>\n<p><a href=\"http:\/\/www.kolkwitzerbunker.de\/\" target=\"_blank\">Millit\u00e4rhistorisches Museum Kolkwitz<\/a><\/p>","protected":false},"excerpt":{"rendered":"<p>Seit 2004 wird vom \u201eKolkwitzer Bunkerfreunde GS-31 e.V.\u201c ein Teil Kolkwitzer Milit\u00e4rgeschichte bewahrt und der breiten Bev\u00f6lkerung zug\u00e4nglich gemacht. Durch das Milit\u00e4rhistorische Museum wird ein St\u00fcck Aufkl\u00e4rungsarbeit dadurch geleistet, dass ein Hinabsteigen in dieses einst wohlbeh\u00fctete Geheimnis m\u00f6glich geworden ist. Die technische Ausr\u00fcstung des Schutzbauwerkes und die Darstellung der Luftlage k\u00f6nnen in dem unterirdischen Labyrinth<\/p>","protected":false},"author":13,"featured_media":0,"parent":380,"menu_order":0,"comment_status":"closed","ping_status":"closed","template":"","meta":[],"_links":{"self":[{"href":"https:\/\/www.lausitzer-museenland.de\/dsb\/wp-json\/wp\/v2\/pages\/392"}],"collection":[{"href":"https:\/\/www.lausitzer-museenland.de\/dsb\/wp-json\/wp\/v2\/pages"}],"about":[{"href":"https:\/\/www.lausitzer-museenland.de\/dsb\/wp-json\/wp\/v2\/types\/page"}],"author":[{"embeddable":true,"href":"https:\/\/www.lausitzer-museenland.de\/dsb\/wp-json\/wp\/v2\/users\/13"}],"replies":[{"embeddable":true,"href":"https:\/\/www.lausitzer-museenland.de\/dsb\/wp-json\/wp\/v2\/comments?post=392"}],"version-history":[{"count":7,"href":"https:\/\/www.lausitzer-museenland.de\/dsb\/wp-json\/wp\/v2\/pages\/392\/revisions"}],"predecessor-version":[{"id":13613,"href":"https:\/\/www.lausitzer-museenland.de\/dsb\/wp-json\/wp\/v2\/pages\/392\/revisions\/13613"}],"up":[{"embeddable":true,"href":"https:\/\/www.lausitzer-museenland.de\/dsb\/wp-json\/wp\/v2\/pages\/380"}],"wp:attachment":[{"href":"https:\/\/www.lausitzer-museenland.de\/dsb\/wp-json\/wp\/v2\/media?parent=392"}],"curies":[{"name":"wp","href":"https:\/\/api.w.org\/{rel}","templated":true}]}}