{"id":394,"date":"2014-11-12T10:36:13","date_gmt":"2014-11-12T09:36:13","guid":{"rendered":"http:\/\/lausitzer-museenland.de\/?page_id=394"},"modified":"2016-06-09T09:53:37","modified_gmt":"2016-06-09T08:53:37","slug":"der-weg-vom-korn-zum-mehl","status":"publish","type":"page","link":"https:\/\/www.lausitzer-museenland.de\/dsb\/service\/kobi\/der-weg-vom-korn-zum-mehl\/","title":{"rendered":"Der Weg vom Korn zum Mehl in der No\u00dfdorfer Wasserm\u00fchle"},"content":{"rendered":"<p>Ein lohnendes Ausflugsziel ist die 1624 erstmals erw\u00e4hnte No\u00dfdorfer Wasserm\u00fchle. Im Laufe der Jahrhunderte wurde sie von verschiedenen Familien bewirtschaftet. 1975 stellte die M\u00fchle aus wirtschaftlichen Gr\u00fcnden ihren Betrieb ein. Im Jahr 1990 wurde die M\u00fchle unter Denkmalschutz gestellt und 1993 als Technisches Museum der \u00d6ffentlichkeit zug\u00e4nglich gemacht.<\/p>\n<p>Anhand der Ger\u00e4tschaften in der M\u00fchle wird der Weg vom Korn zum feinen Mehl und die schwere Arbeit des M\u00fcllers veranschaulicht.<br \/>\nDas Angebot findet indoor und outdoor statt und richtet sich an<br \/>\nSch\u00fcler der Klassen 1 bis 10.<br \/>\nTermine: nach Absprache<br \/>\nVoranmeldung: mindestens 2 Wochen vorher<br \/>\nEintritt pro Person: 1,00 \u20ac<\/p>\n<p><a title=\"No\u00dfdorfer Wasserm\u00fchle\" href=\"\/museen\/nossdorfer-wassermuehle\/\">No\u00dfdorfer Wasserm\u00fchle<\/a><\/p>","protected":false},"excerpt":{"rendered":"<p>Ein lohnendes Ausflugsziel ist die 1624 erstmals erw\u00e4hnte No\u00dfdorfer Wasserm\u00fchle. Im Laufe der Jahrhunderte wurde sie von verschiedenen Familien bewirtschaftet. 1975 stellte die M\u00fchle aus wirtschaftlichen Gr\u00fcnden ihren Betrieb ein. Im Jahr 1990 wurde die M\u00fchle unter Denkmalschutz gestellt und 1993 als Technisches Museum der \u00d6ffentlichkeit zug\u00e4nglich gemacht. Anhand der Ger\u00e4tschaften in der M\u00fchle wird<\/p>","protected":false},"author":13,"featured_media":0,"parent":380,"menu_order":0,"comment_status":"closed","ping_status":"closed","template":"","meta":[],"_links":{"self":[{"href":"https:\/\/www.lausitzer-museenland.de\/dsb\/wp-json\/wp\/v2\/pages\/394"}],"collection":[{"href":"https:\/\/www.lausitzer-museenland.de\/dsb\/wp-json\/wp\/v2\/pages"}],"about":[{"href":"https:\/\/www.lausitzer-museenland.de\/dsb\/wp-json\/wp\/v2\/types\/page"}],"author":[{"embeddable":true,"href":"https:\/\/www.lausitzer-museenland.de\/dsb\/wp-json\/wp\/v2\/users\/13"}],"replies":[{"embeddable":true,"href":"https:\/\/www.lausitzer-museenland.de\/dsb\/wp-json\/wp\/v2\/comments?post=394"}],"version-history":[{"count":7,"href":"https:\/\/www.lausitzer-museenland.de\/dsb\/wp-json\/wp\/v2\/pages\/394\/revisions"}],"predecessor-version":[{"id":4658,"href":"https:\/\/www.lausitzer-museenland.de\/dsb\/wp-json\/wp\/v2\/pages\/394\/revisions\/4658"}],"up":[{"embeddable":true,"href":"https:\/\/www.lausitzer-museenland.de\/dsb\/wp-json\/wp\/v2\/pages\/380"}],"wp:attachment":[{"href":"https:\/\/www.lausitzer-museenland.de\/dsb\/wp-json\/wp\/v2\/media?parent=394"}],"curies":[{"name":"wp","href":"https:\/\/api.w.org\/{rel}","templated":true}]}}

Der Weg vom Korn zum Mehl in der Noßdorfer Wassermühle

<p>Ein lohnendes Ausflugsziel ist die 1624 erstmals erwähnte Noßdorfer Wassermühle. Im Laufe der Jahrhunderte wurde sie von verschiedenen Familien bewirtschaftet. 1975 stellte die Mühle aus wirtschaftlichen Gründen ihren Betrieb ein. Im Jahr 1990 wurde die Mühle unter Denkmalschutz gestellt und 1993 als Technisches Museum der Öffentlichkeit zugänglich gemacht.</p>
<p>Anhand der Gerätschaften in der Mühle wird der Weg vom Korn zum feinen Mehl und die schwere Arbeit des Müllers veranschaulicht.<br />
Das Angebot findet indoor und outdoor statt und richtet sich an<br />
Schüler der Klassen 1 bis 10.<br />
Termine: nach Absprache<br />
Voranmeldung: mindestens 2 Wochen vorher<br />
Eintritt pro Person: 1,00 €</p>
<p><a title="Noßdorfer Wassermühle" href="/museen/nossdorfer-wassermuehle/">Noßdorfer Wassermühle</a></p>

<p>Ein lohnendes Ausflugsziel ist die 1624 erstmals erwähnte Noßdorfer Wassermühle. Im Laufe der Jahrhunderte wurde sie von verschiedenen Familien bewirtschaftet. 1975 stellte die Mühle aus wirtschaftlichen Gründen ihren Betrieb ein. Im Jahr 1990 wurde die Mühle unter Denkmalschutz gestellt und 1993 als Technisches Museum der Öffentlichkeit zugänglich gemacht. Anhand der Gerätschaften in der Mühle wird</p>
