{"id":408,"date":"2014-11-12T10:54:14","date_gmt":"2014-11-12T09:54:14","guid":{"rendered":"http:\/\/lausitzer-museenland.de\/?page_id=408"},"modified":"2014-12-17T17:40:08","modified_gmt":"2014-12-17T16:40:08","slug":"historische-puppen-und-spielzeuge","status":"publish","type":"page","link":"https:\/\/www.lausitzer-museenland.de\/dsb\/service\/kobi\/historische-puppen-und-spielzeuge\/","title":{"rendered":"Historische Puppen und Spielzeuge im Spielzeugmuseum Kackrow"},"content":{"rendered":"<p>Puppenwagen und Puppenstuben, K\u00fcchen, Kaufl\u00e4den, Puppen und Spielzeug &#8211; im Wesentlichen aus einem Zeitraum von etwa 1880 bis 1960 &#8211; sind in der Ausstellung zu sehen. Pr\u00e4sentiert werden Schildkr\u00f6t-Puppen, K\u00e4the-Kruse-Puppen, Porzellankopf- und Massepuppen, Teddys und auch Schaufensterpuppen. Zeit und Ruhe sollten die Besucher allerdings mitbringen, denn viele Dinge in den Vitrinen sieht man erst beim zweiten Rundgang.<\/p>\n<p>Das Angebot findet indoor statt und richtet sich an Vorschulkinder und Erstkl\u00e4ssler.<br \/>\nTermine: nach Absprache<br \/>\nVoranmeldung: sp\u00e4testens 2 Wochen vorher<br \/>\nGruppengr\u00f6\u00dfe: 10 Personen<br \/>\nEintritt pro Person: 1,00 \u20ac<\/p>\n<p><a title=\"Spielzeugmuseum Kackrow \/ Muzej grajkow Kokrjow\" href=\"\/museen\/spielzeugmuseum-kackrow\/\">Spielzeugmuseum Kackrow<\/a><\/p>","protected":false},"excerpt":{"rendered":"<p>Puppenwagen und Puppenstuben, K\u00fcchen, Kaufl\u00e4den, Puppen und Spielzeug &#8211; im Wesentlichen aus einem Zeitraum von etwa 1880 bis 1960 &#8211; sind in der Ausstellung zu sehen. Pr\u00e4sentiert werden Schildkr\u00f6t-Puppen, K\u00e4the-Kruse-Puppen, Porzellankopf- und Massepuppen, Teddys und auch Schaufensterpuppen. Zeit und Ruhe sollten die Besucher allerdings mitbringen, denn viele Dinge in den Vitrinen sieht man erst beim<\/p>","protected":false},"author":13,"featured_media":0,"parent":380,"menu_order":0,"comment_status":"closed","ping_status":"closed","template":"","meta":[],"_links":{"self":[{"href":"https:\/\/www.lausitzer-museenland.de\/dsb\/wp-json\/wp\/v2\/pages\/408"}],"collection":[{"href":"https:\/\/www.lausitzer-museenland.de\/dsb\/wp-json\/wp\/v2\/pages"}],"about":[{"href":"https:\/\/www.lausitzer-museenland.de\/dsb\/wp-json\/wp\/v2\/types\/page"}],"author":[{"embeddable":true,"href":"https:\/\/www.lausitzer-museenland.de\/dsb\/wp-json\/wp\/v2\/users\/13"}],"replies":[{"embeddable":true,"href":"https:\/\/www.lausitzer-museenland.de\/dsb\/wp-json\/wp\/v2\/comments?post=408"}],"version-history":[{"count":5,"href":"https:\/\/www.lausitzer-museenland.de\/dsb\/wp-json\/wp\/v2\/pages\/408\/revisions"}],"predecessor-version":[{"id":3643,"href":"https:\/\/www.lausitzer-museenland.de\/dsb\/wp-json\/wp\/v2\/pages\/408\/revisions\/3643"}],"up":[{"embeddable":true,"href":"https:\/\/www.lausitzer-museenland.de\/dsb\/wp-json\/wp\/v2\/pages\/380"}],"wp:attachment":[{"href":"https:\/\/www.lausitzer-museenland.de\/dsb\/wp-json\/wp\/v2\/media?parent=408"}],"curies":[{"name":"wp","href":"https:\/\/api.w.org\/{rel}","templated":true}]}}