{"id":4099,"date":"2016-06-15T10:21:16","date_gmt":"2016-06-15T09:21:16","guid":{"rendered":"http:\/\/lausitzer-museenland.de\/?page_id=4099"},"modified":"2025-03-11T09:38:24","modified_gmt":"2025-03-11T08:38:24","slug":"ausstellung-gubener-tuche-und-chemiefasern","status":"publish","type":"page","link":"https:\/\/www.lausitzer-museenland.de\/dsb\/museen\/ausstellung-gubener-tuche-und-chemiefasern\/","title":{"rendered":"Ausstellung Gubener Tuche und Chemiefasern \/ Gubinske sukna a chemiske nitki"},"content":{"rendered":"<p>Ausstellungen\u00a0|<a href=\"#kinderangebot_museumsrallye\"> Oferty dla dzieci<\/a><a href=\"https:\/\/www.lausitzer-museenland.de\/wp-content\/uploads\/2016\/06\/Tuche-Guben-B\u00fcro_skaliert.png\"><img loading=\"lazy\" class=\"aligncenter size-full wp-image-44439\" src=\"https:\/\/www.lausitzer-museenland.de\/wp-content\/uploads\/2016\/06\/Tuche-Guben-B\u00fcro_skaliert.png\" alt=\"Tuche Guben B\u00fcro_skaliert\" width=\"750\" height=\"498\" srcset=\"https:\/\/www.lausitzer-museenland.de\/wp-content\/uploads\/2016\/06\/Tuche-Guben-B\u00fcro_skaliert.png 750w, https:\/\/www.lausitzer-museenland.de\/wp-content\/uploads\/2016\/06\/Tuche-Guben-B\u00fcro_skaliert-300x199.png 300w\" sizes=\"(max-width: 750px) 100vw, 750px\" \/><\/a><\/p>\n<\/p>\n<p>Stawizny gubinskich suknarjow a n\u011bgaj\u0161nego zawoda za chemiske nitki<\/p>\n<p>Ned p\u00f3dla M\u011bs\u0107a\u0144skego a industrijowego muzeja, w drugem \u017a\u011blu togo p\u00f3d \u0161\u0107itom pomnikow stojecego fabrikowego twarjenja, jo wustaje\u0144ca w\u00f3 stawiznach gubinskich suknarjow a n\u011bgaj\u0161nego zawoda za chemiske nitki.<\/p>\n<p>P\u015bez anga\u017eement c\u0142onkow towaristwa \u201cGubinske sukna a chemiske nitki z. t.\u201d a z p\u00f3dp\u011bru m\u011bsta Gubin jo nasta\u0142a muzealna py\u0161notka. Wustaje\u0144ca p\u015bedstaja wa\u017ene tradicije g\u00f3spoda\u0155skego wuwi\u015ba Gubina.<\/p>\n<p>How zg\u00f3nijo\u015bo wa\u017enu w\u011bdu w\u00f3 stawiznach suknja\u0155skego rucnika\u0155stwa w Gubinje w\u00f3t 11.\/12. stol\u011b\u015ba a\u017e do spada 1997. Mjazy wustaje\u0144skimi eksponatami jo na p\u015bik\u0142ad mustrowa kolekcija suknow w\u00f3t 1873 a\u017e do 1990. Wustaje\u0144ca p\u00f3rucyjo industrijowe stawizny za p\u015bimje\u015be.<\/p>\n<p>\n<p>Geschichte der Gubener Tuchmacher und des ehemaligen Chemiefaserwerkes<\/p>\n<h3>-<\/h3>\n<p>Die Ausstellung \u201eGubener Tuche\u201c befindet sich in einem denkmalgesch\u00fctzten Fabrikgeb\u00e4ude direkt neben dem Stadt- und Industriemuseum in Guben. Sie ist im anderen Fl\u00fcgel des Geb\u00e4udes untergebracht und liegt am Friedrich-Wilke-Platz, wo sie 2013 nach f\u00fcnf Jahren an ihren heutigen Standort verlegt wurde.<\/p>\n<h3>-<\/h3>\n<p>Die Ausstellung \u201eGubener Tuche\u201c wurde durch das Engagement des Vereins \u201eGubener Tuche und Chemiefasern e.V.\u201c und mit Unterst\u00fctzung der Stadt Guben geschaffen. Sie stellt ein bedeutendes St\u00fcck Industriegeschichte dar und beleuchtet die wirtschaftliche Entwicklung der Stadt.<br \/>\nSie umfasst zwei thematische Schwerpunkte: die Geschichte des Chemiefaserwerkes Guben und die Tradition der Tuchmacherei in der Region. Gezeigt werden historische Arbeitsger\u00e4te, Dokumente, B\u00fccher sowie zahlreiche Alltagsgegenst\u00e4nde aus der Produktion des Chemiefaserwerks. Im Bereich der Tuchmacherei stehen Mode und Stoffmuster im Fokus, darunter eine vollst\u00e4ndige Kollektion von 1873 bis 1990.<br \/>\nDie Ausstellung bietet Industriegeschichte zum Anfassen und vermittelt Wissen \u00fcber das Tuchmacherhandwerk vom 11.\/12. Jahrhundert bis zum Niedergang 1997. Urspr\u00fcnglich aus einer geplanten Chronik entstanden, entwickelte sich durch zahlreiche gesammelte Exponate ein umfassendes Museum, das 2008 erstmals er\u00f6ffnet wurde.<\/p>\n<h3>-<a id=\"austellung_mili_kolkwitz\"><\/a><\/h3>\n<p>Die aktive Aufbauarbeit des Vereins &#8222;Gubener Tuche und Chemiefasern e.V. erschlie\u00dft der Ausstellung fortlaufend Neuerungen, die den Besuchern u.a. in Sonderausstellungen pr\u00e4sentiert werden. Sonderveranstaltungen und Jahrestage mit thematisch abgestimmten Programmen sind, wie auch die Treffen ehemaliger Textilarbeiterinnen und Chemiefaserwerker, H\u00f6hepunkte der Museumst\u00e4tigkeit.<\/p>\n<h3>Angebote f\u00fcr Kinder &#8211; Mit Kobi ins Museum<a id=\"kinderangebot_mili_kolkwitz\"><\/a><\/h3>\n<p align=\"left\">Kobi \u2013 der kleine Hausgeist \u2013 ist im Museum zu Hause.\u00a0Dort wohnt er im Pantoffel unterm Ofen. Um Mitternacht belauscht er die alten Museumsst\u00fccke, wenn sie von fr\u00fcher erz\u00e4hlen.Diese spannenden Geschichten plaudert er an die Museumsmitarbeiter aus, und diese erz\u00e4hlen sie den Kindern weiter \u2013 Begebenheiten aus alter, alter Zeit.<\/p>\n<p>Kobiangebot:<\/p>\n<h5>Museumsrallye (Kennenlernen des Museums auf spielerische Art und Weise)<\/h5>\n<div class=\"insert-page insert-page-museumsrallye\" data-post-id=\"museumsrallye\">\n<p>Mit einer Museumsrallye soll der Besuch der Ausstellung Gubener Tuche und Chemiefasern f\u00fcr Kinder und Jugendliche zu einem besonderen Erlebnis werden. Nach einem Einblicke in die Geschichte der Gubener Tuchmacher und des ehemaligen Chemiefaserwerkes erhalten die Sch\u00fcler\/innen Frageb\u00f6gen und k\u00f6nnen nun selbstst\u00e4ndig die Ausstellung erkunden. Durch einen aufmerksamen Besuch sind alle Fragen l\u00f6sbar und die Nachhaltigkeit des Besuches wird gef\u00f6rdert.<br \/>\nIm Anschluss werden die Frageb\u00f6gen gemeinsam mit dem Museumspersonal ausgewertet und es folgt eine kleine \u201eSiegerehrung\u201c (Preise und Urkunden werden vom Museum gestellt). Danach findet ein kleines Fotoshooting mit M\u00e4nteln aus Mantelstoff der Gubener Wolle statt. Gern wird auch das Transportmittel des CFG, die Echse, f\u00fcr ein sch\u00f6nes Foto genutzt.<\/p>\n<p>Das Angebot findet indoor statt und richtet sich an Sch\u00fcler der Klassen 5 bis 7.<br \/>\nTermine: nach Absprache<br \/>\nVoranmeldung: mindestens 2 Wochen vorher<br \/>\nDauer: ca. 1,5 bis 2 Stunden<br \/>\nGruppengr\u00f6\u00dfe: 5 bis 20 Personen<\/p>\n<h3>Galeria<\/h3>\n<div id=\"envira-gallery-wrap-53210\" class=\"envira-gallery-wrap envira-gallery-theme-base envira-lightbox-theme-base\" itemscope itemtype=\"https:\/\/schema.org\/ImageGallery\"><div data-row-height=\"150\" data-gallery-theme=\"normal\" id=\"envira-gallery-53210\" class=\"envira-gallery-public envira-gallery-justified-public envira-gallery-0-columns envira-clear enviratope envira-gallery-css-animations\" data-envira-columns=\"0\"><div id=\"envira-gallery-item-53211\" class=\"envira-gallery-item enviratope-item envira-gallery-item-1 envira-lazy-load\" style=\"padding-left: 5px; padding-bottom: 10px; padding-right: 5px;\"  itemscope itemtype=\"https:\/\/schema.org\/ImageObject\"><div class=\"envira-gallery-item-inner\"><div class=\"envira-gallery-position-overlay  envira-gallery-top-left\"><\/div><div class=\"envira-gallery-position-overlay  envira-gallery-top-right\"><\/div><div class=\"envira-gallery-position-overlay  envira-gallery-bottom-left\"><\/div><div class=\"envira-gallery-position-overlay  envira-gallery-bottom-right\"><\/div><a href=\"https:\/\/www.lausitzer-museenland.de\/wp-content\/uploads\/2020\/11\/Textilmuseum-Guben2020-8.jpg\" class=\"envira-gallery-53210 envira-gallery-link\" rel=\"enviragallery53210\" title=\"CFT-Guben, Ausstellung 01 Foto: Bernd Choritz\" data-envira-caption=\"CFT-Guben, Ausstellung 01 Foto: Bernd Choritz\" data-envira-retina=\"\" data-thumbnail=\"\"  itemprop=\"contentUrl\"><img id=\"envira-gallery-image-53211\" class=\"envira-gallery-image envira-gallery-image-1 envira-normal envira-lazy\" data-envira-index=\"1\" src=\"https:\/\/www.lausitzer-museenland.de\/wp-content\/uploads\/2020\/11\/Textilmuseum-Guben2020-8-1024x683.jpg\" data-envira-src=\"https:\/\/www.lausitzer-museenland.de\/wp-content\/uploads\/2020\/11\/Textilmuseum-Guben2020-8-1024x683.jpg\" data-envira-gallery-id=\"53210\" data-envira-item-id=\"53211\" data-envira-caption=\"CFT-Guben, Ausstellung 01 Foto: Bernd Choritz\" alt=\"\" title=\"CFT-Guben, Ausstellung 01 Foto: Bernd Choritz\"  itemprop=\"thumbnailUrl\" data-envira-srcset=\"https:\/\/www.lausitzer-museenland.de\/wp-content\/uploads\/2020\/11\/Textilmuseum-Guben2020-8-1024x683.jpg 400w,https:\/\/www.lausitzer-museenland.de\/wp-content\/uploads\/2020\/11\/Textilmuseum-Guben2020-8-1024x683.jpg 2x\" data-envira-width=\"300\" data-envira-height=\"200\" srcset=\"data:image\/gif;base64,R0lGODlhAQABAIAAAP\/\/\/\/\/\/\/yH5BAEKAAEALAAAAAABAAEAAAICTAEAOw==\" data-safe-src=\"data:image\/gif;base64,R0lGODlhAQABAIAAAP\/\/\/\/\/\/\/yH5BAEKAAEALAAAAAABAAEAAAICTAEAOw==\" \/><\/a><\/div><\/div><div id=\"envira-gallery-item-53212\" class=\"envira-gallery-item enviratope-item envira-gallery-item-2 envira-lazy-load\" style=\"padding-left: 5px; padding-bottom: 10px; padding-right: 5px;\"  itemscope itemtype=\"https:\/\/schema.org\/ImageObject\"><div class=\"envira-gallery-item-inner\"><div class=\"envira-gallery-position-overlay  envira-gallery-top-left\"><\/div><div class=\"envira-gallery-position-overlay  envira-gallery-top-right\"><\/div><div class=\"envira-gallery-position-overlay  envira-gallery-bottom-left\"><\/div><div class=\"envira-gallery-position-overlay  envira-gallery-bottom-right\"><\/div><a href=\"https:\/\/www.lausitzer-museenland.de\/wp-content\/uploads\/2020\/11\/Textilmuseum-Guben2020-27.jpg\" class=\"envira-gallery-53210 envira-gallery-link\" rel=\"enviragallery53210\" title=\"CFT-Guben, Musterbuch Foto: Bernd Choritz\" data-envira-caption=\"CFT-Guben, Musterbuch Foto: Bernd Choritz\" data-envira-retina=\"\" data-thumbnail=\"\"  itemprop=\"contentUrl\"><img id=\"envira-gallery-image-53212\" class=\"envira-gallery-image envira-gallery-image-2 envira-normal envira-lazy\" data-envira-index=\"2\" src=\"https:\/\/www.lausitzer-museenland.de\/wp-content\/uploads\/2020\/11\/Textilmuseum-Guben2020-27-1024x683.jpg\" data-envira-src=\"https:\/\/www.lausitzer-museenland.de\/wp-content\/uploads\/2020\/11\/Textilmuseum-Guben2020-27-1024x683.jpg\" data-envira-gallery-id=\"53210\" data-envira-item-id=\"53212\" data-envira-caption=\"CFT-Guben, Musterbuch Foto: Bernd Choritz\" alt=\"\" title=\"CFT-Guben, Musterbuch Foto: Bernd Choritz\"  itemprop=\"thumbnailUrl\" data-envira-srcset=\"https:\/\/www.lausitzer-museenland.de\/wp-content\/uploads\/2020\/11\/Textilmuseum-Guben2020-27-1024x683.jpg 400w,https:\/\/www.lausitzer-museenland.de\/wp-content\/uploads\/2020\/11\/Textilmuseum-Guben2020-27-1024x683.jpg 2x\" data-envira-width=\"300\" data-envira-height=\"200\" srcset=\"data:image\/gif;base64,R0lGODlhAQABAIAAAP\/\/\/\/\/\/\/yH5BAEKAAEALAAAAAABAAEAAAICTAEAOw==\" data-safe-src=\"data:image\/gif;base64,R0lGODlhAQABAIAAAP\/\/\/\/\/\/\/yH5BAEKAAEALAAAAAABAAEAAAICTAEAOw==\" \/><\/a><\/div><\/div><div id=\"envira-gallery-item-53213\" class=\"envira-gallery-item enviratope-item envira-gallery-item-3 envira-lazy-load\" style=\"padding-left: 5px; padding-bottom: 10px; padding-right: 5px;\"  itemscope itemtype=\"https:\/\/schema.org\/ImageObject\"><div class=\"envira-gallery-item-inner\"><div class=\"envira-gallery-position-overlay  envira-gallery-top-left\"><\/div><div class=\"envira-gallery-position-overlay  envira-gallery-top-right\"><\/div><div class=\"envira-gallery-position-overlay  envira-gallery-bottom-left\"><\/div><div class=\"envira-gallery-position-overlay  envira-gallery-bottom-right\"><\/div><a href=\"https:\/\/www.lausitzer-museenland.de\/wp-content\/uploads\/2020\/11\/Textilmuseum-Guben2020-65.jpg\" class=\"envira-gallery-53210 envira-gallery-link\" rel=\"enviragallery53210\" title=\"CFT-Guben, Ausstellung Kops Foto: Bernd Choritz\" data-envira-caption=\"CFT-Guben, Ausstellung Kops Foto: Bernd Choritz\" data-envira-retina=\"\" data-thumbnail=\"\"  itemprop=\"contentUrl\"><img id=\"envira-gallery-image-53213\" class=\"envira-gallery-image envira-gallery-image-3 envira-normal envira-lazy\" data-envira-index=\"3\" src=\"https:\/\/www.lausitzer-museenland.de\/wp-content\/uploads\/2020\/11\/Textilmuseum-Guben2020-65-1024x683.jpg\" data-envira-src=\"https:\/\/www.lausitzer-museenland.de\/wp-content\/uploads\/2020\/11\/Textilmuseum-Guben2020-65-1024x683.jpg\" data-envira-gallery-id=\"53210\" data-envira-item-id=\"53213\" data-envira-caption=\"CFT-Guben, Ausstellung Kops Foto: Bernd Choritz\" alt=\"\" title=\"CFT-Guben, Ausstellung Kops Foto: Bernd Choritz\"  itemprop=\"thumbnailUrl\" data-envira-srcset=\"https:\/\/www.lausitzer-museenland.de\/wp-content\/uploads\/2020\/11\/Textilmuseum-Guben2020-65-1024x683.jpg 400w,https:\/\/www.lausitzer-museenland.de\/wp-content\/uploads\/2020\/11\/Textilmuseum-Guben2020-65-1024x683.jpg 2x\" data-envira-width=\"300\" data-envira-height=\"200\" srcset=\"data:image\/gif;base64,R0lGODlhAQABAIAAAP\/\/\/\/\/\/\/yH5BAEKAAEALAAAAAABAAEAAAICTAEAOw==\" data-safe-src=\"data:image\/gif;base64,R0lGODlhAQABAIAAAP\/\/\/\/\/\/\/yH5BAEKAAEALAAAAAABAAEAAAICTAEAOw==\" \/><\/a><\/div><\/div><div id=\"envira-gallery-item-53214\" class=\"envira-gallery-item enviratope-item envira-gallery-item-4 envira-lazy-load\" style=\"padding-left: 5px; padding-bottom: 10px; padding-right: 5px;\"  itemscope itemtype=\"https:\/\/schema.org\/ImageObject\"><div class=\"envira-gallery-item-inner\"><div class=\"envira-gallery-position-overlay  envira-gallery-top-left\"><\/div><div class=\"envira-gallery-position-overlay  envira-gallery-top-right\"><\/div><div class=\"envira-gallery-position-overlay  envira-gallery-bottom-left\"><\/div><div class=\"envira-gallery-position-overlay  envira-gallery-bottom-right\"><\/div><a href=\"https:\/\/www.lausitzer-museenland.de\/wp-content\/uploads\/2020\/11\/Textilmuseum-Guben2020-62.jpg\" class=\"envira-gallery-53210 envira-gallery-link\" rel=\"enviragallery53210\" title=\"CFT-Guben, Kopsinchen Foto: Bernd Choritz\" data-envira-caption=\"CFT-Guben, Kopsinchen Foto: Bernd Choritz\" data-envira-retina=\"\" data-thumbnail=\"\"  itemprop=\"contentUrl\"><img id=\"envira-gallery-image-53214\" class=\"envira-gallery-image envira-gallery-image-4 envira-normal envira-lazy\" data-envira-index=\"4\" src=\"https:\/\/www.lausitzer-museenland.de\/wp-content\/uploads\/2020\/11\/Textilmuseum-Guben2020-62-1024x683.jpg\" data-envira-src=\"https:\/\/www.lausitzer-museenland.de\/wp-content\/uploads\/2020\/11\/Textilmuseum-Guben2020-62-1024x683.jpg\" data-envira-gallery-id=\"53210\" data-envira-item-id=\"53214\" data-envira-caption=\"CFT-Guben, Kopsinchen Foto: Bernd Choritz\" alt=\"\" title=\"CFT-Guben, Kopsinchen Foto: Bernd Choritz\"  itemprop=\"thumbnailUrl\" data-envira-srcset=\"https:\/\/www.lausitzer-museenland.de\/wp-content\/uploads\/2020\/11\/Textilmuseum-Guben2020-62-1024x683.jpg 400w,https:\/\/www.lausitzer-museenland.de\/wp-content\/uploads\/2020\/11\/Textilmuseum-Guben2020-62-1024x683.jpg 2x\" data-envira-width=\"300\" data-envira-height=\"200\" srcset=\"data:image\/gif;base64,R0lGODlhAQABAIAAAP\/\/\/\/\/\/\/yH5BAEKAAEALAAAAAABAAEAAAICTAEAOw==\" data-safe-src=\"data:image\/gif;base64,R0lGODlhAQABAIAAAP\/\/\/\/\/\/\/yH5BAEKAAEALAAAAAABAAEAAAICTAEAOw==\" \/><\/a><\/div><\/div><\/div><\/div><noscript><img src=\"https:\/\/www.lausitzer-museenland.de\/wp-content\/uploads\/2020\/11\/Textilmuseum-Guben2020-8.jpg\" alt=\"\" \/><img src=\"https:\/\/www.lausitzer-museenland.de\/wp-content\/uploads\/2020\/11\/Textilmuseum-Guben2020-27.jpg\" alt=\"\" \/><img src=\"https:\/\/www.lausitzer-museenland.de\/wp-content\/uploads\/2020\/11\/Textilmuseum-Guben2020-65.jpg\" alt=\"\" \/><img src=\"https:\/\/www.lausitzer-museenland.de\/wp-content\/uploads\/2020\/11\/Textilmuseum-Guben2020-62.jpg\" alt=\"\" \/><\/noscript>\n<\/div>","protected":false},"excerpt":{"rendered":"<p>Ausstellungen\u00a0| Angebote f\u00fcr Kinder Geschichte der Gubener Tuchmacher und des ehemaligen Chemiefaserwerkes Geb\u00e4ude- \/ Grundst\u00fcckssituation Die Ausstellung \u201eGubener Tuche\u201c befindet sich in einem denkmalgesch\u00fctzten Fabrikgeb\u00e4ude direkt neben dem Stadt- und Industriemuseum in Guben. Sie ist im anderen Fl\u00fcgel des Geb\u00e4udes untergebracht und liegt am Friedrich-Wilke-Platz, wo sie 2013 nach f\u00fcnf Jahren an ihren heutigen Standort<\/p>","protected":false},"author":13,"featured_media":0,"parent":113,"menu_order":0,"comment_status":"closed","ping_status":"closed","template":"","meta":[],"_links":{"self":[{"href":"https:\/\/www.lausitzer-museenland.de\/dsb\/wp-json\/wp\/v2\/pages\/4099"}],"collection":[{"href":"https:\/\/www.lausitzer-museenland.de\/dsb\/wp-json\/wp\/v2\/pages"}],"about":[{"href":"https:\/\/www.lausitzer-museenland.de\/dsb\/wp-json\/wp\/v2\/types\/page"}],"author":[{"embeddable":true,"href":"https:\/\/www.lausitzer-museenland.de\/dsb\/wp-json\/wp\/v2\/users\/13"}],"replies":[{"embeddable":true,"href":"https:\/\/www.lausitzer-museenland.de\/dsb\/wp-json\/wp\/v2\/comments?post=4099"}],"version-history":[{"count":29,"href":"https:\/\/www.lausitzer-museenland.de\/dsb\/wp-json\/wp\/v2\/pages\/4099\/revisions"}],"predecessor-version":[{"id":55525,"href":"https:\/\/www.lausitzer-museenland.de\/dsb\/wp-json\/wp\/v2\/pages\/4099\/revisions\/55525"}],"up":[{"embeddable":true,"href":"https:\/\/www.lausitzer-museenland.de\/dsb\/wp-json\/wp\/v2\/pages\/113"}],"wp:attachment":[{"href":"https:\/\/www.lausitzer-museenland.de\/dsb\/wp-json\/wp\/v2\/media?parent=4099"}],"curies":[{"name":"wp","href":"https:\/\/api.w.org\/{rel}","templated":true}]}}