{"id":412,"date":"2014-11-12T10:57:47","date_gmt":"2014-11-12T09:57:47","guid":{"rendered":"http:\/\/lausitzer-museenland.de\/?page_id=412"},"modified":"2014-12-17T17:43:02","modified_gmt":"2014-12-17T16:43:02","slug":"sorbische-osterbraeuche","status":"publish","type":"page","link":"https:\/\/www.lausitzer-museenland.de\/dsb\/service\/kobi\/sorbische-osterbraeuche\/","title":{"rendered":"Sorbische Osterbr\u00e4uche im Wendisch-Deutschen Heimatmuseum J\u00e4nschwalde"},"content":{"rendered":"<p>Der Projekttag widmet sich den Osterbr\u00e4uchen der sorbisch\/ wendischen Bev\u00f6lkerung in der Niederlausitz . Je nach Wunsch werden das Ostereiermalen oder das Ostereierwaleien selbst praktiziert. Beim Eierlauf k\u00f6nnen die Kinder ihre Geschicklichkeit unter Beweis stellen, und das traditionelle Osterfeuer sorgt ebenfalls f\u00fcr Begeisterung.<br \/>\nDas Angebot findet indoor und outdoor statt und richtet sich an<br \/>\nVorschulkinder bis zur Klasse 6.<br \/>\nTermine: nach Absprache in der Osterzeit<br \/>\nVoranmeldung: sp\u00e4testens 2 Wochen vorher<br \/>\nGruppengr\u00f6\u00dfe: 2 bis 25 Personen<br \/>\nEintritt pro Person: 1,50 \u20ac<br \/>\nUnkostenbeitrag pro Person (f\u00fcr Material o.\u00e4.): nach Absprache<\/p>\n<p><a title=\"Wendisch-Deutsches Heimatmuseum J\u00e4nschwalde \/ Serbsko-nimski domowniski muzej Jan\u0161ojce\" href=\"\/museen\/wendisch-deutsches-heimatmuseum-jaenschwalde\/\">Wendisch-Deutsches Heimatmuseum J\u00e4nschwalde<\/a><\/p>","protected":false},"excerpt":{"rendered":"<p>Der Projekttag widmet sich den Osterbr\u00e4uchen der sorbisch\/ wendischen Bev\u00f6lkerung in der Niederlausitz . Je nach Wunsch werden das Ostereiermalen oder das Ostereierwaleien selbst praktiziert. Beim Eierlauf k\u00f6nnen die Kinder ihre Geschicklichkeit unter Beweis stellen, und das traditionelle Osterfeuer sorgt ebenfalls f\u00fcr Begeisterung. Das Angebot findet indoor und outdoor statt und richtet sich an Vorschulkinder<\/p>","protected":false},"author":13,"featured_media":0,"parent":380,"menu_order":0,"comment_status":"closed","ping_status":"closed","template":"","meta":[],"_links":{"self":[{"href":"https:\/\/www.lausitzer-museenland.de\/dsb\/wp-json\/wp\/v2\/pages\/412"}],"collection":[{"href":"https:\/\/www.lausitzer-museenland.de\/dsb\/wp-json\/wp\/v2\/pages"}],"about":[{"href":"https:\/\/www.lausitzer-museenland.de\/dsb\/wp-json\/wp\/v2\/types\/page"}],"author":[{"embeddable":true,"href":"https:\/\/www.lausitzer-museenland.de\/dsb\/wp-json\/wp\/v2\/users\/13"}],"replies":[{"embeddable":true,"href":"https:\/\/www.lausitzer-museenland.de\/dsb\/wp-json\/wp\/v2\/comments?post=412"}],"version-history":[{"count":5,"href":"https:\/\/www.lausitzer-museenland.de\/dsb\/wp-json\/wp\/v2\/pages\/412\/revisions"}],"predecessor-version":[{"id":3646,"href":"https:\/\/www.lausitzer-museenland.de\/dsb\/wp-json\/wp\/v2\/pages\/412\/revisions\/3646"}],"up":[{"embeddable":true,"href":"https:\/\/www.lausitzer-museenland.de\/dsb\/wp-json\/wp\/v2\/pages\/380"}],"wp:attachment":[{"href":"https:\/\/www.lausitzer-museenland.de\/dsb\/wp-json\/wp\/v2\/media?parent=412"}],"curies":[{"name":"wp","href":"https:\/\/api.w.org\/{rel}","templated":true}]}}